{"id":10,"date":"2024-11-26T13:50:19","date_gmt":"2024-11-26T11:50:19","guid":{"rendered":"http:\/\/localhost\/verneri\/selko-dev\/?page_id=10"},"modified":"2026-02-23T14:56:45","modified_gmt":"2026-02-23T12:56:45","slug":"tietoa-sivustosta","status":"publish","type":"page","link":"https:\/\/verneri.net\/selko\/tietoa-sivustosta\/","title":{"rendered":"Tietoa sivustosta"},"content":{"rendered":"<p>Selkokielinen Verneri.net on nuorille ja aikuisille, jotka tarvitsevat tukea ymm\u00e4rt\u00e4misess\u00e4.<\/p>\n<p>Vernerist\u00e4 saat tietoa ja neuvontaa sek\u00e4 seuraa ja vertaistukea.<\/p>\n<p>Verneriss\u00e4 voit<\/p>\n<ul>\n<li>lukea juttuja ja vinkkej\u00e4<\/li>\n<li>tehd\u00e4 testej\u00e4<\/li>\n<li>kysy\u00e4 neuvoa Verkko-Kertulta ja seksuaalineuvojalta<\/li>\n<li>l\u00f6yt\u00e4\u00e4 seuraa kirjepalstalta<\/li>\n<li>pit\u00e4\u00e4 blogia<\/li>\n<li>julkaista runoja<\/li>\n<li>osallistua kuvakilpailuihin.<\/li>\n<\/ul>\n<p>Vernerin Instaliveiss\u00e4 voit tavata ihmisi\u00e4 ja jakaa kokemuksia. J\u00e4rjest\u00e4mme livej\u00e4 kerran kuussa Vernerin Instagramissa. L\u00f6yd\u00e4t Vernerin Instasta nimell\u00e4 verneri_net.<\/p>\n<p>Selkosivuja tekee kanssasi Kehitysvammaliiton ty\u00f6ntekij\u00e4 Jenni Sipil\u00e4.<\/p>\n<p>Voit ottaa Jenniin yhteytt\u00e4 s\u00e4hk\u00f6postilla: verneri(at)kvl.fi<\/p>\n<p><span class=\"custom-pallo-yellow pallo-wp-fix\"><img loading=\"lazy\" decoding=\"async\" class=\"alignnone wp-image-14608 size-medium\" src=\"https:\/\/verneri.net\/selko\/wp-content\/uploads\/sites\/2\/2025\/03\/jenni-sipila-01-1-300x300.jpg\" alt=\"\" width=\"300\" height=\"300\" \/><\/span><\/p>\n<h2><span class=\"custom-border-yellow border-bottom border-4 d-inline-block\">Johtoryhm\u00e4n j\u00e4senet<\/span><\/h2>\n<p>Vernerin toimintaa kehitt\u00e4\u00e4 johtoryhm\u00e4.<\/p>\n<ul>\n<li>Karoliina Olkkonen, henkil\u00f6j\u00e4sen<\/li>\n<li>Esa Peltonen, henkil\u00f6j\u00e4sen<\/li>\n<li>Nita Halonen, henkil\u00f6j\u00e4sen<\/li>\n<li>Heidi Koivukangas, henkil\u00f6j\u00e4sen<\/li>\n<li>Senni \u00d6stman, Tukiliitto<\/li>\n<li>Annika Varis, Rinnekodit<\/li>\n<li>Aino Jussi, Helsingin kaupunki<\/li>\n<li>Riikka Vajamaa, Kymen hyvinvointialue<\/li>\n<li>Laura Tanskanen, Pohjois-Karjalan hyvinvointialue<\/li>\n<li>Liisa Lindberg, Pirkanmaan hyvinvointialue<\/li>\n<li>Saara Pasanen, Etel\u00e4-Savon hyvinvointialue<\/li>\n<li>Kati K\u00e4hk\u00f6nen, Pohjois-Pohjanmaan hyvinvointialue<\/li>\n<li>Riikka T\u00f6rnroos, Satakunnan hyvinvointialue<\/li>\n<li>P\u00e4ivi Honkonen, Kehitysvammaliitto<\/li>\n<li>Niina Sillanp\u00e4\u00e4, Kehitysvammaliitto<\/li>\n<li>Jenni Sipil\u00e4, Kehitysvammaliitto<\/li>\n<\/ul>\n<h2 class=\"\"><span class=\"custom-border-yellow border-bottom border-4 d-inline-block\">Verneri.netin j\u00e4senet<\/span><\/h2>\n<p>Verneri\u00e4 yll\u00e4pit\u00e4\u00e4 Kehitysvammaliitto yhdess\u00e4 Vernerin j\u00e4senien kanssa.<\/p>\n<ul>\n<li>Tukiliitto<\/li>\n<li>Rinnekodit<\/li>\n<li>Honkalampi-s\u00e4\u00e4ti\u00f6<\/li>\n<li>Helsingin kaupunki<\/li>\n<li>Kymen hyvinvointialue<\/li>\n<li>Pohjois-Karjalan hyvinvointialue<\/li>\n<li>Pirkanmaan hyvinvointialue<\/li>\n<li>Etel\u00e4-Savon hyvinvointialue<\/li>\n<li>Pohjois-Pohjanmaan hyvinvointialue<\/li>\n<li>Satakunnan hyvinvointialue<\/li>\n<li>Varsinais-Suomen hyvinvointialue<\/li>\n<\/ul>\n","protected":false},"excerpt":{"rendered":"<p>Selkokielinen Verneri.net on nuorille ja aikuisille, jotka tarvitsevat tukea ymm\u00e4rt\u00e4misess\u00e4. Vernerist\u00e4 saat tietoa ja neuvontaa sek\u00e4 seuraa ja vertaistukea. Verneriss\u00e4 [&hellip;]<\/p>\n","protected":false},"author":1,"featured_media":17067,"parent":0,"menu_order":180,"comment_status":"closed","ping_status":"closed","template":"","meta":{"_acf_changed":false,"footnotes":""},"class_list":["post-10","page","type-page","status-publish","has-post-thumbnail","hentry"],"acf":[],"_links":{"self":[{"href":"https:\/\/verneri.net\/selko\/wp-json\/wp\/v2\/pages\/10","targetHints":{"allow":["GET"]}}],"collection":[{"href":"https:\/\/verneri.net\/selko\/wp-json\/wp\/v2\/pages"}],"about":[{"href":"https:\/\/verneri.net\/selko\/wp-json\/wp\/v2\/types\/page"}],"author":[{"embeddable":true,"href":"https:\/\/verneri.net\/selko\/wp-json\/wp\/v2\/users\/1"}],"replies":[{"embeddable":true,"href":"https:\/\/verneri.net\/selko\/wp-json\/wp\/v2\/comments?post=10"}],"version-history":[{"count":0,"href":"https:\/\/verneri.net\/selko\/wp-json\/wp\/v2\/pages\/10\/revisions"}],"wp:featuredmedia":[{"embeddable":true,"href":"https:\/\/verneri.net\/selko\/wp-json\/wp\/v2\/media\/17067"}],"wp:attachment":[{"href":"https:\/\/verneri.net\/selko\/wp-json\/wp\/v2\/media?parent=10"}],"curies":[{"name":"wp","href":"https:\/\/api.w.org\/{rel}","templated":true}]}}