{"id":11054,"date":"2024-12-26T19:45:50","date_gmt":"2024-12-26T17:45:50","guid":{"rendered":"http:\/\/localhost\/verneri\/selko-dev\/neuvonta\/seksuaalineuvoja\/kysy-seksuallineuvojalta\/"},"modified":"2025-09-17T17:56:41","modified_gmt":"2025-09-17T14:56:41","slug":"kysy-seksuaalineuvojalta","status":"publish","type":"page","link":"https:\/\/verneri.net\/selko\/seksuaalineuvoja\/kysy-seksuaalineuvojalta\/","title":{"rendered":"Kysy seksuaalineuvojalta"},"content":{"rendered":"<p>Kysy seksuaalineuvojalta seksuaalisuuteen liittyvist\u00e4 asioista. Kysymykset voivat liitty\u00e4 esimerkiksi seurusteluun, seksiin ja tunteisiin.<\/p>\n<p>Seksuaalineuvoja vastaa kysymyksiin noin viikon sis\u00e4ll\u00e4. Aivan kaikkiin kysymyksiin seksuaalineuvoja ei valitettavasti pysty vastaamaan.<\/p>\n<p><strong>N\u00e4in kysyt seksuaalineuvojalta:<\/strong><\/p>\n<ol>\n<li>Kirjoita kysymykselle otsikko<\/li>\n<li>Kirjoita kysymys<\/li>\n<li>Paina L\u00e4het\u00e4 kysymys -painiketta<\/li>\n<\/ol>\n","protected":false},"excerpt":{"rendered":"<p>Kysy seksuaalineuvojalta seksuaalisuuteen liittyvist\u00e4 asioista. Kysymykset voivat liitty\u00e4 esimerkiksi seurusteluun, seksiin ja tunteisiin. Seksuaalineuvoja vastaa kysymyksiin noin viikon sis\u00e4ll\u00e4. Aivan [&hellip;]<\/p>\n","protected":false},"author":1,"featured_media":16968,"parent":12,"menu_order":122,"comment_status":"closed","ping_status":"closed","template":"page-sivu-neuvonta-lomake.php","meta":{"_acf_changed":false,"footnotes":""},"class_list":["post-11054","page","type-page","status-publish","has-post-thumbnail","hentry"],"acf":[],"_links":{"self":[{"href":"https:\/\/verneri.net\/selko\/wp-json\/wp\/v2\/pages\/11054","targetHints":{"allow":["GET"]}}],"collection":[{"href":"https:\/\/verneri.net\/selko\/wp-json\/wp\/v2\/pages"}],"about":[{"href":"https:\/\/verneri.net\/selko\/wp-json\/wp\/v2\/types\/page"}],"author":[{"embeddable":true,"href":"https:\/\/verneri.net\/selko\/wp-json\/wp\/v2\/users\/1"}],"replies":[{"embeddable":true,"href":"https:\/\/verneri.net\/selko\/wp-json\/wp\/v2\/comments?post=11054"}],"version-history":[{"count":0,"href":"https:\/\/verneri.net\/selko\/wp-json\/wp\/v2\/pages\/11054\/revisions"}],"up":[{"embeddable":true,"href":"https:\/\/verneri.net\/selko\/wp-json\/wp\/v2\/pages\/12"}],"wp:featuredmedia":[{"embeddable":true,"href":"https:\/\/verneri.net\/selko\/wp-json\/wp\/v2\/media\/16968"}],"wp:attachment":[{"href":"https:\/\/verneri.net\/selko\/wp-json\/wp\/v2\/media?parent=11054"}],"curies":[{"name":"wp","href":"https:\/\/api.w.org\/{rel}","templated":true}]}}