{"id":123,"date":"2019-11-06T12:42:37","date_gmt":"2019-11-06T10:42:37","guid":{"rendered":"http:\/\/localhost\/verneri\/selko-dev\/hyvinvointi\/seksuaalisuus\/seksuaalisuuden-historia\/"},"modified":"2025-11-24T09:08:46","modified_gmt":"2025-11-24T07:08:46","slug":"seksi-tuottaa-nautintoa","status":"publish","type":"page","link":"https:\/\/verneri.net\/selko\/hyvinvointi\/seksuaalisuus\/seksi-tuottaa-nautintoa\/","title":{"rendered":"Seksi tuottaa nautintoa"},"content":{"rendered":"<p>Seksi on toimintaa, joka tuottaa seksuaalista nautintoa.<\/p>\n<p>Seksi voi olla sooloseksi\u00e4 eli itsens\u00e4 tyydytt\u00e4mist\u00e4. Kumppanin kanssa seksi voi olla hyv\u00e4ily\u00e4, suuseksi\u00e4 tai yhdynt\u00e4\u00e4.<\/p>\n<p>My\u00f6s katseet, puheet ja fantasiat voivat olla seksi\u00e4.<\/p>\n<h2>Jokainen p\u00e4\u00e4tt\u00e4\u00e4 seksist\u00e4 itse<\/h2>\n<p>Jokainen p\u00e4\u00e4tt\u00e4\u00e4 seksiin liittyvist\u00e4 asioista itse.<\/p>\n<p>Jokainen p\u00e4\u00e4tt\u00e4\u00e4 itse<\/p>\n<ul>\n<li>harrastaako seksi\u00e4<\/li>\n<li>milloin aloittaa seksin<\/li>\n<li>kenen kanssa harrastaa seksi\u00e4<\/li>\n<li>millaista seksi\u00e4 harrastaa.<\/li>\n<\/ul>\n<p>Kaikki ihmiset eiv\u00e4t halua seksi\u00e4.<\/p>\n<p>Seksiin pit\u00e4\u00e4 aina olla kumppanin suostumus eli lupa. Ket\u00e4\u00e4n ei saa painostaa tai pakottaa seksiin. Jokaisella on oikeus sanoa ei, jos ei halua seksi\u00e4 tai kosketusta.<\/p>\n<p>Seksin saa my\u00f6s lopettaa kesken.<\/p>\n<h2>Itsetyydytys on oman kehon hyv\u00e4ily\u00e4<\/h2>\n<p>Itsetyydytys on sama asia kuin sooloseksi ja masturbointi.<\/p>\n<p>Itse\u00e4\u00e4n tyydytt\u00e4m\u00e4ll\u00e4 voi tutustua omaan kehoon ja seksuaalisuuteen sek\u00e4 nauttia niist\u00e4.<\/p>\n<p>Itsetyydytys on oman kehon koskettelua eli hyv\u00e4ily\u00e4. Itse\u00e4\u00e4n voi kosketella esimerkiksi rinnoista, reisien sis\u00e4pinnoilta ja sukuelimist\u00e4.<\/p>\n<p>Itse\u00e4\u00e4n voi kosketella esimerkiksi k\u00e4sill\u00e4 tai seksiv\u00e4lineiden avulla.<\/p>\n<p>Itse\u00e4\u00e4n voi tyydytt\u00e4\u00e4 vaikka joka p\u00e4iv\u00e4, kunhan se ei aiheuta kipua tai h\u00e4iritse p\u00e4ivitt\u00e4isi\u00e4 toimia.<\/p>\n<p>K\u00e4det ja sukuelimet kannattaa pest\u00e4 ennen ja j\u00e4lkeen itsetyydytyksen. My\u00f6s seksiv\u00e4lineet pit\u00e4\u00e4 pest\u00e4 k\u00e4yt\u00f6n j\u00e4lkeen.<\/p>\n<h2>Itse\u00e4\u00e4n voi tyydytt\u00e4\u00e4 omassa rauhassa<\/h2>\n<p>Itsetyydytys on yksityinen asia. Sit\u00e4 ei saa tehd\u00e4 julkisella paikalla.<\/p>\n<p>Itse\u00e4\u00e4n voi tyydytt\u00e4\u00e4 esimerkiksi omassa huoneessa, vessassa tai suihkussa.<\/p>\n<p>Itse\u00e4\u00e4n voi tyydytt\u00e4\u00e4 my\u00f6s kumppanin seurassa, jos molemmat haluavat sit\u00e4.<\/p>\n<p>Itsetyydytyksest\u00e4 ei tarvitse kertoa kenellek\u00e4\u00e4n, eik\u00e4 kukaan saa kielt\u00e4\u00e4 sit\u00e4. Jokaisella on oikeus tyydytt\u00e4\u00e4 itse\u00e4\u00e4n.<\/p>\n<h2>Seksist\u00e4 kannattaa jutella<\/h2>\n<p>Ennen kuin aloittaa seksin kumppanin kanssa, siit\u00e4 kannattaa jutella.<\/p>\n<p>Seksiin pit\u00e4\u00e4 olla kumppanin suostumus. Ket\u00e4\u00e4n ei saa painostaa tai pakottaa seksiin.<\/p>\n<p>Kumppanin kanssa kannattaa jutella my\u00f6s siit\u00e4, millaisesta seksist\u00e4 itse tykk\u00e4\u00e4 ja mist\u00e4 kumppani tykk\u00e4\u00e4.<\/p>\n<p>Kumppanin kanssa voi rauhassa kokeilla erilaisia asioita. Kokeilemalla huomaa, millainen kosketus tuntuu hyv\u00e4lt\u00e4.<\/p>\n<h2>Seksi voi olla monenlaisia asioita<\/h2>\n<p>Seksi kumppanin kanssa voi olla esimerkiksi vartalon ja sukuelimien hyv\u00e4ily\u00e4 tai yhdynt\u00e4\u00e4. Vartaloa ja sukuelimi\u00e4 voi hyv\u00e4ill\u00e4 k\u00e4sill\u00e4, suulla tai seksiv\u00e4lineell\u00e4.<\/p>\n<p>Suuseksi eli suihinotto tarkoittaa vulvan tai per\u00e4aukon hyv\u00e4ily\u00e4 suulla. Vulva kannattaa suojata suuseksisuojalla. Penis kannattaa suojata kondomilla. Seksitaudit voivat tarttua my\u00f6s suuseksiss\u00e4.<\/p>\n<p>Sukuelimet ja k\u00e4det kannattaa pest\u00e4 ennen ja j\u00e4lkeen hyv\u00e4ilyn. My\u00f6s seksiv\u00e4lineet pit\u00e4\u00e4 pest\u00e4 k\u00e4yt\u00f6n j\u00e4lkeen.<\/p>\n<h2>Seksi on usein kiihottavaa<\/h2>\n<p>Hyv\u00e4illess\u00e4 ihminen yleens\u00e4 kiihottuu.<\/p>\n<p>Kun mies kiihottuu, penis voi j\u00e4ykisty\u00e4 eli mies voi saada erektion.<\/p>\n<p>Kun nainen kiihottuu, em\u00e4tin kostuu, laajenee ja klitoris nousee koholle.<\/p>\n<p>Kiihottuminen valmistaa ihmist\u00e4 yhdynt\u00e4\u00e4n. Yhdynn\u00e4ss\u00e4 ei kuitenkaan tarvitse olla, jos ei halua. Seksi on hyv\u00e4\u00e4 my\u00f6s ilman yhdynt\u00e4\u00e4.<\/p>\n<h2>Yhdynn\u00e4ss\u00e4 voi olla eri asennoissa<\/h2>\n<p>Yhdynn\u00e4ss\u00e4 toiseen ihmiseen yhdyt\u00e4\u00e4n peniksell\u00e4 tai seksiv\u00e4lineell\u00e4. Peniksen tai seksiv\u00e4lineen voi ty\u00f6nt\u00e4\u00e4 em\u00e4ttimeen tai per\u00e4aukkoon.<\/p>\n<p>Yhdynt\u00e4\u00e4 kutsutaan my\u00f6s nimill\u00e4 rakastelu, naiminen ja paneminen.<\/p>\n<p>Yhdynn\u00e4ss\u00e4 voi olla eri asennoissa ja asentoja voi vaihtaa yhdynn\u00e4n aikana. Paras asento l\u00f6ytyy kokeilemalla ja harjoittelemalla.<\/p>\n<p>Nainen voi tulla raskaaksi penis-em\u00e4tinyhdynn\u00e4ss\u00e4. My\u00f6s seksitaudit voivat tarttua yhdynn\u00e4ss\u00e4.<\/p>\n<p>Kondomi suojaa raskaudelta ja seksitaudeilta.<\/p>\n<h2>Anaaliseksi on sama asia kuin peppuseksi<\/h2>\n<p>Anaaliseksiss\u00e4 eli peppuseksiss\u00e4 per\u00e4aukkoon ty\u00f6nnet\u00e4\u00e4n sormi, penis tai seksiv\u00e4line. Anaaliseksi\u00e4 on my\u00f6s per\u00e4aukon hyv\u00e4ily ja nuoleminen.<\/p>\n<p>Per\u00e4aukkoon saa laittaa vain seksiv\u00e4lineen, joka on tarkoitettu per\u00e4aukkoon. Per\u00e4aukkoon tarkoitetussa seksiv\u00e4lineess\u00e4 on leve\u00e4 kantaosa, joka est\u00e4\u00e4 seksiv\u00e4linett\u00e4 menem\u00e4st\u00e4 per\u00e4suoleen kokonaan.<\/p>\n<p>Ennen anaaliseksi\u00e4 kannattaa ulostaa.<\/p>\n<p>Anaaliseksiss\u00e4 t\u00e4ytyy k\u00e4ytt\u00e4\u00e4 liukuvoidetta. Se suojaa per\u00e4aukon limakalvoa.<\/p>\n<p>Peniksen p\u00e4\u00e4lle kannattaa laittaa kondomi. Suuseksiss\u00e4 pit\u00e4\u00e4 k\u00e4ytt\u00e4\u00e4 suuseksisuojaa.<\/p>\n<p>Anaaliseksiss\u00e4 kannattaa edet\u00e4 rauhallisesti. Per\u00e4aukkoon ei saa ty\u00f6nt\u00e4\u00e4 mit\u00e4\u00e4n v\u00e4kisin. Jos anaaliseksi sattuu, se pit\u00e4\u00e4 lopettaa.<\/p>\n<p>Peseytyminen on t\u00e4rke\u00e4\u00e4 anaaliseksin j\u00e4lkeen.<\/p>\n<h2>Seksiss\u00e4 voi k\u00e4ytt\u00e4\u00e4 seksiv\u00e4lineit\u00e4<\/h2>\n<p>Seksiv\u00e4line tarkoittaa v\u00e4linett\u00e4, jota k\u00e4ytet\u00e4\u00e4n seksin aikana.<\/p>\n<p>Seksiv\u00e4lineit\u00e4 ovat esimerkiksi<\/p>\n<ul>\n<li>dildo<\/li>\n<li>vibraattori<\/li>\n<li>anustappi<\/li>\n<li>penisrengas<\/li>\n<li>tekoem\u00e4tin.<\/li>\n<\/ul>\n<p>Seksiv\u00e4linett\u00e4 voi k\u00e4ytt\u00e4\u00e4 yksin tai yhdess\u00e4 kumppanin kanssa.<\/p>\n<p>Seksiv\u00e4line voi auttaa nauttimaan seksist\u00e4. Se voi tehd\u00e4 seksist\u00e4 my\u00f6s monipuolisempaa. Seksiv\u00e4lineest\u00e4 voi olla my\u00f6s apua, jos seksin aikana on vaikea saada hyv\u00e4\u00e4 asentoa.<\/p>\n<p>Seksiv\u00e4lineit\u00e4 voi ostaa esimerkiksi apteekeista, verkkokaupoista ja seksiv\u00e4linekaupoista. Seksiv\u00e4lineille ei ole ik\u00e4rajaa.<\/p>\n<p>Eri seksiv\u00e4lineet on tarkoitettu eri kehonosiin. Seksuaaliterapeutti tai seksiv\u00e4linekaupan ty\u00f6ntekij\u00e4 voi auttaa l\u00f6yt\u00e4m\u00e4\u00e4n sopivan v\u00e4lineen.<\/p>\n<p>Seksuaaliterapeutilta voi kysy\u00e4 ohjeita my\u00f6s seksiv\u00e4lineen k\u00e4ytt\u00f6\u00f6n.<\/p>\n<h2>Orgasmi tuntuu hyv\u00e4lt\u00e4<\/h2>\n<p>Seksuaalisen kiihottumisen tai seksin aikana voi saada orgasmin. Jokainen ihminen kokee orgasmin omalla tavallaan. Usein orgasmi tuntuu hyv\u00e4lt\u00e4.<\/p>\n<p>Orgasmin aikana syd\u00e4men syke ja hengitys kiihtyv\u00e4t. Lihakset j\u00e4nnittyv\u00e4t ja rentoutuvat vuorotellen. Kehossa voi tuntua kihelm\u00f6inti\u00e4, t\u00e4rin\u00e4\u00e4 ja puutumista.<\/p>\n<p>Orgasmin aikana voi tulla siemensy\u00f6ksy.<\/p>\n<p>Seksi voi olla hyv\u00e4\u00e4 my\u00f6s ilman orgasmia.<\/p>\n<h2>Seksiin voi saada apua<\/h2>\n<p>Avusteinen seksi tarkoittaa seksi\u00e4, jossa avustaja auttaa seksiss\u00e4. Avustaja ei ole itse mukana seksiss\u00e4.<\/p>\n<p>Avustaja voi esimerkiksi<\/p>\n<ul>\n<li>auttaa riisumaan vaatteet<\/li>\n<li>auttaa oikeaan asentoon<\/li>\n<li>auttaa liikkumaan<\/li>\n<li>ojentaa seksiv\u00e4lineen<\/li>\n<li>laittaa liukuvoidetta.<\/li>\n<\/ul>\n<p>Vaikka avustaja ei ole mukana seksiss\u00e4, avustajalta pit\u00e4\u00e4 kysy\u00e4 suostumus eli lupa.<\/p>\n<p>Avustajan kanssa pit\u00e4\u00e4 sopia my\u00f6s siit\u00e4, miten h\u00e4n avustaa.<\/p>\n<p><strong><em>Onko sinulla kysytt\u00e4v\u00e4\u00e4 seksist\u00e4?<\/em><\/strong><\/p>\n<p><a href=\"https:\/\/verneri.net\/selko\/seksuaalineuvoja\/kysy-seksuaalineuvojalta\/\">Kysy seksuaalineuvojalta<\/a><\/p>\n<p>Seksuaalineuvoja vastaa kysymyksiisi selkokielell\u00e4.<\/p>\n<p><strong>Toimitus:<\/strong> Jenni Sipil\u00e4, 2023<br \/>\n<strong>Kuvat:<\/strong> Istock<\/p>\n<p>Teksti perustuu selkokielisiin Mit\u00e4 seksi on? ja Nauti seksist\u00e4 -oppaisiin. Oppaat on tehnyt SelkoSeks.<\/p>\n<ul>\n<li><a href=\"https:\/\/verneri.net\/selko\/wp-content\/uploads\/sites\/2\/2025\/11\/Mita-seksi-on-2025.pdf\" target=\"_blank\" rel=\"noopener\">Lataa Mit\u00e4 seksi on? -opas<\/a> (pdf-tiedosto)<\/li>\n<li><a href=\"https:\/\/verneri.net\/selko\/wp-content\/uploads\/sites\/2\/2025\/09\/Nauti-Seksista-selko-opas-2025.pdf\" target=\"_blank\" rel=\"noopener\">Lataa Nauti seksist\u00e4 -opas<\/a> (pdf-tiedosto)<\/li>\n<li><a href=\"https:\/\/verneri.net\/selko\/wp-content\/uploads\/sites\/2\/2025\/11\/Anaaliseksi-HivPoint-SelkoSeks.pdf\" target=\"_blank\" rel=\"noopener\">Lataa Anaaliseksi-opas<\/a> (pdf-tiedosto)<\/li>\n<\/ul>\n","protected":false},"excerpt":{"rendered":"<p>Seksi on toimintaa, joka tuottaa seksuaalista nautintoa. Seksi voi olla sooloseksi\u00e4 eli itsens\u00e4 tyydytt\u00e4mist\u00e4. Kumppanin kanssa seksi voi olla hyv\u00e4ily\u00e4, [&hellip;]<\/p>\n","protected":false},"author":1,"featured_media":14923,"parent":18,"menu_order":62,"comment_status":"closed","ping_status":"closed","template":"","meta":{"_acf_changed":false,"footnotes":""},"class_list":["post-123","page","type-page","status-publish","has-post-thumbnail","hentry"],"acf":[],"_links":{"self":[{"href":"https:\/\/verneri.net\/selko\/wp-json\/wp\/v2\/pages\/123","targetHints":{"allow":["GET"]}}],"collection":[{"href":"https:\/\/verneri.net\/selko\/wp-json\/wp\/v2\/pages"}],"about":[{"href":"https:\/\/verneri.net\/selko\/wp-json\/wp\/v2\/types\/page"}],"author":[{"embeddable":true,"href":"https:\/\/verneri.net\/selko\/wp-json\/wp\/v2\/users\/1"}],"replies":[{"embeddable":true,"href":"https:\/\/verneri.net\/selko\/wp-json\/wp\/v2\/comments?post=123"}],"version-history":[{"count":0,"href":"https:\/\/verneri.net\/selko\/wp-json\/wp\/v2\/pages\/123\/revisions"}],"up":[{"embeddable":true,"href":"https:\/\/verneri.net\/selko\/wp-json\/wp\/v2\/pages\/18"}],"wp:featuredmedia":[{"embeddable":true,"href":"https:\/\/verneri.net\/selko\/wp-json\/wp\/v2\/media\/14923"}],"wp:attachment":[{"href":"https:\/\/verneri.net\/selko\/wp-json\/wp\/v2\/media?parent=123"}],"curies":[{"name":"wp","href":"https:\/\/api.w.org\/{rel}","templated":true}]}}