{"id":131,"date":"2024-12-02T11:00:25","date_gmt":"2024-12-02T09:00:25","guid":{"rendered":"http:\/\/localhost\/verneri\/selko-dev\/hyvinvointi\/palvelut\/muuttovalmennus\/"},"modified":"2025-11-21T18:58:46","modified_gmt":"2025-11-21T16:58:46","slug":"tuettu-paatoksenteko","status":"publish","type":"page","link":"https:\/\/verneri.net\/selko\/hyvinvointi\/apua-ja-tukea-arkeen\/tuettu-paatoksenteko\/","title":{"rendered":"Tuettu p\u00e4\u00e4t\u00f6ksenteko"},"content":{"rendered":"<p>Itsem\u00e4\u00e4r\u00e4\u00e4misoikeus on ihmisoikeus, joka kuuluu kaikille. Jokaisella on oikeus p\u00e4\u00e4tt\u00e4\u00e4 omista asioistaan.<\/p>\n<p>Omista asioista p\u00e4\u00e4tt\u00e4minen voi olla joskus vaikeaa. Onneksi p\u00e4\u00e4t\u00f6ksi\u00e4 ja valintoja ei tarvitse tehd\u00e4 yksin. P\u00e4\u00e4tt\u00e4miseen voi saada tukea.<\/p>\n<h2>P\u00e4ivitt\u00e4isist\u00e4 asioista p\u00e4\u00e4tt\u00e4minen<\/h2>\n<p>Teemme joka p\u00e4iv\u00e4 valintoja ja p\u00e4\u00e4t\u00f6ksi\u00e4 esimerkiksi siit\u00e4, kenen kanssa viet\u00e4mme aikaa tai mit\u00e4 teemme.<\/p>\n<p>T\u00e4llaisiin arkisiin p\u00e4\u00e4t\u00f6ksiin voit saada tukea esimerkiksi l\u00e4heisilt\u00e4 ihmisilt\u00e4, ohjaajilta ja opettajilta.<\/p>\n<p>He voivat auttaa sinua esimerkiksi<\/p>\n<ul>\n<li>hankkimaan tietoa<\/li>\n<li>arvioimaan vaihtoehtoja<\/li>\n<li>pohtimaan seurauksia<\/li>\n<li>tunnistamaan tunteita<\/li>\n<li>kertomaan oman mielipiteesi<\/li>\n<li>tekem\u00e4\u00e4n valintoja.<\/li>\n<\/ul>\n<h2>Merkitt\u00e4vist\u00e4 asioista p\u00e4\u00e4tt\u00e4minen<\/h2>\n<p>Kun teet valintoja ja p\u00e4\u00e4t\u00f6ksi\u00e4 suurista ja merkitt\u00e4vist\u00e4 asioista, hyvinvointialue voi j\u00e4rjest\u00e4\u00e4 sinulle my\u00f6s erillist\u00e4 palvelua, jonka nimi on tuettu p\u00e4\u00e4t\u00f6ksenteko.<\/p>\n<p>Merkitt\u00e4v\u00e4 p\u00e4\u00e4t\u00f6s voi olla esimerkiksi<\/p>\n<ul>\n<li>opiskelupaikan valinta<\/li>\n<li>ty\u00f6paikan valinta<\/li>\n<li>muuttaminen.<\/li>\n<\/ul>\n<p>Jos saat tuetun p\u00e4\u00e4t\u00f6ksenteon palvelua, sinulla on oikeus osallistua tukihenkil\u00f6si valintaan.<\/p>\n<p>Tukihenkil\u00f6 voi tukea sinua esimerkiksi<\/p>\n<ul>\n<li>tiedon hankkimisessa<\/li>\n<li>asioiden ymm\u00e4rt\u00e4misess\u00e4<\/li>\n<li>vaihtoehtojen arvioimisessa<\/li>\n<li>tunteiden k\u00e4sittelemisess\u00e4<\/li>\n<li>oman mielipiteen kertomisessa<\/li>\n<li>valintojen ja p\u00e4\u00e4t\u00f6ksien tekemisess\u00e4.<\/li>\n<\/ul>\n<p>Kun saat tarvitsemaasi tukea, voit tehd\u00e4 p\u00e4\u00e4t\u00f6ksi\u00e4 itse.<\/p>\n<p>Voit kysy\u00e4 tuetusta p\u00e4\u00e4t\u00f6ksenteosta lis\u00e4\u00e4 esimerkiksi omalta sosiaality\u00f6ntekij\u00e4lt\u00e4.<\/p>\n<p><strong>Teksti:<\/strong> Jenni Sipil\u00e4, 2025<br \/>\n<strong>Kuva:\u00a0<\/strong>Kimmo R\u00e4is\u00e4nen<\/p>\n<p><a href=\"https:\/\/verneri.net\/selko\/hyvinvointi\/vammaisten-oikeudet\/\">Lue lis\u00e4\u00e4 vammaisten ihmisten oikeuksista<\/a><\/p>\n","protected":false},"excerpt":{"rendered":"<p>Itsem\u00e4\u00e4r\u00e4\u00e4misoikeus on ihmisoikeus, joka kuuluu kaikille. Jokaisella on oikeus p\u00e4\u00e4tt\u00e4\u00e4 omista asioistaan. Omista asioista p\u00e4\u00e4tt\u00e4minen voi olla joskus vaikeaa. Onneksi [&hellip;]<\/p>\n","protected":false},"author":1,"featured_media":16949,"parent":20,"menu_order":437,"comment_status":"closed","ping_status":"closed","template":"","meta":{"_acf_changed":false,"footnotes":""},"class_list":["post-131","page","type-page","status-publish","has-post-thumbnail","hentry"],"acf":[],"_links":{"self":[{"href":"https:\/\/verneri.net\/selko\/wp-json\/wp\/v2\/pages\/131","targetHints":{"allow":["GET"]}}],"collection":[{"href":"https:\/\/verneri.net\/selko\/wp-json\/wp\/v2\/pages"}],"about":[{"href":"https:\/\/verneri.net\/selko\/wp-json\/wp\/v2\/types\/page"}],"author":[{"embeddable":true,"href":"https:\/\/verneri.net\/selko\/wp-json\/wp\/v2\/users\/1"}],"replies":[{"embeddable":true,"href":"https:\/\/verneri.net\/selko\/wp-json\/wp\/v2\/comments?post=131"}],"version-history":[{"count":0,"href":"https:\/\/verneri.net\/selko\/wp-json\/wp\/v2\/pages\/131\/revisions"}],"up":[{"embeddable":true,"href":"https:\/\/verneri.net\/selko\/wp-json\/wp\/v2\/pages\/20"}],"wp:featuredmedia":[{"embeddable":true,"href":"https:\/\/verneri.net\/selko\/wp-json\/wp\/v2\/media\/16949"}],"wp:attachment":[{"href":"https:\/\/verneri.net\/selko\/wp-json\/wp\/v2\/media?parent=131"}],"curies":[{"name":"wp","href":"https:\/\/api.w.org\/{rel}","templated":true}]}}