{"id":132,"date":"2024-12-02T11:00:25","date_gmt":"2024-12-02T09:00:25","guid":{"rendered":"http:\/\/localhost\/verneri\/selko-dev\/hyvinvointi\/palvelut\/edunvalvonta\/"},"modified":"2025-11-03T17:59:57","modified_gmt":"2025-11-03T15:59:57","slug":"edunvalvonta","status":"publish","type":"page","link":"https:\/\/verneri.net\/selko\/hyvinvointi\/apua-ja-tukea-arkeen\/edunvalvonta\/","title":{"rendered":"Edunvalvonta"},"content":{"rendered":"<p>Voit tarvita edunvalvojan, jos sinun on vaikea hoitaa raha-asioitasi itse.<\/p>\n<p>Edunvalvoja auttaa hoitamaan raha-asioita ja omaisuutta. Edunvalvojan teht\u00e4v\u00e4 on valvoa, ett\u00e4 rahasi riitt\u00e4v\u00e4t perustarpeisiin, kuten asuntoon, ruokaan ja l\u00e4\u00e4kkeisiin.<\/p>\n<p>N\u00e4ilt\u00e4 sivuilta saat tietoa edunvalvonnasta.<\/p>\n","protected":false},"excerpt":{"rendered":"<p>Voit tarvita edunvalvojan, jos sinun on vaikea hoitaa raha-asioitasi itse. Edunvalvoja auttaa hoitamaan raha-asioita ja omaisuutta. Edunvalvojan teht\u00e4v\u00e4 on valvoa, [&hellip;]<\/p>\n","protected":false},"author":1,"featured_media":14886,"parent":20,"menu_order":452,"comment_status":"closed","ping_status":"closed","template":"","meta":{"_acf_changed":false,"footnotes":""},"class_list":["post-132","page","type-page","status-publish","has-post-thumbnail","hentry"],"acf":[],"_links":{"self":[{"href":"https:\/\/verneri.net\/selko\/wp-json\/wp\/v2\/pages\/132","targetHints":{"allow":["GET"]}}],"collection":[{"href":"https:\/\/verneri.net\/selko\/wp-json\/wp\/v2\/pages"}],"about":[{"href":"https:\/\/verneri.net\/selko\/wp-json\/wp\/v2\/types\/page"}],"author":[{"embeddable":true,"href":"https:\/\/verneri.net\/selko\/wp-json\/wp\/v2\/users\/1"}],"replies":[{"embeddable":true,"href":"https:\/\/verneri.net\/selko\/wp-json\/wp\/v2\/comments?post=132"}],"version-history":[{"count":0,"href":"https:\/\/verneri.net\/selko\/wp-json\/wp\/v2\/pages\/132\/revisions"}],"up":[{"embeddable":true,"href":"https:\/\/verneri.net\/selko\/wp-json\/wp\/v2\/pages\/20"}],"wp:featuredmedia":[{"embeddable":true,"href":"https:\/\/verneri.net\/selko\/wp-json\/wp\/v2\/media\/14886"}],"wp:attachment":[{"href":"https:\/\/verneri.net\/selko\/wp-json\/wp\/v2\/media?parent=132"}],"curies":[{"name":"wp","href":"https:\/\/api.w.org\/{rel}","templated":true}]}}