{"id":134,"date":"2024-12-02T11:04:09","date_gmt":"2024-12-02T09:04:09","guid":{"rendered":"http:\/\/localhost\/verneri\/selko-dev\/hyvinvointi\/opiskelu\/ammattiopintoihin-saa-tukea\/"},"modified":"2025-10-30T12:10:49","modified_gmt":"2025-10-30T10:10:49","slug":"ammattiopintoihin-saa-tukea","status":"publish","type":"page","link":"https:\/\/verneri.net\/selko\/hyvinvointi\/opiskelu\/ammattiopintoihin-saa-tukea\/","title":{"rendered":"Ammattiopintoihin saa tukea"},"content":{"rendered":"<p>Ammatillisessa erityisopetuksessa voit opiskella itsellesi ammatin. Voit opiskella my\u00f6s arjen taitoja, joita tarvitset joka p\u00e4iv\u00e4.<\/p>\n<div>\n<h2>Tavoitteena ty\u00f6el\u00e4m\u00e4<\/h2>\n<p>Ammatillisen erityisopetuksen tavoitteena on<\/p>\n<ul>\n<li>itsen\u00e4istyminen<\/li>\n<li>ammattitutkinnon suorittaminen<\/li>\n<li>ty\u00f6llistyminen.<\/li>\n<\/ul>\n<p>Ammatillista erityisopetusta j\u00e4rjest\u00e4v\u00e4t<\/p>\n<ul>\n<li>ammatilliset oppilaitokset<\/li>\n<li>ammatilliset erityisoppilaitokset<\/li>\n<li>ammatilliset aikuiskoulutuskeskukset<\/li>\n<li>kansanopistot.<\/li>\n<\/ul>\n<p>Ammatillisessa erityisopetuksessa saat tukea opiskeluun ja ty\u00f6nsaantiin. Esimerkiksi tulkki tai avustaja voivat auttaa sinua opiskelussa.<\/p>\n<p><strong>Ty\u00f6 on jokaisen perusoikeus<\/strong> -video kertoo, miten voit ty\u00f6llisty\u00e4 ammattiopintojen ja ty\u00f6h\u00f6nvalmennuksen avulla.<\/p>\n<p><iframe loading=\"lazy\" title=\"Ty\u00f6 on jokaisen oikeus, selkokieliversio\" width=\"500\" height=\"281\" src=\"https:\/\/www.youtube.com\/embed\/iuM6yMDN1pk?wmode=transparent&amp;rel=0&amp;feature=oembed\" frameborder=\"0\" allow=\"accelerometer; autoplay; clipboard-write; encrypted-media; gyroscope; picture-in-picture; web-share\" referrerpolicy=\"strict-origin-when-cross-origin\" allowfullscreen><\/iframe><\/p>\n<h2>Opiskelu ammatillisessa oppilaitoksessa<\/h2>\n<p>Ammatillisessa oppilaitoksessa voit suorittaa ammatillisen perustutkinnon. Voit opiskella esimerkiksi muusikoksi, kiinteist\u00f6nhoitajaksi tai tarjoilijaksi.<\/p>\n<p>Voit opiskella yleisopetuksen tai erityisopetuksen ryhm\u00e4ss\u00e4. Saat molempiin ryhmiin tukea tarpeen mukaan. Esimerkiksi tulkki tai avustaja voivat auttaa sinua opiskelussa.<\/p>\n<p>Ammatillisen perustutkinnon suorittaminen kest\u00e4\u00e4 yleens\u00e4 kolme vuotta.<\/p>\n<p><a href=\"https:\/\/opintopolku.fi\/\" target=\"_blank\" rel=\"noopener noreferrer\">Lis\u00e4tietoa oppilaitoksista ja opiskelemaan hakemisesta l\u00f6yd\u00e4t Opintopolku-sivustolta<\/a>\u00a0(opintopolku.fi)<\/p>\n<\/div>\n<div>\n<h2>Opiskelu ammatillisessa erityisoppilaitoksessa<\/h2>\n<p>Ammatillisessa erityisoppilaitoksessa opiskelu on k\u00e4yt\u00e4nn\u00f6llist\u00e4 ja yksil\u00f6llist\u00e4. Opetuksen tavoitteet, aikataulut ja tuki suunnitellaan tarpeidesi mukaan.<\/p>\n<p>Ammatillisessa erityisoppilaitoksessa voit suorittaa<\/p>\n<ul>\n<li>koulutuskokeiluja<\/li>\n<li>valmentavaa opetusta<\/li>\n<li>ammatillisen perustutkinnon.<\/li>\n<\/ul>\n<p>Erityisoppilaitokset tarjoavat my\u00f6s<\/p>\n<ul>\n<li>jatkokoulutusta<\/li>\n<li>t\u00e4ydennyskoulutusta<\/li>\n<li>erikoistumiskoulutusta<\/li>\n<li>uudelleenkoulutusta.<\/li>\n<\/ul>\n<p>Lis\u00e4tietoja opiskelusta saat oppilaitoksista.<\/p>\n<p>Ammatillisia erityisoppilaitoksia ovat<\/p>\n<ul>\n<li><a href=\"https:\/\/www.livesaatio.fi\/\" target=\"_blank\" rel=\"noopener noreferrer\">Ammattiopisto Live<\/a> (www.livesaatio.fi)<\/li>\n<li><a href=\"https:\/\/luovi.fi\/\" target=\"_blank\" rel=\"noopener noreferrer\">Ammattiopisto Luovi<\/a> (www.luovi.fi)<\/li>\n<li><a href=\"https:\/\/www.kiipula.fi\/ammattiopisto\" target=\"_blank\" rel=\"noopener noreferrer\">Kiipulan ammattiopisto<\/a> (www.kiipula.fi)<\/li>\n<li><a href=\"https:\/\/aikk.fi\/\" target=\"_blank\" rel=\"noopener noreferrer\">Aitoon koulutuskeskus<\/a> (www.aikk.fi)<\/li>\n<li><a href=\"https:\/\/www.spesia.fi\/\" target=\"_blank\" rel=\"noopener noreferrer\">Ammattiopisto Spesia<\/a> (www.spesia.fi)<\/li>\n<li><a href=\"https:\/\/optimaedu.fi\/\" target=\"_blank\" rel=\"noopener noreferrer\">Optima<\/a> (optimaedu.fi)<\/li>\n<\/ul>\n<h2>Koulutuskokeilussa tutustut opiskeluun<\/h2>\n<p>Voit tutustua opiskeluun ammatillisessa erityisoppilaitoksessa koulutuskokeilussa.\u00a0Koulutuskokeilu auttaa sinua sopivan koulutusalan valinnassa.<\/p>\n<p>Koulutuskokeilussa selvitet\u00e4\u00e4n my\u00f6s, millaista tukea tarvitset opiskeluun.<\/p>\n<p>Koulutuskokeilut kest\u00e4v\u00e4t muutamasta p\u00e4iv\u00e4st\u00e4 kahteen viikkoon.<\/p>\n<h2>Valmentava koulutus valmistaa opintoihin<\/h2>\n<\/div>\n<p>Valmentavassa koulutuksessa harjoitellaan taitoja, joita tarvitset opiskelussa ja arkiel\u00e4m\u00e4ss\u00e4.<\/p>\n<div>\n<p>Valmentavia koulutuksia on kaksi:<\/p>\n<ul>\n<li>TUVA on tutkintoon valmentava koulutus<\/li>\n<li>TELMA on ty\u00f6h\u00f6n ja itsen\u00e4iseen el\u00e4m\u00e4\u00e4n valmentava koulutus.<\/li>\n<\/ul>\n<h3>TUVA valmentaa ammattiopintoihin<\/h3>\n<p class=\"x_MsoNormal\">TUVA-koulutuksessa voit tunnistaa vahvuuksiasi, kiinnostuksen kohteitasi ja oppia opiskelutaitoja. TUVA-koulutuksessa voit l\u00f6yt\u00e4\u00e4 sinua kiinnostavan ammatin ja hakea opiskelupaikkaa.<\/p>\n<p>TUVA-koulutuksen j\u00e4lkeen voit aloittaa esimerkiksi ammatilliset opinnot.<\/p>\n<p>TUVA-koulutus kest\u00e4\u00e4 enint\u00e4\u00e4n vuoden.<\/p>\n<h3>TELMA valmentaa itsen\u00e4iseen el\u00e4m\u00e4\u00e4n<\/h3>\n<p>TELMA-koulutus valmentaa sinua ty\u00f6h\u00f6n ja itsen\u00e4iseen el\u00e4m\u00e4\u00e4n. TELMA-koulutuksessa opit taitoja, joita tarvitset opiskelussa,<br \/>\nty\u00f6el\u00e4m\u00e4ss\u00e4 ja yhteiskunnassa.<\/p>\n<p>TELMA-koulutuksessa opit huolehtimaan itsest\u00e4si ja hoitamaan asioitasi. Saat tietoa esimerkiksi asumisen vaihtoehdoista, palkkaty\u00f6st\u00e4 sek\u00e4 ty\u00f6- ja p\u00e4iv\u00e4toiminnasta.<\/p>\n<p>TELMA-koulutuksen j\u00e4lkeen voit p\u00e4\u00e4st\u00e4 sinulle sopivaan ty\u00f6h\u00f6n tai ty\u00f6- ja p\u00e4iv\u00e4toimintaan.<\/p>\n<p>Koulutus kest\u00e4\u00e4 1\u20133 vuotta.<\/p>\n<p><strong><span class=\"lihavointi\">Teksti:<\/span><\/strong> Jenni Sipil\u00e4, 2023<br \/>\n<strong>Kuva: <\/strong>Istock<\/p>\n<p><strong>L\u00e4hteet ja lis\u00e4tietoa:<\/strong><\/p>\n<ul>\n<li><a href=\"https:\/\/www.tukiliitto.fi\/wp-content\/uploads\/2022\/01\/55ac0eb7-tuva-telma_suomi.pdf\" target=\"_blank\" rel=\"noopener noreferrer\">Tukiliitto: Valmentavat opinnot<\/a>\u00a0(tukiliitto.fi)<\/li>\n<li><a href=\"https:\/\/opintopolku.fi\/\" target=\"_blank\" rel=\"noopener\">Opintopolku-sivusto<\/a> (opintopolku.fi)<\/li>\n<\/ul>\n<\/div>\n","protected":false},"excerpt":{"rendered":"<p>Ammatillisessa erityisopetuksessa voit opiskella itsellesi ammatin. Voit opiskella my\u00f6s arjen taitoja, joita tarvitset joka p\u00e4iv\u00e4. Tavoitteena ty\u00f6el\u00e4m\u00e4 Ammatillisen erityisopetuksen tavoitteena [&hellip;]<\/p>\n","protected":false},"author":1,"featured_media":16959,"parent":21,"menu_order":468,"comment_status":"closed","ping_status":"closed","template":"","meta":{"_acf_changed":false,"footnotes":""},"class_list":["post-134","page","type-page","status-publish","has-post-thumbnail","hentry"],"acf":[],"_links":{"self":[{"href":"https:\/\/verneri.net\/selko\/wp-json\/wp\/v2\/pages\/134","targetHints":{"allow":["GET"]}}],"collection":[{"href":"https:\/\/verneri.net\/selko\/wp-json\/wp\/v2\/pages"}],"about":[{"href":"https:\/\/verneri.net\/selko\/wp-json\/wp\/v2\/types\/page"}],"author":[{"embeddable":true,"href":"https:\/\/verneri.net\/selko\/wp-json\/wp\/v2\/users\/1"}],"replies":[{"embeddable":true,"href":"https:\/\/verneri.net\/selko\/wp-json\/wp\/v2\/comments?post=134"}],"version-history":[{"count":0,"href":"https:\/\/verneri.net\/selko\/wp-json\/wp\/v2\/pages\/134\/revisions"}],"up":[{"embeddable":true,"href":"https:\/\/verneri.net\/selko\/wp-json\/wp\/v2\/pages\/21"}],"wp:featuredmedia":[{"embeddable":true,"href":"https:\/\/verneri.net\/selko\/wp-json\/wp\/v2\/media\/16959"}],"wp:attachment":[{"href":"https:\/\/verneri.net\/selko\/wp-json\/wp\/v2\/media?parent=134"}],"curies":[{"name":"wp","href":"https:\/\/api.w.org\/{rel}","templated":true}]}}