{"id":14449,"date":"2025-03-13T13:17:30","date_gmt":"2025-03-13T11:17:30","guid":{"rendered":"http:\/\/localhost\/verneri\/selko-dev\/?page_id=14449"},"modified":"2025-09-06T14:20:42","modified_gmt":"2025-09-06T11:20:42","slug":"adhd","status":"publish","type":"page","link":"https:\/\/verneri.net\/selko\/hyvinvointi\/vammaisuus\/adhd\/","title":{"rendered":"Adhd"},"content":{"rendered":"<p>Adhd on oirekuva, johon kuuluu aktiivisuuden ja tarkkaavuuden vaikeuksia.<\/p>\n<p>Adhd voi aiheuttaa esimerkiksi<\/p>\n<ul>\n<li>vaikeutta keskitty\u00e4<\/li>\n<li>ylivilkkautta<\/li>\n<li>vaikeutta s\u00e4\u00e4dell\u00e4 omia tunteita<\/li>\n<li>vaikeutta ohjata omaa toimintaa ja k\u00e4ytt\u00e4ytymist\u00e4.<\/li>\n<\/ul>\n<p>Adhd voi olla my\u00f6s vahvuus.<\/p>\n<p>Se voi n\u00e4ky\u00e4 esimerkiksi<\/p>\n<ul>\n<li>rohkeutena<\/li>\n<li>uteliaisuutena<\/li>\n<li>luovuutena<\/li>\n<li>kekseli\u00e4isyyten\u00e4<\/li>\n<li>kykyn\u00e4 huomata yksityiskohtia.<\/li>\n<\/ul>\n<h2>Oireet ovat perittyj\u00e4<\/h2>\n<p>Adhd johtuu keskushermoston erilaisesta toiminnasta.<\/p>\n<p>Adhd on usein perinn\u00f6llist\u00e4. Jos yhdell\u00e4 perheenj\u00e4senell\u00e4 on adhd, todenn\u00e4k\u00f6isesti toisellakin perheenj\u00e4senell\u00e4 on.<\/p>\n<p>Adhd:n syntyyn voivat vaikuttaa my\u00f6s raskauden ja synnytyksen aikaiset tapahtumat.<\/p>\n<h2>Oireet voivat muuttua<\/h2>\n<p>Adhd:n oireet alkavat lapsuudessa. Ne jatkuvat usein nuoruuteen ja aikuisuuteen.<\/p>\n<p>Kun ihminen aikuistuu, oireet voivat lieventy\u00e4 tai muuttua.<\/p>\n<p>Aikuisilla adhd aiheuttaa yleens\u00e4 keskittymisen vaikeuksia.<\/p>\n<h2>Monenlaista apua ja tukea<\/h2>\n<p>Adhd:n aiheuttama haitta vaihtelee eri ihmisill\u00e4 ja eri el\u00e4m\u00e4ntilanteissa.<\/p>\n<p>Ymp\u00e4rist\u00f6n vaatimukset ja muiden ihmisten tuki vaikuttavat siihen, miten paljon adhd:sta on ihmiselle haittaa.<\/p>\n<p>Vaikeuksiin voi saada monenlaista apua ja tukea.<\/p>\n<p>Koulusta voi saada tukea oppimiseen ja opiskeluun. Ty\u00f6paikalta voi saada tukea ty\u00f6ntekoon.<\/p>\n<p>Terveydenhuollosta voi saada apua adhd:n tunnistamiseen ja hoitamiseen esimerkiksi l\u00e4\u00e4kkeill\u00e4 tai kuntoutuksella.<\/p>\n<p>ADHD-liitosta saa tietoa, vertaistukea ja neuvontaa.<\/p>\n<p><a href=\"https:\/\/adhd-liitto.fi\/\" target=\"_blank\" rel=\"noopener\">P\u00e4\u00e4set ADHD-liiton sivuille t\u00e4st\u00e4 linkist\u00e4<\/a> (adhd.fi)<\/p>\n<p><strong>Teksti:<\/strong> Jenni Sipil\u00e4, 2024<br \/>\n<strong>Kuva:<\/strong> Unsplash<\/p>\n","protected":false},"excerpt":{"rendered":"<p>Adhd on oirekuva, johon kuuluu aktiivisuuden ja tarkkaavuuden vaikeuksia. Adhd voi aiheuttaa esimerkiksi vaikeutta keskitty\u00e4 ylivilkkautta vaikeutta s\u00e4\u00e4dell\u00e4 omia tunteita [&hellip;]<\/p>\n","protected":false},"author":2,"featured_media":16948,"parent":13,"menu_order":41,"comment_status":"closed","ping_status":"closed","template":"","meta":{"_acf_changed":false,"footnotes":""},"class_list":["post-14449","page","type-page","status-publish","has-post-thumbnail","hentry"],"acf":[],"_links":{"self":[{"href":"https:\/\/verneri.net\/selko\/wp-json\/wp\/v2\/pages\/14449","targetHints":{"allow":["GET"]}}],"collection":[{"href":"https:\/\/verneri.net\/selko\/wp-json\/wp\/v2\/pages"}],"about":[{"href":"https:\/\/verneri.net\/selko\/wp-json\/wp\/v2\/types\/page"}],"author":[{"embeddable":true,"href":"https:\/\/verneri.net\/selko\/wp-json\/wp\/v2\/users\/2"}],"replies":[{"embeddable":true,"href":"https:\/\/verneri.net\/selko\/wp-json\/wp\/v2\/comments?post=14449"}],"version-history":[{"count":0,"href":"https:\/\/verneri.net\/selko\/wp-json\/wp\/v2\/pages\/14449\/revisions"}],"up":[{"embeddable":true,"href":"https:\/\/verneri.net\/selko\/wp-json\/wp\/v2\/pages\/13"}],"wp:featuredmedia":[{"embeddable":true,"href":"https:\/\/verneri.net\/selko\/wp-json\/wp\/v2\/media\/16948"}],"wp:attachment":[{"href":"https:\/\/verneri.net\/selko\/wp-json\/wp\/v2\/media?parent=14449"}],"curies":[{"name":"wp","href":"https:\/\/api.w.org\/{rel}","templated":true}]}}