{"id":14460,"date":"2025-03-13T18:47:52","date_gmt":"2025-03-13T16:47:52","guid":{"rendered":"http:\/\/localhost\/verneri\/selko-dev\/?page_id=14460"},"modified":"2025-12-11T15:34:43","modified_gmt":"2025-12-11T13:34:43","slug":"oikeus-helppoihin-digipalveluihin","status":"publish","type":"page","link":"https:\/\/verneri.net\/selko\/hyvinvointi\/vammaisten-oikeudet\/oikeus-helppoihin-digipalveluihin\/","title":{"rendered":"Oikeus helppoihin digipalveluihin"},"content":{"rendered":"<p>Digipalvelut kuuluvat kaikille.<\/p>\n<p>Digipalveluita ovat esimerkiksi nettisivut, s\u00e4hk\u00f6posti ja verkkopankki.<\/p>\n<p>My\u00f6s sosiaalisen median eli somen palvelut ovat digipalveluita. Somepalveluita ovat esimerkiksi Instagram, Facebook ja YouTube.<\/p>\n<p>Sinulla on oikeus<\/p>\n<ul>\n<li>saada tietoa digipalveluista<\/li>\n<li>osallistua ja kohdata muita digipalveluissa<\/li>\n<li>vaikuttaa digipalveluissa.<\/li>\n<\/ul>\n<h2>Saavutettavaa palvelua on helppo k\u00e4ytt\u00e4\u00e4<\/h2>\n<p>Lakien mukaan digipalveluiden pit\u00e4\u00e4 olla saavutettavia ja esteett\u00f6mi\u00e4. Saavutettavaa ja esteet\u00f6nt\u00e4 palvelua on kaikkien helppo k\u00e4ytt\u00e4\u00e4.<\/p>\n<p>Jos jokin digipalvelu on sinusta vaikea k\u00e4ytt\u00e4\u00e4, anna siit\u00e4 palautetta palvelun yll\u00e4pit\u00e4j\u00e4lle. Palveluissa pit\u00e4\u00e4 olla lomake, jolla voit l\u00e4hett\u00e4\u00e4 palautetta.<\/p>\n<h2>Tietoa digipalveluista<\/h2>\n<p>Sinulla on oikeus saada digipalveluista tietoa sinulle sopivalla tavalla. Voit saada tietoa esimerkiksi selkokielell\u00e4 tai kuvilla tuettuna.<\/p>\n<p>Voit saada digipalvelusta tietoa esimerkiksi<\/p>\n<ul>\n<li>digipalvelun yll\u00e4pit\u00e4j\u00e4lt\u00e4<\/li>\n<li>kaverilta<\/li>\n<li>j\u00e4rjest\u00f6st\u00e4<\/li>\n<li>ohjaajalta<\/li>\n<li>tukihenkil\u00f6lt\u00e4.<\/li>\n<\/ul>\n<h2>Opetellaan yhdess\u00e4<\/h2>\n<p>Digipalveluita kannattaa opetella k\u00e4ytt\u00e4m\u00e4\u00e4n yhdess\u00e4 muiden kanssa.<\/p>\n<p>Voit harjoitella digitaitoja vaikkapa kaverin, ohjaajan tai avustajan kanssa.<\/p>\n<p>Voit osallistua my\u00f6s kursseille ja koulutuksiin, joissa opetellaan digitaitoja. Kysy kursseista ja koulutuksista esimerkiksi j\u00e4rjest\u00f6ist\u00e4 tai kirjastosta.<\/p>\n<h2>Mit\u00e4 digitaitoja sinulla on?<\/h2>\n<p>Omista digitaidoista ja tavoitteista kannattaa jutella muiden kanssa.<\/p>\n<ul>\n<li>Mit\u00e4 digipalveluita sin\u00e4 k\u00e4yt\u00e4t?<\/li>\n<li>Mit\u00e4 digipalveluita haluaisit k\u00e4ytt\u00e4\u00e4?<\/li>\n<li>Millaisia digitaitoja sinulla on?<\/li>\n<li>Ket\u00e4 voisit auttaa digipalveluiden k\u00e4yt\u00f6ss\u00e4?<\/li>\n<li>Mist\u00e4 sin\u00e4 saat apua digipalveluiden k\u00e4ytt\u00f6\u00f6n?<\/li>\n<\/ul>\n<p><em>Kysytt\u00e4v\u00e4\u00e4 vammaisten oikeuksista tai digipalveluista?<\/em><\/p>\n<p><a href=\"https:\/\/verneri.net\/selko\/verkko-kerttu\/kysy-kertulta\/\">Kysy Kertulta<\/a><\/p>\n<p><strong>Teksti:<\/strong> Jenni Sipil\u00e4, 2023<\/p>\n<p><a href=\"https:\/\/verneri.net\/selko\/hyvinvointi\/digipalvelut\/\">Lue lis\u00e4\u00e4 digipalveluista<\/a><\/p>\n","protected":false},"excerpt":{"rendered":"<p>Digipalvelut kuuluvat kaikille. Digipalveluita ovat esimerkiksi nettisivut, s\u00e4hk\u00f6posti ja verkkopankki. My\u00f6s sosiaalisen median eli somen palvelut ovat digipalveluita. Somepalveluita ovat [&hellip;]<\/p>\n","protected":false},"author":2,"featured_media":15090,"parent":15,"menu_order":43,"comment_status":"closed","ping_status":"closed","template":"","meta":{"_acf_changed":false,"footnotes":""},"class_list":["post-14460","page","type-page","status-publish","has-post-thumbnail","hentry"],"acf":[],"_links":{"self":[{"href":"https:\/\/verneri.net\/selko\/wp-json\/wp\/v2\/pages\/14460","targetHints":{"allow":["GET"]}}],"collection":[{"href":"https:\/\/verneri.net\/selko\/wp-json\/wp\/v2\/pages"}],"about":[{"href":"https:\/\/verneri.net\/selko\/wp-json\/wp\/v2\/types\/page"}],"author":[{"embeddable":true,"href":"https:\/\/verneri.net\/selko\/wp-json\/wp\/v2\/users\/2"}],"replies":[{"embeddable":true,"href":"https:\/\/verneri.net\/selko\/wp-json\/wp\/v2\/comments?post=14460"}],"version-history":[{"count":0,"href":"https:\/\/verneri.net\/selko\/wp-json\/wp\/v2\/pages\/14460\/revisions"}],"up":[{"embeddable":true,"href":"https:\/\/verneri.net\/selko\/wp-json\/wp\/v2\/pages\/15"}],"wp:featuredmedia":[{"embeddable":true,"href":"https:\/\/verneri.net\/selko\/wp-json\/wp\/v2\/media\/15090"}],"wp:attachment":[{"href":"https:\/\/verneri.net\/selko\/wp-json\/wp\/v2\/media?parent=14460"}],"curies":[{"name":"wp","href":"https:\/\/api.w.org\/{rel}","templated":true}]}}