{"id":14550,"date":"2025-03-15T07:53:19","date_gmt":"2025-03-15T05:53:19","guid":{"rendered":"http:\/\/localhost\/verneri\/selko-dev\/?page_id=14550"},"modified":"2025-03-27T11:39:06","modified_gmt":"2025-03-27T09:39:06","slug":"sporttikerho-kasvattaa-kuntoa","status":"publish","type":"page","link":"https:\/\/verneri.net\/selko\/hyvinvointi\/vapaa-aika\/mina-harrastan\/sporttikerho-kasvattaa-kuntoa\/","title":{"rendered":"Sporttikerho kasvattaa kuntoa"},"content":{"rendered":"<p>Ville Hyv\u00e4rinen asuu Helsingiss\u00e4. H\u00e4n k\u00e4y Kehitysvammatuki 57 ry:n sporttikerhossa.<\/p>\n<h2>Mit\u00e4 harrastat?<\/h2>\n<p>K\u00e4yn sporttikerhossa Kontulan kuntokellarilla.<\/p>\n<h2>Mit\u00e4 teette sporttikerhossa?<\/h2>\n<p>Sporttikerhon alussa on venyttely. Sitten voi valita, mihin kuntolaitteisiin haluaa menn\u00e4.<\/p>\n<h2>Miksi k\u00e4yt sporttikerhossa?<\/h2>\n<p>T\u00e4\u00e4ll\u00e4 on kiva olla. T\u00e4\u00e4ll\u00e4 on mukava ilmapiiri.<\/p>\n<p>M\u00e4 l\u00f6ysin nopeasti kavereita t\u00e4\u00e4lt\u00e4. T\u00e4\u00e4ll\u00e4 on paljon kavereita.<\/p>\n<p>Mulle tulee my\u00f6s hyv\u00e4 kunto.<\/p>\n<h2>Mik\u00e4 on lempiliikkeesi kuntosalilla?<\/h2>\n<p>Lempiliikkeeni on penkkipunnerrus.<\/p>\n<p><strong>Haastattelu ja kuva:<\/strong> Tiitus Tommila, 2024<\/p>\n<p><a href=\"https:\/\/www.kvtuki57.fi\/tekemista-ja-toimintaa\/kerhot-ja-ryhmat\/kaikki-kerhot\/\" target=\"_blank\" rel=\"noopener\">Lue lis\u00e4\u00e4 Kehitysvammatuki 57 ry:n kerhoista<\/a> (kvtuki57.fi)<\/p>\n","protected":false},"excerpt":{"rendered":"<p>Ville Hyv\u00e4rinen asuu Helsingiss\u00e4. H\u00e4n k\u00e4y Kehitysvammatuki 57 ry:n sporttikerhossa. Mit\u00e4 harrastat? K\u00e4yn sporttikerhossa Kontulan kuntokellarilla. Mit\u00e4 teette sporttikerhossa? Sporttikerhon [&hellip;]<\/p>\n","protected":false},"author":2,"featured_media":14706,"parent":14514,"menu_order":29,"comment_status":"closed","ping_status":"closed","template":"","meta":{"_acf_changed":false,"footnotes":""},"class_list":["post-14550","page","type-page","status-publish","has-post-thumbnail","hentry"],"acf":[],"_links":{"self":[{"href":"https:\/\/verneri.net\/selko\/wp-json\/wp\/v2\/pages\/14550","targetHints":{"allow":["GET"]}}],"collection":[{"href":"https:\/\/verneri.net\/selko\/wp-json\/wp\/v2\/pages"}],"about":[{"href":"https:\/\/verneri.net\/selko\/wp-json\/wp\/v2\/types\/page"}],"author":[{"embeddable":true,"href":"https:\/\/verneri.net\/selko\/wp-json\/wp\/v2\/users\/2"}],"replies":[{"embeddable":true,"href":"https:\/\/verneri.net\/selko\/wp-json\/wp\/v2\/comments?post=14550"}],"version-history":[{"count":0,"href":"https:\/\/verneri.net\/selko\/wp-json\/wp\/v2\/pages\/14550\/revisions"}],"up":[{"embeddable":true,"href":"https:\/\/verneri.net\/selko\/wp-json\/wp\/v2\/pages\/14514"}],"wp:featuredmedia":[{"embeddable":true,"href":"https:\/\/verneri.net\/selko\/wp-json\/wp\/v2\/media\/14706"}],"wp:attachment":[{"href":"https:\/\/verneri.net\/selko\/wp-json\/wp\/v2\/media?parent=14550"}],"curies":[{"name":"wp","href":"https:\/\/api.w.org\/{rel}","templated":true}]}}