{"id":14557,"date":"2025-03-15T08:18:19","date_gmt":"2025-03-15T06:18:19","guid":{"rendered":"http:\/\/localhost\/verneri\/selko-dev\/?page_id=14557"},"modified":"2025-10-30T13:45:43","modified_gmt":"2025-10-30T11:45:43","slug":"rakastan-musiikkia","status":"publish","type":"page","link":"https:\/\/verneri.net\/selko\/hyvinvointi\/vapaa-aika\/mina-harrastan\/rakastan-musiikkia\/","title":{"rendered":"Rakastan musiikkia"},"content":{"rendered":"<p>Helsinkil\u00e4inen Sakari Lepp\u00e4nen on soittanut kitaraa lapsesta asti. T\u00e4ss\u00e4 haastattelussa Sakari kertoo musiikista ja soittamisesta.<\/p>\n<p><iframe loading=\"lazy\" title=\"Sakari Lepp\u00e4nen: Baarissa\" width=\"500\" height=\"281\" src=\"https:\/\/www.youtube.com\/embed\/4cD1s775G-Y?wmode=transparent&amp;rel=0&amp;feature=oembed\" frameborder=\"0\" allow=\"accelerometer; autoplay; clipboard-write; encrypted-media; gyroscope; picture-in-picture; web-share\" referrerpolicy=\"strict-origin-when-cross-origin\" allowfullscreen><\/iframe><\/p>\n<h2>Miten aloitit kitaran soittamisen?<\/h2>\n<p>Aloitin soittamisen ensin mummulassa mattopiiskalla.<\/p>\n<p>Se l\u00e4hti siit\u00e4, kun kuulin Hectorin biisin. Se rytmi, sanat ja melodia kolahtivat. Ajattelin, ett\u00e4 t\u00e4m\u00e4 on mun juttu.<\/p>\n<h2>Miten opit soittamaan?<\/h2>\n<p>M\u00e4 k\u00e4vin Resonaarissa, jossa mua opetettiin ensin v\u00e4rinuoteilla soittamaan nelikielist\u00e4 kitaraa.<\/p>\n<p>Halusin opetella soittamaan my\u00f6s kuusikielisell\u00e4 kitaralla. Se vaati paljon harjoittelua, mutta pikku hiljaa opin soittamaan.<\/p>\n<p>Alussa katkesi kitaran kieli usein, nykyisin harvemmin. Joka vuosi on kehityst\u00e4 tapahtunut.<\/p>\n<p>T\u00e4n\u00e4 p\u00e4iv\u00e4n\u00e4 osaan aika paljon sointuja.<\/p>\n<h2>Milloin sait ekan oman kitaran?<\/h2>\n<p>M\u00e4 sain ekan kitaran lapsena joululahjaksi.<\/p>\n<p>Se eka lasten kitara meni rikki. Sitten mulle hommattiin uusi, v\u00e4h\u00e4n isompi kitara ja s\u00e4hk\u00f6kitara.<\/p>\n<p>Nykyisin mulla on kymmenen kitaraa ja banjo.<\/p>\n<p>Uusimman kitaran sain joululahjaksi. Se on samanlainen kuin Hectorilla.<\/p>\n<h2>Milt\u00e4 soittaminen tuntuu?<\/h2>\n<p>Saan hyv\u00e4n olon, kun soitan. Jos on murheita ja mielt\u00e4 painaa, niin saan ajatukset hetkeksi muualle.<\/p>\n<p>Se on mun sielun juttu, kun oon tottunut koko ik\u00e4ni soittamaan kitaraa.<\/p>\n<p>Saan sellaisen hyv\u00e4n fiiliksen, kun rakastan sit\u00e4 soittoa.<\/p>\n<h2>Oletko esiintynyt?<\/h2>\n<p>Olen tehnyt joitain keikkoja, joista olen saanut rahaa.<\/p>\n<p>M\u00e4 olen esiintynyt esimerkiksi Kalaj\u00e4rvip\u00e4ivill\u00e4, Resonaari soi -konsertissa, Finlandia-talolla ja Latotansseissa.<\/p>\n<h2>Milt\u00e4 esiintyminen tuntuu?<\/h2>\n<p>Joka kerta j\u00e4nnitt\u00e4\u00e4 lavalle meno. Pieni j\u00e4nnitys saa olla, se on hyv\u00e4 merkki.<\/p>\n<h2>Kuka on lempimuusikkosi?<\/h2>\n<p>Tykk\u00e4\u00e4n Hectorista, J. Karjalaisesta ja Mikko Alatalosta.<\/p>\n<p>Nuoremmista Ellinoora on mun suosikki.<\/p>\n<p>Viime kuussa oltiin Ellinooran konsertissa mun tytt\u00f6yst\u00e4v\u00e4n ja \u00e4idin kanssa. Se oli hieno konsertti!<\/p>\n<h2>Kenelle soitat omia kappaleitasi?<\/h2>\n<p>Tykk\u00e4\u00e4n soittaa uudet biisit mun vanhemmille.<\/p>\n<p>Oon soittanut my\u00f6s mummun vanhainkodissa. Pidin siell\u00e4 musiikkihetken. Yksi mummu sanoi, ett\u00e4 teki hyv\u00e4\u00e4!<\/p>\n<p>Sain musiikilla jotain hyv\u00e4\u00e4 aikaiseksi.<\/p>\n<h2>K\u00e4ytk\u00f6 muiden keikoilla?<\/h2>\n<p>K\u00e4yn joka vuosi Hectorin keikalla.<\/p>\n<p>Se antaa voimaa ja on kiva n\u00e4hd\u00e4, miten Heikki nauttii esiintymisest\u00e4. N\u00e4kee, miten paljon h\u00e4n rakastaa musiikkia ja hymyilee.<\/p>\n<p>Ajattelen, ett\u00e4 voisin itsekin joku p\u00e4iv\u00e4 esiinty\u00e4 ja hymyill\u00e4 noin.<\/p>\n<h2>Onko sulla soittamiseen liittyvi\u00e4 haaveita?<\/h2>\n<p>Oon t\u00f6iss\u00e4 M\u00e4kk\u00e4riss\u00e4, mutta mun haave on muusikon ammatti.<\/p>\n<p>Jos saisin itse valita ammatin, kyll\u00e4 se muusikko olisi.<\/p>\n<p>Rakastan musiikkia.<\/p>\n<h2>Suositteletko soittoharrastusta muille?<\/h2>\n<p>Suosittelen!<\/p>\n<p>Kannattaa menn\u00e4 Resonaariin. Se on hieno musiikkikoulu.<\/p>\n<p><strong>Teksti:<\/strong> Jenni Sipil\u00e4, 2024<br \/>\n<strong>Kuva ja video: <\/strong>Adel Rezapour<br \/>\n<strong>Lis\u00e4tiedot:<\/strong> <a href=\"https:\/\/resonaari.fi\/\" target=\"_blank\" rel=\"noopener\">Renonaari<\/a> (resonaari.fi)<\/p>\n","protected":false},"excerpt":{"rendered":"<p>Helsinkil\u00e4inen Sakari Lepp\u00e4nen on soittanut kitaraa lapsesta asti. T\u00e4ss\u00e4 haastattelussa Sakari kertoo musiikista ja soittamisesta. Miten aloitit kitaran soittamisen? Aloitin [&hellip;]<\/p>\n","protected":false},"author":2,"featured_media":14707,"parent":14514,"menu_order":24,"comment_status":"closed","ping_status":"closed","template":"","meta":{"_acf_changed":false,"footnotes":""},"class_list":["post-14557","page","type-page","status-publish","has-post-thumbnail","hentry"],"acf":[],"_links":{"self":[{"href":"https:\/\/verneri.net\/selko\/wp-json\/wp\/v2\/pages\/14557","targetHints":{"allow":["GET"]}}],"collection":[{"href":"https:\/\/verneri.net\/selko\/wp-json\/wp\/v2\/pages"}],"about":[{"href":"https:\/\/verneri.net\/selko\/wp-json\/wp\/v2\/types\/page"}],"author":[{"embeddable":true,"href":"https:\/\/verneri.net\/selko\/wp-json\/wp\/v2\/users\/2"}],"replies":[{"embeddable":true,"href":"https:\/\/verneri.net\/selko\/wp-json\/wp\/v2\/comments?post=14557"}],"version-history":[{"count":0,"href":"https:\/\/verneri.net\/selko\/wp-json\/wp\/v2\/pages\/14557\/revisions"}],"up":[{"embeddable":true,"href":"https:\/\/verneri.net\/selko\/wp-json\/wp\/v2\/pages\/14514"}],"wp:featuredmedia":[{"embeddable":true,"href":"https:\/\/verneri.net\/selko\/wp-json\/wp\/v2\/media\/14707"}],"wp:attachment":[{"href":"https:\/\/verneri.net\/selko\/wp-json\/wp\/v2\/media?parent=14557"}],"curies":[{"name":"wp","href":"https:\/\/api.w.org\/{rel}","templated":true}]}}