{"id":14561,"date":"2025-03-15T08:50:37","date_gmt":"2025-03-15T06:50:37","guid":{"rendered":"http:\/\/localhost\/verneri\/selko-dev\/?page_id=14561"},"modified":"2025-08-08T14:36:05","modified_gmt":"2025-08-08T11:36:05","slug":"vinkit-kuvaamiseen","status":"publish","type":"page","link":"https:\/\/verneri.net\/selko\/hyvinvointi\/vapaa-aika\/valokuvaus\/vinkit-kuvaamiseen\/","title":{"rendered":"Vinkit kuvaamiseen"},"content":{"rendered":"<p>Kuvaamalla voit tallentaa muistoja ja jakaa niit\u00e4 muiden kanssa. Kuvaamalla voit n\u00e4ytt\u00e4\u00e4 muille, mihin itse kiinnit\u00e4t huomiota.<\/p>\n<p>K\u00e4nnyk\u00e4n kameralla on helppo r\u00e4psi\u00e4 kuvia ja kokeilla uutta.<\/p>\n<p>Voit kuvata yksin tai yhdess\u00e4 vaikka kaverin tai tukihenkil\u00f6n kanssa.<\/p>\n<h2>Tutustu kameraan<\/h2>\n<p>Eri k\u00e4nnyk\u00f6iss\u00e4 on erilaiset kamerat. Kameroissa on my\u00f6s erilaisia asetuksia erilaisiin kuvaustilanteisiin.<\/p>\n<p>Tutustu oman kamerasi asetuksiin.<\/p>\n<p><strong>Yleiskuva\u00a0<\/strong>sopii monenlaisiin kuvaustilanteisiin.<\/p>\n<p><strong>Zoomaus eli l\u00e4hikuva<\/strong> ottaa kuvan l\u00e4helt\u00e4 kuvan kohdetta. Zoomaus huonontaa kuvan laatua. Zoomauksen sijaan kannattaa menn\u00e4 itse l\u00e4helle kuvan kohdetta.<\/p>\n<p><strong>Muotokuva<\/strong> sopii esimerkiksi ihmisen tai el\u00e4imen kuvaamiseen.<\/p>\n<p><strong>Y\u00f6kuvaus<\/strong> sopii kuvaamiseen y\u00f6ll\u00e4.<\/p>\n<p><strong>Selfie eli omakuva<\/strong> onnistuu, kun vaihdat takakameran etukameraan. Voit vaihtaa kameraa merkist\u00e4, jossa kaksi nuolta muodostavat ympyr\u00e4n.<\/p>\n<p><strong>Video<\/strong> on hyv\u00e4 vaihtoehto silloin, kun haluat kuvata liikett\u00e4 ja \u00e4\u00e4nt\u00e4.<\/p>\n<p>Voit valita my\u00f6s kuvasuhteen:<\/p>\n<ul>\n<li>4:3 sopii moneen tilanteeseen<\/li>\n<li>1:9 sopii maisemakuviin<\/li>\n<li>1:1 on neli\u00f6 ja sopii esimerkiksi Instagramiin.<\/li>\n<\/ul>\n<p><strong>Kokeile: <\/strong>Ota kuva samasta aiheesta eri kuvasuhteilla. Mik\u00e4 kuvasuhde toimii mielest\u00e4si parhaiten?<\/p>\n<h2>Valitse aihe<\/h2>\n<p>Valitse kuvasi aihe.<\/p>\n<p>Aihe voi olla esimerkiksi<\/p>\n<ul>\n<li>paikka<\/li>\n<li>tilanne tai hetki<\/li>\n<li>tapahtuma<\/li>\n<li>ihminen<\/li>\n<li>el\u00e4in<\/li>\n<li>luonto.<\/li>\n<\/ul>\n<p><strong>Kokeile: <\/strong>Kuvaa erilaisia aiheita. Milt\u00e4 eri aiheiden kuvaaminen tuntuu?<\/p>\n<h2>Valitse kuvakulma<\/h2>\n<p>Kuvakulma tarkoittaa sit\u00e4, mist\u00e4 kuvaat. Kuvakulma vaikuttaa kuvan tunnelmaan.<\/p>\n<p>Yleinen kuvakulma on ihmisen silmien korkeus.<\/p>\n<p>Jos otat kuvan alhaalta, kuvan kohde n\u00e4ytt\u00e4\u00e4 suurelta ja voimakkaalta.<\/p>\n<p>Jos otat kuvan ylh\u00e4\u00e4lt\u00e4, kuvan kohde n\u00e4ytt\u00e4\u00e4 pienemm\u00e4lt\u00e4.<\/p>\n<p><strong>Kokeile: <\/strong>Kuvaa samaa asiaa eri kuvakulmista. Miten kuvan tunnelma muuttuu?<\/p>\n<h2>Tarkenna t\u00e4rkein asia<\/h2>\n<p>Kun otat valokuvaa, tarkenna kamera kuvan t\u00e4rkeimp\u00e4\u00e4n asiaan.<\/p>\n<p>Jos otat kuvan esimerkiksi ihmisest\u00e4, tarkenna kamera ihmisen kasvoihin. Silloin kasvot n\u00e4kyv\u00e4t kuvassa ter\u00e4vin\u00e4 eli tarkkoina.<\/p>\n<p>Jos otat kuvan kukasta, tarkenna kamera kukkaan.<\/p>\n<p>Tarkentaminen onnistuu, kun n\u00e4p\u00e4yt\u00e4t ruudulla kohtaa, johon haluat tarkentaa. Jos haluat tarkentaa esimerkiksi ihmisen kasvoihin, n\u00e4p\u00e4yt\u00e4 ruudulla kohtaa, jossa kasvot ovat.<\/p>\n<p><strong>Kokeile: <\/strong>Kun kuvaat kukkaa, kokeile tarkentaa kukan eri kohtiin. Miten kuva muuttuu?<\/p>\n<h2>Kysy lupa<\/h2>\n<p>Jos kuvaat ihmisi\u00e4, kysy heilt\u00e4 lupa kuvan ottamiseen.<\/p>\n<p>Jos aiot julkaista kuvan esimerkiksi netiss\u00e4 tai somessa, kysy lupa my\u00f6s siihen.<\/p>\n<h2>Muokkaa kuvia<\/h2>\n<p>Voit k\u00e4sitell\u00e4 eli muokata kuvia k\u00e4nnykk\u00e4si kuvank\u00e4sittelyohjelmalla.<\/p>\n<p>Kokeile erilaisia tapoja muokata kuvia.<\/p>\n<p>Rajaamalla voit muuttaa kuvasi kokoa. Voit esimerkiksi rajata kuvan reunoilta turhia asioita pois.<\/p>\n<p>Jos kuvasi on vinossa, voit suoristaa kuvasi.<\/p>\n<p>Voi my\u00f6s s\u00e4\u00e4t\u00e4\u00e4 kuvasi valotusta ja s\u00e4vyj\u00e4.<\/p>\n<p>Jos haluat, voit lis\u00e4t\u00e4 kuvaan teksti\u00e4 tai piirt\u00e4\u00e4 kuvaan.<\/p>\n<p>Filtterit muuttavat kuvasi s\u00e4vy\u00e4 ja tunnelmaa. Voit valita filtterin ennen kuvan ottamista tai kuvaa muokatessa.<\/p>\n<p>Jos muokkaaminen menee pieleen, ei h\u00e4t\u00e4\u00e4, voit palauttaa alkuper\u00e4isen kuvan.<\/p>\n<p><strong>Kokeile: <\/strong>Muokkaa samaa kuvaa eri tavoin. Millainen muokkaus n\u00e4ytt\u00e4\u00e4 sinusta parhaalta?<\/p>\n<h2>Jaa kuvia muille<\/h2>\n<p>Kun kuvasi ovat valmiit, voit jakaa niit\u00e4 muille. N\u00e4in muutkin voivat nauttia sinun n\u00e4k\u00f6kulmistasi ja kuvamuistoistasi.<\/p>\n<p>Voit jakaa kuvia esimerkiksi<\/p>\n<ul>\n<li>s\u00e4hk\u00f6postin liitteen\u00e4<\/li>\n<li>Whatsappissa<\/li>\n<li>sosiaalisessa mediassa (esimerkiksi Instagram, Facebook ja Tiktok).<\/li>\n<\/ul>\n<p>Jos kuvissasi on muita ihmisi\u00e4, muista pyyt\u00e4\u00e4 heilt\u00e4 lupa kuvien jakamiseen.<\/p>\n<p><strong>Teksti:<\/strong> Pia H\u00e4m\u00e4l\u00e4inen ja Jenni Sipil\u00e4, 2024<br \/>\n<strong>Kuvat:\u00a0<\/strong>Unsplash<\/p>\n","protected":false},"excerpt":{"rendered":"<p>Kuvaamalla voit tallentaa muistoja ja jakaa niit\u00e4 muiden kanssa. Kuvaamalla voit n\u00e4ytt\u00e4\u00e4 muille, mihin itse kiinnit\u00e4t huomiota. K\u00e4nnyk\u00e4n kameralla on [&hellip;]<\/p>\n","protected":false},"author":2,"featured_media":14829,"parent":164,"menu_order":0,"comment_status":"closed","ping_status":"closed","template":"","meta":{"_acf_changed":false,"footnotes":""},"class_list":["post-14561","page","type-page","status-publish","has-post-thumbnail","hentry"],"acf":[],"_links":{"self":[{"href":"https:\/\/verneri.net\/selko\/wp-json\/wp\/v2\/pages\/14561","targetHints":{"allow":["GET"]}}],"collection":[{"href":"https:\/\/verneri.net\/selko\/wp-json\/wp\/v2\/pages"}],"about":[{"href":"https:\/\/verneri.net\/selko\/wp-json\/wp\/v2\/types\/page"}],"author":[{"embeddable":true,"href":"https:\/\/verneri.net\/selko\/wp-json\/wp\/v2\/users\/2"}],"replies":[{"embeddable":true,"href":"https:\/\/verneri.net\/selko\/wp-json\/wp\/v2\/comments?post=14561"}],"version-history":[{"count":0,"href":"https:\/\/verneri.net\/selko\/wp-json\/wp\/v2\/pages\/14561\/revisions"}],"up":[{"embeddable":true,"href":"https:\/\/verneri.net\/selko\/wp-json\/wp\/v2\/pages\/164"}],"wp:featuredmedia":[{"embeddable":true,"href":"https:\/\/verneri.net\/selko\/wp-json\/wp\/v2\/media\/14829"}],"wp:attachment":[{"href":"https:\/\/verneri.net\/selko\/wp-json\/wp\/v2\/media?parent=14561"}],"curies":[{"name":"wp","href":"https:\/\/api.w.org\/{rel}","templated":true}]}}

<p>Kuvaamalla voit tallentaa muistoja ja jakaa niitä muiden kanssa. Kuvaamalla voit näyttää muille, mihin itse kiinnität huomiota.</p>
<p>Kännykän kameralla on helppo räpsiä kuvia ja kokeilla uutta.</p>
<p>Voit kuvata yksin tai yhdessä vaikka kaverin tai tukihenkilön kanssa.</p>
<h2>Tutustu kameraan</h2>
<p>Eri kännyköissä on erilaiset kamerat. Kameroissa on myös erilaisia asetuksia erilaisiin kuvaustilanteisiin.</p>
<p>Tutustu oman kamerasi asetuksiin.</p>
<p><strong>Yleiskuva </strong>sopii monenlaisiin kuvaustilanteisiin.</p>
<p><strong>Zoomaus eli lähikuva</strong> ottaa kuvan läheltä kuvan kohdetta. Zoomaus huonontaa kuvan laatua. Zoomauksen sijaan kannattaa mennä itse lähelle kuvan kohdetta.</p>
<p><strong>Muotokuva</strong> sopii esimerkiksi ihmisen tai eläimen kuvaamiseen.</p>
<p><strong>Yökuvaus</strong> sopii kuvaamiseen yöllä.</p>
<p><strong>Selfie eli omakuva</strong> onnistuu, kun vaihdat takakameran etukameraan. Voit vaihtaa kameraa merkistä, jossa kaksi nuolta muodostavat ympyrän.</p>
<p><strong>Video</strong> on hyvä vaihtoehto silloin, kun haluat kuvata liikettä ja ääntä.</p>
<p>Voit valita myös kuvasuhteen:</p>
<ul>
<li>4:3 sopii moneen tilanteeseen</li>
<li>1:9 sopii maisemakuviin</li>
<li>1:1 on neliö ja sopii esimerkiksi Instagramiin.</li>
</ul>
<p><strong>Kokeile: </strong>Ota kuva samasta aiheesta eri kuvasuhteilla. Mikä kuvasuhde toimii mielestäsi parhaiten?</p>
<h2>Valitse aihe</h2>
<p>Valitse kuvasi aihe.</p>
<p>Aihe voi olla esimerkiksi</p>
<ul>
<li>paikka</li>
<li>tilanne tai hetki</li>
<li>tapahtuma</li>
<li>ihminen</li>
<li>eläin</li>
<li>luonto.</li>
</ul>
<p><strong>Kokeile: </strong>Kuvaa erilaisia aiheita. Miltä eri aiheiden kuvaaminen tuntuu?</p>
<h2>Valitse kuvakulma</h2>
<p>Kuvakulma tarkoittaa sitä, mistä kuvaat. Kuvakulma vaikuttaa kuvan tunnelmaan.</p>
<p>Yleinen kuvakulma on ihmisen silmien korkeus.</p>
<p>Jos otat kuvan alhaalta, kuvan kohde näyttää suurelta ja voimakkaalta.</p>
<p>Jos otat kuvan ylhäältä, kuvan kohde näyttää pienemmältä.</p>
<p><strong>Kokeile: </strong>Kuvaa samaa asiaa eri kuvakulmista. Miten kuvan tunnelma muuttuu?</p>
<h2>Tarkenna tärkein asia</h2>
<p>Kun otat valokuvaa, tarkenna kamera kuvan tärkeimpään asiaan.</p>
<p>Jos otat kuvan esimerkiksi ihmisestä, tarkenna kamera ihmisen kasvoihin. Silloin kasvot näkyvät kuvassa terävinä eli tarkkoina.</p>
<p>Jos otat kuvan kukasta, tarkenna kamera kukkaan.</p>
<p>Tarkentaminen onnistuu, kun näpäytät ruudulla kohtaa, johon haluat tarkentaa. Jos haluat tarkentaa esimerkiksi ihmisen kasvoihin, näpäytä ruudulla kohtaa, jossa kasvot ovat.</p>
<p><strong>Kokeile: </strong>Kun kuvaat kukkaa, kokeile tarkentaa kukan eri kohtiin. Miten kuva muuttuu?</p>
<h2>Kysy lupa</h2>
<p>Jos kuvaat ihmisiä, kysy heiltä lupa kuvan ottamiseen.</p>
<p>Jos aiot julkaista kuvan esimerkiksi netissä tai somessa, kysy lupa myös siihen.</p>
<h2>Muokkaa kuvia</h2>
<p>Voit käsitellä eli muokata kuvia kännykkäsi kuvankäsittelyohjelmalla.</p>
<p>Kokeile erilaisia tapoja muokata kuvia.</p>
<p>Rajaamalla voit muuttaa kuvasi kokoa. Voit esimerkiksi rajata kuvan reunoilta turhia asioita pois.</p>
<p>Jos kuvasi on vinossa, voit suoristaa kuvasi.</p>
<p>Voi myös säätää kuvasi valotusta ja sävyjä.</p>
<p>Jos haluat, voit lisätä kuvaan tekstiä tai piirtää kuvaan.</p>
<p>Filtterit muuttavat kuvasi sävyä ja tunnelmaa. Voit valita filtterin ennen kuvan ottamista tai kuvaa muokatessa.</p>
<p>Jos muokkaaminen menee pieleen, ei hätää, voit palauttaa alkuperäisen kuvan.</p>
<p><strong>Kokeile: </strong>Muokkaa samaa kuvaa eri tavoin. Millainen muokkaus näyttää sinusta parhaalta?</p>
<h2>Jaa kuvia muille</h2>
<p>Kun kuvasi ovat valmiit, voit jakaa niitä muille. Näin muutkin voivat nauttia sinun näkökulmistasi ja kuvamuistoistasi.</p>
<p>Voit jakaa kuvia esimerkiksi</p>
<ul>
<li>sähköpostin liitteenä</li>
<li>Whatsappissa</li>
<li>sosiaalisessa mediassa (esimerkiksi Instagram, Facebook ja Tiktok).</li>
</ul>
<p>Jos kuvissasi on muita ihmisiä, muista pyytää heiltä lupa kuvien jakamiseen.</p>
<p><strong>Teksti:</strong> Pia Hämäläinen ja Jenni Sipilä, 2024<br />
<strong>Kuvat: </strong>Unsplash</p>

<p>Kuvaamalla voit tallentaa muistoja ja jakaa niitä muiden kanssa. Kuvaamalla voit näyttää muille, mihin itse kiinnität huomiota. Kännykän kameralla on [&hellip;]</p>
