{"id":14621,"date":"2025-03-22T14:01:30","date_gmt":"2025-03-22T12:01:30","guid":{"rendered":"http:\/\/localhost\/verneri\/selko-dev\/?page_id=14621"},"modified":"2026-02-23T10:21:22","modified_gmt":"2026-02-23T08:21:22","slug":"liikkumisen-tuki","status":"publish","type":"page","link":"https:\/\/verneri.net\/selko\/hyvinvointi\/apua-ja-tukea-arkeen\/liikkumisen-tuki\/","title":{"rendered":"Liikkumisen tuki"},"content":{"rendered":"<p>Vammaissopimuksen mukaan vammaisella ihmisell\u00e4 on oikeus liikkua itsen\u00e4isesti.<\/p>\n<p>Sinulla on oikeus k\u00e4ytt\u00e4\u00e4 julkista liikennett\u00e4 kuten muut.<\/p>\n<p>Julkista liikennett\u00e4 ovat esimerkiksi<\/p>\n<ul>\n<li>bussit<\/li>\n<li>ratikat<\/li>\n<li>l\u00e4hijunat<\/li>\n<li>metrot.<\/li>\n<\/ul>\n<p>Jos sinulla on erityisi\u00e4 vaikeuksia liikkumisessa, etk\u00e4 pysty k\u00e4ytt\u00e4m\u00e4\u00e4n julkista liikennett\u00e4 itsen\u00e4isest\u00e4, hyvinvointialue voi j\u00e4rjest\u00e4\u00e4 sinulle tukea liikkumiseen.<\/p>\n<p>Hyvinvointialue voi j\u00e4rjest\u00e4\u00e4 tukea matkoihin<\/p>\n<ul>\n<li>ty\u00f6paikalle<\/li>\n<li>kouluun<\/li>\n<li>ty\u00f6llistymist\u00e4 tukevaan toimintaan<\/li>\n<li>ty\u00f6toimintaan<\/li>\n<li>harrastuksiin<\/li>\n<li>tapaamisiin esimerkiksi kavereiden kanssa<\/li>\n<li>asioimiseen esimerkiksi kirjastossa.<\/li>\n<\/ul>\n<p>Tuki voi olla esimerkiksi kuljetuspalvelua.<\/p>\n<p>Voit saada my\u00f6s tukea ja ohjausta, kun opettelet kulkemaan joukkoliikenteell\u00e4 itsen\u00e4isesti.<\/p>\n<p>Voit kysy\u00e4 liikkumisen tuesta lis\u00e4\u00e4 esimerkiksi sosiaality\u00f6ntekij\u00e4lt\u00e4.<\/p>\n<p><strong>Teksti:<\/strong> Jenni Sipil\u00e4, 2026<br \/>\n<strong>Kuva: <\/strong>Tapio Haaja, Unsplash<\/p>\n","protected":false},"excerpt":{"rendered":"<p>Vammaissopimuksen mukaan vammaisella ihmisell\u00e4 on oikeus liikkua itsen\u00e4isesti. Sinulla on oikeus k\u00e4ytt\u00e4\u00e4 julkista liikennett\u00e4 kuten muut. Julkista liikennett\u00e4 ovat esimerkiksi [&hellip;]<\/p>\n","protected":false},"author":2,"featured_media":14658,"parent":20,"menu_order":451,"comment_status":"closed","ping_status":"closed","template":"","meta":{"_acf_changed":false,"footnotes":""},"class_list":["post-14621","page","type-page","status-publish","has-post-thumbnail","hentry"],"acf":[],"_links":{"self":[{"href":"https:\/\/verneri.net\/selko\/wp-json\/wp\/v2\/pages\/14621","targetHints":{"allow":["GET"]}}],"collection":[{"href":"https:\/\/verneri.net\/selko\/wp-json\/wp\/v2\/pages"}],"about":[{"href":"https:\/\/verneri.net\/selko\/wp-json\/wp\/v2\/types\/page"}],"author":[{"embeddable":true,"href":"https:\/\/verneri.net\/selko\/wp-json\/wp\/v2\/users\/2"}],"replies":[{"embeddable":true,"href":"https:\/\/verneri.net\/selko\/wp-json\/wp\/v2\/comments?post=14621"}],"version-history":[{"count":0,"href":"https:\/\/verneri.net\/selko\/wp-json\/wp\/v2\/pages\/14621\/revisions"}],"up":[{"embeddable":true,"href":"https:\/\/verneri.net\/selko\/wp-json\/wp\/v2\/pages\/20"}],"wp:featuredmedia":[{"embeddable":true,"href":"https:\/\/verneri.net\/selko\/wp-json\/wp\/v2\/media\/14658"}],"wp:attachment":[{"href":"https:\/\/verneri.net\/selko\/wp-json\/wp\/v2\/media?parent=14621"}],"curies":[{"name":"wp","href":"https:\/\/api.w.org\/{rel}","templated":true}]}}