{"id":14681,"date":"2025-03-24T19:07:00","date_gmt":"2025-03-24T17:07:00","guid":{"rendered":"http:\/\/localhost\/verneri\/selko-dev\/?page_id=14681"},"modified":"2025-10-27T14:35:41","modified_gmt":"2025-10-27T12:35:41","slug":"valmennus","status":"publish","type":"page","link":"https:\/\/verneri.net\/selko\/hyvinvointi\/apua-ja-tukea-arkeen\/valmennus\/","title":{"rendered":"Valmennus"},"content":{"rendered":"<p>Vammaissopimuksen mukaan vammaisella ihmisell\u00e4 on oikeus itsen\u00e4iseen el\u00e4m\u00e4\u00e4n.<\/p>\n<p>Itsen\u00e4inen el\u00e4m\u00e4 voi tarkoittaa esimerkiksi asumista itsen\u00e4isesti omassa kodissa.<\/p>\n<p>Hyvinvointialue voi j\u00e4rjest\u00e4\u00e4 vammaiselle ihmiselle valmennusta, jossa harjoitellaan itsen\u00e4isen el\u00e4m\u00e4n taitoja. Voit saada valmennusta esimerkiksi silloin, kun suunnittelet muuttoa uuteen kotiin.<\/p>\n<p>Valmennuksessa voit harjoitella esimerkiksi<\/p>\n<ul>\n<li>kotit\u00f6it\u00e4<\/li>\n<li>rahank\u00e4ytt\u00f6\u00e4<\/li>\n<li>liikkumista<\/li>\n<li>ajan hahmottamista<\/li>\n<li>digipalveluiden k\u00e4ytt\u00f6\u00e4<\/li>\n<li>asioimista esimerkiksi pankissa<\/li>\n<li>vuorovaikutusta muiden ihmisten kanssa.<\/li>\n<\/ul>\n<p>Voit kysy\u00e4 valmennuksesta lis\u00e4\u00e4 omalta sosiaality\u00f6ntekij\u00e4lt\u00e4.<\/p>\n<p>Voi kysy\u00e4 valmennuksesta my\u00f6s Verkko-Kertulta. Verkko-Kerttu vastaa kysymykseesi selkokielell\u00e4.<\/p>\n<p><a href=\"https:\/\/verneri.net\/selko\/verkko-kerttu\/kysy-kertulta\/\">Kysy Kertulta<\/a><\/p>\n<p><strong>Teksti:<\/strong> Jenni Sipil\u00e4, 2025<br \/>\n<strong>Kuva:<\/strong> Risto Musta<\/p>\n","protected":false},"excerpt":{"rendered":"<p>Vammaissopimuksen mukaan vammaisella ihmisell\u00e4 on oikeus itsen\u00e4iseen el\u00e4m\u00e4\u00e4n. Itsen\u00e4inen el\u00e4m\u00e4 voi tarkoittaa esimerkiksi asumista itsen\u00e4isesti omassa kodissa. Hyvinvointialue voi j\u00e4rjest\u00e4\u00e4 [&hellip;]<\/p>\n","protected":false},"author":2,"featured_media":17017,"parent":20,"menu_order":8,"comment_status":"closed","ping_status":"closed","template":"","meta":{"_acf_changed":false,"footnotes":""},"class_list":["post-14681","page","type-page","status-publish","has-post-thumbnail","hentry"],"acf":[],"_links":{"self":[{"href":"https:\/\/verneri.net\/selko\/wp-json\/wp\/v2\/pages\/14681","targetHints":{"allow":["GET"]}}],"collection":[{"href":"https:\/\/verneri.net\/selko\/wp-json\/wp\/v2\/pages"}],"about":[{"href":"https:\/\/verneri.net\/selko\/wp-json\/wp\/v2\/types\/page"}],"author":[{"embeddable":true,"href":"https:\/\/verneri.net\/selko\/wp-json\/wp\/v2\/users\/2"}],"replies":[{"embeddable":true,"href":"https:\/\/verneri.net\/selko\/wp-json\/wp\/v2\/comments?post=14681"}],"version-history":[{"count":0,"href":"https:\/\/verneri.net\/selko\/wp-json\/wp\/v2\/pages\/14681\/revisions"}],"up":[{"embeddable":true,"href":"https:\/\/verneri.net\/selko\/wp-json\/wp\/v2\/pages\/20"}],"wp:featuredmedia":[{"embeddable":true,"href":"https:\/\/verneri.net\/selko\/wp-json\/wp\/v2\/media\/17017"}],"wp:attachment":[{"href":"https:\/\/verneri.net\/selko\/wp-json\/wp\/v2\/media?parent=14681"}],"curies":[{"name":"wp","href":"https:\/\/api.w.org\/{rel}","templated":true}]}}