{"id":14757,"date":"2025-03-27T14:15:19","date_gmt":"2025-03-27T12:15:19","guid":{"rendered":"http:\/\/localhost\/verneri\/selko-dev\/?page_id=14757"},"modified":"2025-05-19T18:30:21","modified_gmt":"2025-05-19T15:30:21","slug":"seurustelu-tuo-iloa","status":"publish","type":"page","link":"https:\/\/verneri.net\/selko\/hyvinvointi\/ihmissuhteet\/minun-ihmissuhteeni\/seurustelu-tuo-iloa\/","title":{"rendered":"Seurustelu tuo iloa"},"content":{"rendered":"<p>Suvi Ontto-Panula tapasi poikayst\u00e4v\u00e4ns\u00e4 Jani-Matin ty\u00f6toimintakeskuksessa. T\u00e4ss\u00e4 haastattelussa Suvi kertoo seurustelusta.<\/p>\n<h2>Kuinka kauan olet seurustellut?<\/h2>\n<p>Olen seurustellut Jani-Matin kanssa 6 kuukautta.<\/p>\n<h2>Miten aloitte seurustella?<\/h2>\n<p>Tutustuimme ty\u00f6toimintakeskuksessa, olemme samassa ryhm\u00e4ss\u00e4.<\/p>\n<p>Oltiin tunnettu ehk\u00e4 pari vuotta ja katsottu ilmeisesti toinen toisiamme. Yhten\u00e4 p\u00e4iv\u00e4n\u00e4 Jani-Matti teki aloitteen.<\/p>\n<h2>Mit\u00e4 teette yhdess\u00e4?<\/h2>\n<p>T\u00f6iden j\u00e4lkeen teemme ruokaa ja katsomme elokuvia.<\/p>\n<p>K\u00e4ymme my\u00f6s lenkill\u00e4 yhdess\u00e4 ja kes\u00e4ll\u00e4 py\u00f6r\u00e4ilemme.<\/p>\n<p>Voisimme aloittaa my\u00f6s kuntosalin yhdess\u00e4, koska se on mukavaa. Ei sinne tule l\u00e4hdetty\u00e4 yksink\u00e4\u00e4n.<\/p>\n<p>Joskus k\u00e4ymme my\u00f6s elokuvissa ja festareilla kes\u00e4isin.<\/p>\n<h2>Milt\u00e4 tuntuu seurustella?<\/h2>\n<p>Hyv\u00e4lt\u00e4. Toisen kanssa on hyv\u00e4 ja turvallinen olla. Seurustelu on tuonut iloa el\u00e4m\u00e4\u00e4n.<\/p>\n<h2>Mist\u00e4 pid\u00e4t Jani-Matissa?<\/h2>\n<p>Kaikesta. Silm\u00e4t, parta, hymy ja rauhallisuus j\u00e4iv\u00e4t mieleeni, kun n\u00e4in h\u00e4net ensi kertaa.<\/p>\n<h2>Onko teill\u00e4 yhteisi\u00e4 unelmia?<\/h2>\n<p>Haluaisimme asua joskus yhdess\u00e4, menn\u00e4 kihloihin ja naimisiin. Mutta ei tietenk\u00e4\u00e4n kiirehti\u00e4.<\/p>\n<h2>Millaisen vinkin antaisit ihmiselle, joka etsii kumppania?<\/h2>\n<p>Mene ihan rohkeasti tutustumaan ja kerro rohkeasti, jos olet ihastunut.<\/p>\n<p>Esimerkiksi t\u00f6iss\u00e4, opiskellessa ja harrastuksissa voi tutustua uusiin ihmisiin.<\/p>\n<p><strong>Teksti:<\/strong> Sara Massinen, 2024<br \/>\n<strong>Kuva:<\/strong> Suvi Ontto-Panula<\/p>\n","protected":false},"excerpt":{"rendered":"<p>Suvi Ontto-Panula tapasi poikayst\u00e4v\u00e4ns\u00e4 Jani-Matin ty\u00f6toimintakeskuksessa. T\u00e4ss\u00e4 haastattelussa Suvi kertoo seurustelusta. Kuinka kauan olet seurustellut? Olen seurustellut Jani-Matin kanssa 6 [&hellip;]<\/p>\n","protected":false},"author":2,"featured_media":15018,"parent":14756,"menu_order":0,"comment_status":"closed","ping_status":"closed","template":"","meta":{"_acf_changed":false,"footnotes":""},"class_list":["post-14757","page","type-page","status-publish","has-post-thumbnail","hentry"],"acf":[],"_links":{"self":[{"href":"https:\/\/verneri.net\/selko\/wp-json\/wp\/v2\/pages\/14757","targetHints":{"allow":["GET"]}}],"collection":[{"href":"https:\/\/verneri.net\/selko\/wp-json\/wp\/v2\/pages"}],"about":[{"href":"https:\/\/verneri.net\/selko\/wp-json\/wp\/v2\/types\/page"}],"author":[{"embeddable":true,"href":"https:\/\/verneri.net\/selko\/wp-json\/wp\/v2\/users\/2"}],"replies":[{"embeddable":true,"href":"https:\/\/verneri.net\/selko\/wp-json\/wp\/v2\/comments?post=14757"}],"version-history":[{"count":0,"href":"https:\/\/verneri.net\/selko\/wp-json\/wp\/v2\/pages\/14757\/revisions"}],"up":[{"embeddable":true,"href":"https:\/\/verneri.net\/selko\/wp-json\/wp\/v2\/pages\/14756"}],"wp:featuredmedia":[{"embeddable":true,"href":"https:\/\/verneri.net\/selko\/wp-json\/wp\/v2\/media\/15018"}],"wp:attachment":[{"href":"https:\/\/verneri.net\/selko\/wp-json\/wp\/v2\/media?parent=14757"}],"curies":[{"name":"wp","href":"https:\/\/api.w.org\/{rel}","templated":true}]}}