{"id":16992,"date":"2025-09-11T15:06:06","date_gmt":"2025-09-11T12:06:06","guid":{"rendered":"http:\/\/localhost\/verneri\/selko-dev\/?page_id=16992"},"modified":"2025-10-02T16:40:03","modified_gmt":"2025-10-02T13:40:03","slug":"tutkimuksia-vammaisuudesta","status":"publish","type":"page","link":"https:\/\/verneri.net\/selko\/hyvinvointi\/vammaisuus\/tutkimuksia-vammaisuudesta\/","title":{"rendered":"Tutkimuksia vammaisuudesta"},"content":{"rendered":"<p>N\u00e4ill\u00e4 sivuilla voit tutustua tutkimuksiin kehitysvammaisten ihmisten el\u00e4m\u00e4st\u00e4.<\/p>\n<p>Sivuilla kerrotaan esimerkiksi kehitysvammaisuudesta voimavarana, tuetusta asumisesta ja el\u00e4kkeelle j\u00e4\u00e4misest\u00e4.<\/p>\n","protected":false},"excerpt":{"rendered":"<p>N\u00e4ill\u00e4 sivuilla voit tutustua tutkimuksiin kehitysvammaisten ihmisten el\u00e4m\u00e4st\u00e4. Sivuilla kerrotaan esimerkiksi kehitysvammaisuudesta voimavarana, tuetusta asumisesta ja el\u00e4kkeelle j\u00e4\u00e4misest\u00e4.<\/p>\n","protected":false},"author":2,"featured_media":17265,"parent":13,"menu_order":47,"comment_status":"closed","ping_status":"closed","template":"","meta":{"_acf_changed":false,"footnotes":""},"class_list":["post-16992","page","type-page","status-publish","has-post-thumbnail","hentry"],"acf":[],"_links":{"self":[{"href":"https:\/\/verneri.net\/selko\/wp-json\/wp\/v2\/pages\/16992","targetHints":{"allow":["GET"]}}],"collection":[{"href":"https:\/\/verneri.net\/selko\/wp-json\/wp\/v2\/pages"}],"about":[{"href":"https:\/\/verneri.net\/selko\/wp-json\/wp\/v2\/types\/page"}],"author":[{"embeddable":true,"href":"https:\/\/verneri.net\/selko\/wp-json\/wp\/v2\/users\/2"}],"replies":[{"embeddable":true,"href":"https:\/\/verneri.net\/selko\/wp-json\/wp\/v2\/comments?post=16992"}],"version-history":[{"count":0,"href":"https:\/\/verneri.net\/selko\/wp-json\/wp\/v2\/pages\/16992\/revisions"}],"up":[{"embeddable":true,"href":"https:\/\/verneri.net\/selko\/wp-json\/wp\/v2\/pages\/13"}],"wp:featuredmedia":[{"embeddable":true,"href":"https:\/\/verneri.net\/selko\/wp-json\/wp\/v2\/media\/17265"}],"wp:attachment":[{"href":"https:\/\/verneri.net\/selko\/wp-json\/wp\/v2\/media?parent=16992"}],"curies":[{"name":"wp","href":"https:\/\/api.w.org\/{rel}","templated":true}]}}