{"id":16993,"date":"2025-09-11T15:18:47","date_gmt":"2025-09-11T12:18:47","guid":{"rendered":"http:\/\/localhost\/verneri\/selko-dev\/?page_id=16993"},"modified":"2025-10-27T15:10:45","modified_gmt":"2025-10-27T13:10:45","slug":"erilaisia-polkuja-vanhuuden-elakkeelle","status":"publish","type":"page","link":"https:\/\/verneri.net\/selko\/hyvinvointi\/vammaisuus\/tutkimuksia-vammaisuudesta\/erilaisia-polkuja-vanhuuden-elakkeelle\/","title":{"rendered":"Erilaisia polkuja vanhuuden el\u00e4kkeelle"},"content":{"rendered":"<p>Sirpa Gran\u00f6 tutki, millaista kehitysvammaisen ihmisen el\u00e4m\u00e4 on, kun h\u00e4n <span data-olk-copy-source=\"MailCompose\">haluaa j\u00e4\u00e4d\u00e4 ty\u00f6- tai p\u00e4iv\u00e4toiminnasta vanhuuden el\u00e4kkeelle.<\/span><\/p>\n<p>T\u00e4ss\u00e4 tiivistelm\u00e4ss\u00e4 kerrotaan, miten Gran\u00f6 tutki asiaa ja millaisia tutkimustuloksia h\u00e4n sai. Gran\u00f6sta k\u00e4ytet\u00e4\u00e4n tekstiss\u00e4 sanaa tutkija.<\/p>\n<p>Tutkija halusi saada tietoa etenkin n\u00e4ist\u00e4 asioista:<\/p>\n<ul>\n<li>Miten el\u00e4m\u00e4 muuttuu, kun j\u00e4\u00e4 vanhuuden el\u00e4kkeelle?<\/li>\n<li>Mitk\u00e4 asiat eiv\u00e4t muutu, vaikka j\u00e4\u00e4 el\u00e4kkeelle?<\/li>\n<li>P\u00e4\u00e4tt\u00e4\u00e4k\u00f6 ihminen itse, milloin h\u00e4n j\u00e4\u00e4 vanhuuden el\u00e4kkeelle?<\/li>\n<\/ul>\n<h2>Miten tutkimus tehtiin?<\/h2>\n<p>Tutkimuksessa oli mukana 4 henkil\u00f6\u00e4. Heist\u00e4 k\u00e4ytet\u00e4\u00e4n t\u00e4ss\u00e4 tekstiss\u00e4 sanaa osallistuja.<\/p>\n<p>Nuorin osallistuja oli 59 vuotta ja vanhin 65 vuotta. Kaikki osallistujat k\u00e4viv\u00e4t ty\u00f6- tai p\u00e4iv\u00e4toiminnassa, mutta he halusivat lopettaa ja j\u00e4\u00e4d\u00e4 el\u00e4kkeelle. Kaikki asuivat ryhm\u00e4kodissa.<\/p>\n<div data-olk-copy-source=\"MailCompose\">Tutkija antoi osallistujille kamerat, joilla he saivat ottaa kuvia el\u00e4m\u00e4st\u00e4\u00e4n. Osallistujat ja tutkija katsoivat kuvia yhdess\u00e4.<\/div>\n<div data-olk-copy-source=\"MailCompose\"><\/div>\n<div data-olk-copy-source=\"MailCompose\">Tutkija my\u00f6s haastatteli osallistujia.<\/div>\n<div data-olk-copy-source=\"MailCompose\"><\/div>\n<div data-olk-copy-source=\"MailCompose\">Tutkija kysyi osallistujalta esimerkiksi<\/div>\n<ul>\n<li>Mit\u00e4 valokuvissa on?<\/li>\n<li>Mit\u00e4 sinun p\u00e4iv\u00e4\u00e4si kuuluu?<\/li>\n<li>Miksi haluat j\u00e4\u00e4d\u00e4 pois p\u00e4iv\u00e4- tai ty\u00f6toiminnasta?<\/li>\n<li>Mit\u00e4 haluat tehd\u00e4, kun olet el\u00e4kkeell\u00e4?<\/li>\n<\/ul>\n<div>Tutkija keskusteli my\u00f6s ohjaajien kanssa, kun h\u00e4n k\u00e4vi haastattelemassa tutkimuksen osallistujia.<\/div>\n<div><\/div>\n<div>N\u00e4in tutkija sai tutkimuksen aineiston. T\u00e4st\u00e4 aineistosta h\u00e4n etsi asioita, jotka muuttuivat ja asioita, jotka pysyiv\u00e4t ennallaan tutkimuksen aikana. Lis\u00e4ksi h\u00e4n tutki, miten p\u00e4\u00e4t\u00f6ksi\u00e4 tehtiin, kun kehitysvammainen henkil\u00f6 j\u00e4i pois ty\u00f6- tai p\u00e4iv\u00e4toiminnasta.<\/div>\n<h2>Millaista tietoa tutkimuksen avulla saatiin?<\/h2>\n<p>Tutkimuksen mukaan kehitysvammaiselle ihmiselle on suuri muutos lopettaa ty\u00f6- tai p\u00e4iv\u00e4toiminta<br \/>\nja j\u00e4\u00e4d\u00e4 vanhuuden el\u00e4kkeelle. T\u00e4m\u00e4 muutos ei tapahdu yleens\u00e4 yht\u00e4kki\u00e4, vaan v\u00e4hitellen.<\/p>\n<p>Tutkimuksen alussa kaikki osallistujat kertoivat, ett\u00e4 he haluavat j\u00e4\u00e4d\u00e4 pian el\u00e4kkeelle. Tutkimuksen aikana kuitenkin vain yksi osallistuja j\u00e4i el\u00e4kkeelle.<\/p>\n<p>Muut osallistujat olivat kuin v\u00e4litilassa: eiv\u00e4t t\u00e4ysin ty\u00f6ss\u00e4 ja eiv\u00e4t t\u00e4ysin el\u00e4kkeell\u00e4.<\/p>\n<p>Yksi tutkimuksen osallistuja perui p\u00e4\u00e4t\u00f6ksen j\u00e4\u00e4d\u00e4 el\u00e4kkeelle. H\u00e4n p\u00e4\u00e4tti sen sijaan siirty\u00e4 p\u00e4iv\u00e4toiminnasta ty\u00f6toimintaan.<\/p>\n<p>Toinen osallistuja j\u00e4i el\u00e4kkeelle, mutta palasi sitten ty\u00f6toimintaan muutamana p\u00e4iv\u00e4n\u00e4 viikossa. Kun tutkija tapasi t\u00e4m\u00e4n osallistujan viimeisen kerran, osallistuja kertoi, ett\u00e4 nyt h\u00e4n aikoo j\u00e4\u00e4d\u00e4 el\u00e4kkeelle kokonaan.<\/p>\n<p>Tutkimuksen mukaan kehitysvammainen henkil\u00f6 ei voi p\u00e4\u00e4tt\u00e4\u00e4 yksin, ett\u00e4 h\u00e4n lopettaa ty\u00f6n ja j\u00e4\u00e4 el\u00e4kkeelle. Vammaispalvelujen ja palveluyksik\u00f6iden ty\u00f6ntekij\u00f6ill\u00e4 on suuri rooli p\u00e4\u00e4t\u00f6ksess\u00e4. He keskustelevat kehitysvammaisten asiakkaiden kanssa, milloin asiakkaat j\u00e4\u00e4v\u00e4t el\u00e4kkeelle.<\/p>\n<p>Tutkimuksen mukaan ty\u00f6ntekij\u00e4t yritt\u00e4v\u00e4t auttaa asiakasta tekem\u00e4\u00e4n hyv\u00e4n p\u00e4\u00e4t\u00f6ksen.<\/p>\n<p>T\u00e4ss\u00e4 tutkimuksessa ty\u00f6ntekij\u00e4t olivat usein sit\u00e4 mielt\u00e4, ett\u00e4 kehitysvammaisen asiakkaan on hyv\u00e4 jatkaa ty\u00f6- tai p\u00e4iv\u00e4toiminnassa eik\u00e4 j\u00e4\u00e4d\u00e4 kokonaan el\u00e4kkeelle.<\/p>\n<p>El\u00e4kkeelle j\u00e4\u00e4minen ei ollut osallistujille aina helppoa aikaa.<\/p>\n<p>El\u00e4kkeell\u00e4 oleminen oli suuri muutos. Lis\u00e4ksi osallistujilla oli samaan aikaan muita muutoksia el\u00e4m\u00e4ss\u00e4. N\u00e4m\u00e4 muutokset liittyiv\u00e4t heid\u00e4n terveyteens\u00e4 ja kykyyns\u00e4 toimia. Lis\u00e4ksi ryhm\u00e4kodin naapurit vaihtuivat, ja yhden osallistujan hyv\u00e4 yst\u00e4v\u00e4 kuoli.<\/p>\n<h2>Mit\u00e4 tutkimuksen tuloksista voidaan oppia?<\/h2>\n<p>On t\u00e4rke\u00e4\u00e4 suunnitella ajoissa, milloin ihminen lopettaa ty\u00f6- ja p\u00e4iv\u00e4toiminnan.<\/p>\n<p>On my\u00f6s t\u00e4rke\u00e4\u00e4 ymm\u00e4rt\u00e4\u00e4, ett\u00e4 ihminen voi j\u00e4\u00e4d\u00e4 v\u00e4litilaan ty\u00f6n ja vanhuuden el\u00e4kkeen v\u00e4liin.<\/p>\n<p>Ammattilaisten t\u00e4ytyy tukea kehitysvammaista ihmist\u00e4, ett\u00e4 t\u00e4m\u00e4 voi tehd\u00e4 p\u00e4\u00e4t\u00f6ksen el\u00e4kkeest\u00e4. Kun muutos ty\u00f6st\u00e4 el\u00e4kkeelle sujuu hyvin, ihmisell\u00e4 on hyv\u00e4 l\u00e4ht\u00f6kohta siihen, ett\u00e4 h\u00e4n voi hyvin vanhuusel\u00e4kkeell\u00e4.<\/p>\n<h2>Timo \u2013 ei el\u00e4kkeelle<\/h2>\n<p>Kun tutkimus alkoi, Timon el\u00e4m\u00e4ss\u00e4 oli paljon muutoksia. Timo oli muuttanut uuteen ryhm\u00e4kotiin.<\/p>\n<p>Timo k\u00e4vi p\u00e4iv\u00e4toiminnassa. My\u00f6s p\u00e4iv\u00e4toimintakeskus oli muuttanut uuteen kaupunginosaan. Tutkija huomasi, ett\u00e4 Timon elinpiiri oli melko laaja.<\/p>\n<p>Timon reitti kotoa p\u00e4iv\u00e4toimintaan oli muuttunut, mutta se ei ollut ongelma. Timo oli tottunut liikkumaan yksin. H\u00e4n k\u00e4veli ja k\u00e4ytti julkisia kulkuv\u00e4lineit\u00e4. V\u00e4lill\u00e4 Timo k\u00e4vi kyl\u00e4ss\u00e4 entisten naapureidensa luona, mutta h\u00e4nell\u00e4 oli my\u00f6s uusia yst\u00e4vi\u00e4 uudessa asumisyhteis\u00f6ss\u00e4.<\/p>\n<p>Kun tutkija tapasi Timon ensimm\u00e4isen kerran, Timo oli surullinen. H\u00e4nen sukulaisensa oli kuollut.<\/p>\n<p>Timon el\u00e4m\u00e4ss\u00e4 oli my\u00f6s iloa. H\u00e4n oli ollut jo kauan kihloissa.<\/p>\n<p>Timo oli siirtym\u00e4ss\u00e4 el\u00e4kkeelle monen vaiheen kautta. Ensin h\u00e4n lopetti osa-aikaty\u00f6n ja siirtyi ty\u00f6toimintaan. Sitten h\u00e4n lopetti ty\u00f6toiminnan ja siirtyi p\u00e4iv\u00e4toimintaan.<\/p>\n<p>P\u00e4iv\u00e4toiminnan ohjaaja kertoi tutkijalle, ett\u00e4 Timo ei jaksanut en\u00e4\u00e4 ty\u00f6toiminnan t\u00f6it\u00e4, joten h\u00e4nen oli hyv\u00e4 siirty\u00e4 p\u00e4iv\u00e4toimintaan.<\/p>\n<p>Ensimm\u00e4isen haastattelun aikaan Timo k\u00e4vi p\u00e4iv\u00e4toiminnassa muutamana p\u00e4iv\u00e4n\u00e4 viikossa. Timo kertoi tutkijalle, ett\u00e4 h\u00e4n halusi j\u00e4\u00e4d\u00e4 kokonaan el\u00e4kkeelle. H\u00e4n sanoi, ett\u00e4 on v\u00e4synyt.<\/p>\n<p>Timolla oli suunnitelma, ett\u00e4 h\u00e4n j\u00e4\u00e4 el\u00e4kkeelle, kun t\u00e4ytt\u00e4\u00e4 60 vuotta.<\/p>\n<p>Puoli vuotta my\u00f6hemmin Timo oli eri mielt\u00e4. H\u00e4n ei halunnut j\u00e4\u00e4d\u00e4 el\u00e4kkeelle, koska sitten ei ole mit\u00e4\u00e4n tekemist\u00e4.<\/p>\n<p>Timo kaipasi kuitenkin muutosta. H\u00e4n halusi palata ty\u00f6toimintaan.<\/p>\n<p>Timo oli aiemmin kertonut tutkijalle, ett\u00e4 toimintakeskuksen asiakkailta kysyttiin s\u00e4\u00e4nn\u00f6llisesti, haluavatko he vaihtaa toimintaryhm\u00e4\u00e4. Timo kertoi, ett\u00e4 h\u00e4n oli itse p\u00e4\u00e4tt\u00e4nyt lopettaa ty\u00f6toiminnan ja siirty\u00e4 p\u00e4iv\u00e4toimintaan. H\u00e4n sanoi, ett\u00e4 sai itse p\u00e4\u00e4tt\u00e4\u00e4 muutoksesta.<\/p>\n<p>Tutkija kysyi, voisiko Timo p\u00e4\u00e4tt\u00e4\u00e4 itse my\u00f6s sen, ett\u00e4 h\u00e4n j\u00e4\u00e4 kokonaan pois toiminnasta ja j\u00e4\u00e4 vanhuuden el\u00e4kkeelle. Timo vastasi, ett\u00e4 ei voisi. Ohjaajat p\u00e4\u00e4tt\u00e4v\u00e4t sen.<\/p>\n<p>Tutkija ajatteli, ett\u00e4 Timo voi kertoa toiveensa, mutta h\u00e4n ei voi tehd\u00e4 yksin suuria p\u00e4\u00e4t\u00f6ksi\u00e4.<\/p>\n<p>Tutkijasta vaikutti, ett\u00e4 Timo kaipaa lis\u00e4\u00e4 toimintaa. Timo halusi muutakin el\u00e4m\u00e4\u00e4 kuin sit\u00e4, mit\u00e4 h\u00e4n sai kehitysvammaisille tarkoitettujen palvelujen kautta.<\/p>\n<p>Tutkija arveli, ett\u00e4 Timosta paluu ty\u00f6toimintaan olisi hyv\u00e4\u00e4 el\u00e4m\u00e4\u00e4. Timo oli kyll\u00e4stynyt p\u00e4iv\u00e4toimintaan. Siell\u00e4 oli v\u00e4h\u00e4n toimintaa. Ty\u00f6toiminnan ryhm\u00e4 sen sijaan teki retki\u00e4.<\/p>\n<p>Timo halusi siis vaihtelua. Toisaalta paluu ty\u00f6toimintaan monen muutoksen j\u00e4lkeen voi kertoa my\u00f6s siit\u00e4, ett\u00e4 Timo kaipasi vanhoja tuttuja asioita el\u00e4m\u00e4\u00e4n.<\/p>\n<p>Kun tutkijan ja Timon ensimm\u00e4isest\u00e4 tapaamisesta oli vuosi, Timo k\u00e4vi ty\u00f6toiminnassa. Vaikka toiminta oli muuttunut, Timon aikataulut olivat samat kuin ennen. Se toi Timon el\u00e4m\u00e4\u00e4n jatkuvuutta. H\u00e4n nautti ty\u00f6toiminnassa erityisesti retkist\u00e4 ja teatterissa k\u00e4ymisest\u00e4.<\/p>\n<p>Kolmannessa haastattelussa Timo kertoi tutkijalle, ett\u00e4 on tyytyv\u00e4inen el\u00e4m\u00e4\u00e4ns\u00e4. H\u00e4n toivoi, ett\u00e4 el\u00e4m\u00e4 pysyy samanlaisena pitk\u00e4n ajan. Tutkija kysyi, aikooko Timo j\u00e4\u00e4d\u00e4 el\u00e4kkeelle. Timo vastasi, ett\u00e4 ei j\u00e4\u00e4 el\u00e4kkeelle ollenkaan.<br \/>\nTimo ei ollut en\u00e4\u00e4 v\u00e4synyt.<\/p>\n<p>Timo teki v\u00e4lill\u00e4 vapaaehtoist\u00f6it\u00e4. H\u00e4nell\u00e4 oli my\u00f6s t\u00e4rkeit\u00e4 harrastuksia. Timo oli eritt\u00e4in seurallinen. H\u00e4n nautti, kun sai suunnitella vierailuja sukulaisten ja tytt\u00f6yst\u00e4v\u00e4n luokse.<\/p>\n<p>Juuri ennen Timon ja tutkijan kolmatta tapaamista Timon el\u00e4m\u00e4ss\u00e4 oli ik\u00e4v\u00e4 muutos. Timon hyv\u00e4 yst\u00e4v\u00e4 kuoli. Timo valmistautui yst\u00e4v\u00e4n hautajaisiin.<\/p>\n<p>Tutkijasta vaikutti silt\u00e4, ett\u00e4 Timolle oli j\u00e4rjestetty palveluja, jotka sopivat h\u00e4nelle. Palvelut oli my\u00f6s j\u00e4rjestetty tavalla, joka sopi Timolle. Kun Timo muutti mielipidett\u00e4 el\u00e4kkeelle j\u00e4\u00e4misest\u00e4, p\u00e4iv\u00e4- ja ty\u00f6toiminnan ty\u00f6ntekij\u00e4t auttoivat h\u00e4nt\u00e4 tekem\u00e4\u00e4n muutoksia arjessa.<\/p>\n<p>Muutosten j\u00e4lkeen Timo kertoi tutkijalle, ett\u00e4 h\u00e4n ei halua muuttaa mit\u00e4\u00e4n el\u00e4m\u00e4ss\u00e4\u00e4n. H\u00e4n haluaa, ett\u00e4 kaikki pysyy samanlaisena.<\/p>\n","protected":false},"excerpt":{"rendered":"<p>Sirpa Gran\u00f6 tutki, millaista kehitysvammaisen ihmisen el\u00e4m\u00e4 on, kun h\u00e4n haluaa j\u00e4\u00e4d\u00e4 ty\u00f6- tai p\u00e4iv\u00e4toiminnasta vanhuuden el\u00e4kkeelle. T\u00e4ss\u00e4 tiivistelm\u00e4ss\u00e4 kerrotaan, [&hellip;]<\/p>\n","protected":false},"author":2,"featured_media":16995,"parent":16992,"menu_order":6,"comment_status":"closed","ping_status":"closed","template":"","meta":{"_acf_changed":false,"footnotes":""},"class_list":["post-16993","page","type-page","status-publish","has-post-thumbnail","hentry"],"acf":[],"_links":{"self":[{"href":"https:\/\/verneri.net\/selko\/wp-json\/wp\/v2\/pages\/16993","targetHints":{"allow":["GET"]}}],"collection":[{"href":"https:\/\/verneri.net\/selko\/wp-json\/wp\/v2\/pages"}],"about":[{"href":"https:\/\/verneri.net\/selko\/wp-json\/wp\/v2\/types\/page"}],"author":[{"embeddable":true,"href":"https:\/\/verneri.net\/selko\/wp-json\/wp\/v2\/users\/2"}],"replies":[{"embeddable":true,"href":"https:\/\/verneri.net\/selko\/wp-json\/wp\/v2\/comments?post=16993"}],"version-history":[{"count":0,"href":"https:\/\/verneri.net\/selko\/wp-json\/wp\/v2\/pages\/16993\/revisions"}],"up":[{"embeddable":true,"href":"https:\/\/verneri.net\/selko\/wp-json\/wp\/v2\/pages\/16992"}],"wp:featuredmedia":[{"embeddable":true,"href":"https:\/\/verneri.net\/selko\/wp-json\/wp\/v2\/media\/16995"}],"wp:attachment":[{"href":"https:\/\/verneri.net\/selko\/wp-json\/wp\/v2\/media?parent=16993"}],"curies":[{"name":"wp","href":"https:\/\/api.w.org\/{rel}","templated":true}]}}