{"id":17,"date":"2024-11-26T14:04:45","date_gmt":"2024-11-26T12:04:45","guid":{"rendered":"http:\/\/localhost\/verneri\/selko-dev\/hyvinvointi\/ihmissuhteet\/"},"modified":"2025-09-11T10:18:55","modified_gmt":"2025-09-11T07:18:55","slug":"ihmissuhteet","status":"publish","type":"page","link":"https:\/\/verneri.net\/selko\/hyvinvointi\/ihmissuhteet\/","title":{"rendered":"Ihmissuhteet"},"content":{"rendered":"<p>Ihmissuhde tarkoittaa yhteytt\u00e4 kahden ihmisen v\u00e4lill\u00e4. Ihmissuhteita on monenlaisia. Esimerkiksi parisuhde ja yst\u00e4vyyssuhde ovat ihmissuhteita.<\/p>\n<p>Hyv\u00e4 ihmissuhde tuottaa hyv\u00e4\u00e4 mielt\u00e4 molemmille osapuolille.<\/p>\n<p>N\u00e4ilt\u00e4 sivuilta voit lukea erilaisista ihmissuhteista. Saat my\u00f6s vinkkej\u00e4 tutustumiseen ja ihmissuhteiden yll\u00e4pit\u00e4miseen.<\/p>\n","protected":false},"excerpt":{"rendered":"<p>Ihmissuhde tarkoittaa yhteytt\u00e4 kahden ihmisen v\u00e4lill\u00e4. Ihmissuhteita on monenlaisia. Esimerkiksi parisuhde ja yst\u00e4vyyssuhde ovat ihmissuhteita. Hyv\u00e4 ihmissuhde tuottaa hyv\u00e4\u00e4 mielt\u00e4 [&hellip;]<\/p>\n","protected":false},"author":1,"featured_media":16989,"parent":8,"menu_order":345,"comment_status":"closed","ping_status":"closed","template":"","meta":{"_acf_changed":false,"footnotes":""},"class_list":["post-17","page","type-page","status-publish","has-post-thumbnail","hentry"],"acf":[],"_links":{"self":[{"href":"https:\/\/verneri.net\/selko\/wp-json\/wp\/v2\/pages\/17","targetHints":{"allow":["GET"]}}],"collection":[{"href":"https:\/\/verneri.net\/selko\/wp-json\/wp\/v2\/pages"}],"about":[{"href":"https:\/\/verneri.net\/selko\/wp-json\/wp\/v2\/types\/page"}],"author":[{"embeddable":true,"href":"https:\/\/verneri.net\/selko\/wp-json\/wp\/v2\/users\/1"}],"replies":[{"embeddable":true,"href":"https:\/\/verneri.net\/selko\/wp-json\/wp\/v2\/comments?post=17"}],"version-history":[{"count":0,"href":"https:\/\/verneri.net\/selko\/wp-json\/wp\/v2\/pages\/17\/revisions"}],"up":[{"embeddable":true,"href":"https:\/\/verneri.net\/selko\/wp-json\/wp\/v2\/pages\/8"}],"wp:featuredmedia":[{"embeddable":true,"href":"https:\/\/verneri.net\/selko\/wp-json\/wp\/v2\/media\/16989"}],"wp:attachment":[{"href":"https:\/\/verneri.net\/selko\/wp-json\/wp\/v2\/media?parent=17"}],"curies":[{"name":"wp","href":"https:\/\/api.w.org\/{rel}","templated":true}]}}