{"id":17361,"date":"2025-10-08T11:37:51","date_gmt":"2025-10-08T08:37:51","guid":{"rendered":"http:\/\/localhost\/verneri\/selko-dev\/?page_id=17361"},"modified":"2025-10-08T11:39:58","modified_gmt":"2025-10-08T08:39:58","slug":"kay-kirjastossa","status":"publish","type":"page","link":"https:\/\/verneri.net\/selko\/hyvinvointi\/vapaa-aika\/kay-kirjastossa\/","title":{"rendered":"K\u00e4y kirjastossa"},"content":{"rendered":"<p>Jokaisessa Suomen kunnassa on kirjasto.<\/p>\n<p>Kirjastossa voit<\/p>\n<ul>\n<li>lukea<\/li>\n<li>lainata kirjoja, lehti\u00e4, musiikkia ja videoita<\/li>\n<li>k\u00e4ytt\u00e4\u00e4 kirjaston tietokoneita ja muita laitteita<\/li>\n<li>osallistua lukupiireihin, kursseille ja tapahtumiin.<\/li>\n<\/ul>\n<p>Kirjastossa j\u00e4rjestet\u00e4\u00e4n esimerkiksi kirjallisuusiltoja, kirjailijoiden tapaamisia ja konsertteja.<\/p>\n<p>Voit j\u00e4rjest\u00e4\u00e4 kirjastossa tapahtumia my\u00f6s itse.<\/p>\n<p>Melkein kaikki kirjaston palvelut ovat ilmaisia.<\/p>\n<p>Lainaamista varten tarvitset kirjastokortin. Useimpia muita palveluja voit k\u00e4ytt\u00e4\u00e4 ilman kirjastokorttia.<\/p>\n<p>Kirjaston henkil\u00f6kunta vastaa kysymyksiisi ja auttaa sinua kirjastossa.<\/p>\n<p><a href=\"https:\/\/helmet.finna.fi\/Content\/kirjasto-selkokielella\" target=\"_blank\" rel=\"noopener\">Lue lis\u00e4\u00e4 kirjastoista selkokielell\u00e4<\/a> (helmet.fi)<\/p>\n","protected":false},"excerpt":{"rendered":"<p>Jokaisessa Suomen kunnassa on kirjasto. Kirjastossa voit lukea lainata kirjoja, lehti\u00e4, musiikkia ja videoita k\u00e4ytt\u00e4\u00e4 kirjaston tietokoneita ja muita laitteita [&hellip;]<\/p>\n","protected":false},"author":2,"featured_media":17265,"parent":24,"menu_order":86,"comment_status":"closed","ping_status":"closed","template":"","meta":{"_acf_changed":false,"footnotes":""},"class_list":["post-17361","page","type-page","status-publish","has-post-thumbnail","hentry"],"acf":[],"_links":{"self":[{"href":"https:\/\/verneri.net\/selko\/wp-json\/wp\/v2\/pages\/17361","targetHints":{"allow":["GET"]}}],"collection":[{"href":"https:\/\/verneri.net\/selko\/wp-json\/wp\/v2\/pages"}],"about":[{"href":"https:\/\/verneri.net\/selko\/wp-json\/wp\/v2\/types\/page"}],"author":[{"embeddable":true,"href":"https:\/\/verneri.net\/selko\/wp-json\/wp\/v2\/users\/2"}],"replies":[{"embeddable":true,"href":"https:\/\/verneri.net\/selko\/wp-json\/wp\/v2\/comments?post=17361"}],"version-history":[{"count":0,"href":"https:\/\/verneri.net\/selko\/wp-json\/wp\/v2\/pages\/17361\/revisions"}],"up":[{"embeddable":true,"href":"https:\/\/verneri.net\/selko\/wp-json\/wp\/v2\/pages\/24"}],"wp:featuredmedia":[{"embeddable":true,"href":"https:\/\/verneri.net\/selko\/wp-json\/wp\/v2\/media\/17265"}],"wp:attachment":[{"href":"https:\/\/verneri.net\/selko\/wp-json\/wp\/v2\/media?parent=17361"}],"curies":[{"name":"wp","href":"https:\/\/api.w.org\/{rel}","templated":true}]}}