{"id":17516,"date":"2025-10-28T13:40:35","date_gmt":"2025-10-28T11:40:35","guid":{"rendered":"https:\/\/verneri.net\/selko\/?page_id=17516"},"modified":"2025-11-03T17:58:35","modified_gmt":"2025-11-03T15:58:35","slug":"kela-tukee","status":"publish","type":"page","link":"https:\/\/verneri.net\/selko\/hyvinvointi\/apua-ja-tukea-arkeen\/kela-tukee\/","title":{"rendered":"Kela tukee"},"content":{"rendered":"<p>Kela eli Kansanel\u00e4kelaitos tarjoaa monenlaista tukea vammaisille ihmisille.<\/p>\n<p>T\u00e4ll\u00e4 sivulla esimerkkej\u00e4 Kelan tuista.<\/p>\n<h2>Vammaistuki<\/h2>\n<p>Jos sinulla on vamma tai sairaus, joka kest\u00e4\u00e4 pitk\u00e4\u00e4n ja vaikeuttaa arkea, voit saada vammaistukea.<\/p>\n<p>Vammaistuessa on kolme tasoa. Kela arvioi oikeutesi tukeen sen perusteella, miten paljon vamma tai sairaus vaikuttaa arkeesi.<\/p>\n<h2>Asumistuki<\/h2>\n<p>Voit saada Kelasta asumistukea, jos tulosi ovat pienet.<\/p>\n<p>Yleisen asumistuen tarkoitus on auttaa sinua asumismenojesi kanssa.<\/p>\n<p>Voit saada Kelasta my\u00f6s el\u00e4kkeensaajan asumistukea.<\/p>\n<h2>Kuntoutus<\/h2>\n<p>Jos sinulla on sairaus tai vamma, joka vaikeuttaa arkeasi tai t\u00f6iden tekemist\u00e4, voit saada Kelasta kuntoutusta.<\/p>\n<p>Kuntoutustuen alaik\u00e4raja on 18 vuotta.<\/p>\n<p>Kuntoutuksessa sovitte kuntoutuksen tavoitteet yhdess\u00e4 ammattilaisten kanssa.<\/p>\n<p>Kuntoutuksen kautta voit saada my\u00f6s apuv\u00e4lineit\u00e4, jotka helpottavat koulunk\u00e4ynti\u00e4, opiskelua tai ty\u00f6n tekemist\u00e4.<\/p>\n<h2>Ty\u00f6kyvytt\u00f6myysel\u00e4ke<\/h2>\n<p>Voit saada kuntoutustukea tai ty\u00f6kyvytt\u00f6myysel\u00e4kett\u00e4, jos sinulla on sairaus tai vamma, joka est\u00e4\u00e4 sinua tekem\u00e4st\u00e4 t\u00f6it\u00e4.<\/p>\n<p>Ty\u00f6kyvytt\u00f6myysel\u00e4kkeen alaik\u00e4raja on 18 vuotta.<\/p>\n<h2>El\u00e4kett\u00e4 saavan hoitotuki<\/h2>\n<p>El\u00e4kel\u00e4isen\u00e4 voit saada hoitotukea, jos<\/p>\n<ul>\n<li>olet kokop\u00e4iv\u00e4isesti el\u00e4kkeell\u00e4<\/li>\n<li>sinulla on l\u00e4\u00e4k\u00e4rin toteama vamma tai pitk\u00e4aikainen sairaus<\/li>\n<li>kykysi p\u00e4rj\u00e4t\u00e4 arjessa ja huolehtia itsest\u00e4si on heikentynyt v\u00e4hint\u00e4\u00e4n vuoden ajan<\/li>\n<li>tarvitset vamman tai sairauden takia apua tai ohjausta.<\/li>\n<\/ul>\n<h2>Vammaisten henkil\u00f6iden tulkkauspalvelu<\/h2>\n<p>Jos tarvitset tulkkausta kuulovamman, kuulo-n\u00e4k\u00f6vamman tai puhevamman takia, voit saada Kelan kautta tulkkeja arjen tilanteisiin.<\/p>\n<p>Sinun t\u00e4ytyy ensin hakea oikeutta tulkkauspalveluun. Sen j\u00e4lkeen voit itse tilata Kelasta tulkin esimerkiksi opiskeluun, ty\u00f6el\u00e4m\u00e4\u00e4n tai harrastuksiin.<\/p>\n<h2>Vammaiskortti<\/h2>\n<p>EU:n vammaiskortilla voit kertoa, ett\u00e4 olet vammainen tai ett\u00e4 tarvitset avustajaa.<\/p>\n<p>Voit k\u00e4ytt\u00e4\u00e4 korttia esimerkiksi<\/p>\n<ul>\n<li>julkisessa liikenteess\u00e4<\/li>\n<li>liikuntatapahtumissa<\/li>\n<li>kulttuuritapahtumissa.<\/li>\n<\/ul>\n<p>Voit k\u00e4ytt\u00e4\u00e4 vammaiskorttia Suomessa ja muissa EU-maissa.<\/p>\n<p>Kortti maksaa 10 euroa. Kortin hankkiminen on vapaaehtoista.<\/p>\n<p><strong>Toimitus:<\/strong> Jenni Sipil\u00e4, 2025<\/p>\n<p><strong>L\u00e4hteet ja lis\u00e4\u00e4 tietoa:<\/strong><\/p>\n<ul>\n<li><a href=\"https:\/\/www.kela.fi\/web\/selkokieli\/vammaistuet\" target=\"_blank\" rel=\"noopener\">Kelan vammaistuet<\/a> (kela.fi)<\/li>\n<li><a href=\"https:\/\/www.kela.fi\/web\/selkokieli\/selkokieli\" target=\"_blank\" rel=\"noopener\">Kelan tuet henkil\u00f6asiakkaalle<\/a> (kela.fi)<\/li>\n<li><a href=\"https:\/\/vammaiskortti.fi\/\" target=\"_blank\" rel=\"noopener\">Vammaiskortti<\/a> (vammaiskortti.fi)<\/li>\n<\/ul>\n","protected":false},"excerpt":{"rendered":"<p>Kela eli Kansanel\u00e4kelaitos tarjoaa monenlaista tukea vammaisille ihmisille. T\u00e4ll\u00e4 sivulla esimerkkej\u00e4 Kelan tuista. Vammaistuki Jos sinulla on vamma tai sairaus, [&hellip;]<\/p>\n","protected":false},"author":2,"featured_media":14890,"parent":20,"menu_order":454,"comment_status":"closed","ping_status":"closed","template":"","meta":{"_acf_changed":false,"footnotes":""},"class_list":["post-17516","page","type-page","status-publish","has-post-thumbnail","hentry"],"acf":[],"_links":{"self":[{"href":"https:\/\/verneri.net\/selko\/wp-json\/wp\/v2\/pages\/17516","targetHints":{"allow":["GET"]}}],"collection":[{"href":"https:\/\/verneri.net\/selko\/wp-json\/wp\/v2\/pages"}],"about":[{"href":"https:\/\/verneri.net\/selko\/wp-json\/wp\/v2\/types\/page"}],"author":[{"embeddable":true,"href":"https:\/\/verneri.net\/selko\/wp-json\/wp\/v2\/users\/2"}],"replies":[{"embeddable":true,"href":"https:\/\/verneri.net\/selko\/wp-json\/wp\/v2\/comments?post=17516"}],"version-history":[{"count":0,"href":"https:\/\/verneri.net\/selko\/wp-json\/wp\/v2\/pages\/17516\/revisions"}],"up":[{"embeddable":true,"href":"https:\/\/verneri.net\/selko\/wp-json\/wp\/v2\/pages\/20"}],"wp:featuredmedia":[{"embeddable":true,"href":"https:\/\/verneri.net\/selko\/wp-json\/wp\/v2\/media\/14890"}],"wp:attachment":[{"href":"https:\/\/verneri.net\/selko\/wp-json\/wp\/v2\/media?parent=17516"}],"curies":[{"name":"wp","href":"https:\/\/api.w.org\/{rel}","templated":true}]}}