{"id":17737,"date":"2025-11-06T18:52:38","date_gmt":"2025-11-06T16:52:38","guid":{"rendered":"https:\/\/verneri.net\/selko\/?page_id=17737"},"modified":"2025-11-06T19:05:28","modified_gmt":"2025-11-06T17:05:28","slug":"testaa-tietosi-tupakasta","status":"publish","type":"page","link":"https:\/\/verneri.net\/selko\/hyvinvointi\/terveys-ja-liikunta\/paihteet\/testaa-tietosi-tupakasta\/","title":{"rendered":"Testaa tietosi tupakasta"},"content":{"rendered":"<div class=\"quiz-wrapper\"><form name=\"post\" action=\"https:\/\/verneri.net\/selko\/hyvinvointi\/terveys-ja-liikunta\/paihteet\/testaa-tietosi-tupakasta\/\" method=\"post\" id=\"quiz\" style=\"text-align: left;\">\r\n\r\n<ol>\r\n<li><p>Miten tupakointi vaikuttaa terveyteen?<\/p><p>\n    <input type=\"radio\" name=\"answer[0]\" id=\"answer-0-0\" value=\"0\" \/> <label for=\"answer-0-0\">Tupakointi aiheuttaa sairauksia.<\/label><br \/>\n    <input type=\"radio\" name=\"answer[0]\" id=\"answer-0-1\" value=\"1\" \/> <label for=\"answer-0-1\">Tupakointi ei vaikuta terveyteen.<\/label><br \/>\n    <input type=\"radio\" name=\"answer[0]\" id=\"answer-0-2\" value=\"2\" \/> <label for=\"answer-0-2\">Tupakointi parantaa terveytt\u00e4.<\/label><br \/>\n<\/p><\/li>\n<li><p>Kaverisi tarjoaa sinulle tupakkaa. Miten kielt\u00e4ydyt?<\/p><p>\n    <input type=\"radio\" name=\"answer[1]\" id=\"answer-1-1\" value=\"1\" \/> <label for=\"answer-1-1\">Juoksen karkuun.<\/label><br \/>\n    <input type=\"radio\" name=\"answer[1]\" id=\"answer-1-0\" value=\"0\" \/> <label for=\"answer-1-0\">Sanon, ei kiitos.<\/label><br \/>\n    <input type=\"radio\" name=\"answer[1]\" id=\"answer-1-2\" value=\"2\" \/> <label for=\"answer-1-2\">Sanon, kyll\u00e4 kiitos.<\/label><br \/>\n<\/p><\/li>\n<li><p>P\u00e4\u00e4t\u00e4t lopettaa tupakoinnin. Mit\u00e4 hyv\u00e4\u00e4 siit\u00e4 seuraa?<\/p><p>\n    <input type=\"radio\" name=\"answer[2]\" id=\"answer-2-1\" value=\"1\" \/> <label for=\"answer-2-1\">Voin pikkuisen paremmin.<\/label><br \/>\n    <input type=\"radio\" name=\"answer[2]\" id=\"answer-2-0\" value=\"0\" \/> <label for=\"answer-2-0\">S\u00e4\u00e4st\u00e4n rahaa ja terveyteni paranee.<\/label><br \/>\n    <input type=\"radio\" name=\"answer[2]\" id=\"answer-2-2\" value=\"2\" \/> <label for=\"answer-2-2\">Ei mit\u00e4\u00e4n.<\/label><br \/>\n<\/p><\/li>\n<li><p>Kenelt\u00e4 tupakoinnin lopettamiseen kannattaa pyyt\u00e4\u00e4 apua?<\/p><p>\n    <input type=\"radio\" name=\"answer[3]\" id=\"answer-3-2\" value=\"2\" \/> <label for=\"answer-3-2\">Joulupukilta.<\/label><br \/>\n    <input type=\"radio\" name=\"answer[3]\" id=\"answer-3-1\" value=\"1\" \/> <label for=\"answer-3-1\">Vain l\u00e4\u00e4k\u00e4rilt\u00e4.<\/label><br \/>\n    <input type=\"radio\" name=\"answer[3]\" id=\"answer-3-0\" value=\"0\" \/> <label for=\"answer-3-0\">L\u00e4heisilt\u00e4 ihmisilt\u00e4, ohjaajilta ja terveydenhoitajalta.<\/label><br \/>\n<\/p><\/li>\n<li><p>Mik\u00e4 vieroitusoireisiin auttaa?<\/p><p>\n    <input type=\"radio\" name=\"answer[4]\" id=\"answer-4-2\" value=\"2\" \/> <label for=\"answer-4-2\">Ei mik\u00e4\u00e4n.<\/label><br \/>\n    <input type=\"radio\" name=\"answer[4]\" id=\"answer-4-0\" value=\"0\" \/> <label for=\"answer-4-0\">Riitt\u00e4v\u00e4 uni, liikunta ja terveellinen ruoka.<\/label><br \/>\n    <input type=\"radio\" name=\"answer[4]\" id=\"answer-4-1\" value=\"1\" \/> <label for=\"answer-4-1\">Suklaa ja j\u00e4\u00e4tel\u00f6.<\/label><br \/>\n<\/p><\/li>\n<\/ol>\r\n\r\n<p class=\"submit\">\r\n<input type=\"submit\" name=\"submit\" style=\"font-weight: bold;\" value=\"N&auml;yt&auml; tulos\" \/>\r\n<\/p>\r\n\r\n<input type=\"hidden\" name=\"quiz_id\" id=\"quiz_id\" value=\"30\" \/>\r\n\r\n<\/form><\/div>\n","protected":false},"excerpt":{"rendered":"<p>Miten tupakointi vaikuttaa terveyteen? Tupakointi ei vaikuta terveyteen. Tupakointi aiheuttaa sairauksia. Tupakointi parantaa terveytt\u00e4. Kaverisi tarjoaa sinulle tupakkaa. Miten kielt\u00e4ydyt? [&hellip;]<\/p>\n","protected":false},"author":2,"featured_media":17738,"parent":26,"menu_order":49,"comment_status":"closed","ping_status":"closed","template":"","meta":{"_acf_changed":false,"footnotes":""},"class_list":["post-17737","page","type-page","status-publish","has-post-thumbnail","hentry"],"acf":[],"_links":{"self":[{"href":"https:\/\/verneri.net\/selko\/wp-json\/wp\/v2\/pages\/17737","targetHints":{"allow":["GET"]}}],"collection":[{"href":"https:\/\/verneri.net\/selko\/wp-json\/wp\/v2\/pages"}],"about":[{"href":"https:\/\/verneri.net\/selko\/wp-json\/wp\/v2\/types\/page"}],"author":[{"embeddable":true,"href":"https:\/\/verneri.net\/selko\/wp-json\/wp\/v2\/users\/2"}],"replies":[{"embeddable":true,"href":"https:\/\/verneri.net\/selko\/wp-json\/wp\/v2\/comments?post=17737"}],"version-history":[{"count":0,"href":"https:\/\/verneri.net\/selko\/wp-json\/wp\/v2\/pages\/17737\/revisions"}],"up":[{"embeddable":true,"href":"https:\/\/verneri.net\/selko\/wp-json\/wp\/v2\/pages\/26"}],"wp:featuredmedia":[{"embeddable":true,"href":"https:\/\/verneri.net\/selko\/wp-json\/wp\/v2\/media\/17738"}],"wp:attachment":[{"href":"https:\/\/verneri.net\/selko\/wp-json\/wp\/v2\/media?parent=17737"}],"curies":[{"name":"wp","href":"https:\/\/api.w.org\/{rel}","templated":true}]}}