{"id":29,"date":"2021-06-03T15:41:01","date_gmt":"2021-06-03T12:41:01","guid":{"rendered":"http:\/\/localhost\/verneri\/selko-dev\/hyvinvointi\/vammaisuus\/olet-samanarvoinen\/"},"modified":"2025-10-30T12:04:09","modified_gmt":"2025-10-30T10:04:09","slug":"olet-samanarvoinen","status":"publish","type":"page","link":"https:\/\/verneri.net\/selko\/hyvinvointi\/vammaisuus\/olet-samanarvoinen\/","title":{"rendered":"Olet samanarvoinen"},"content":{"rendered":"<p>Laulaja Juha Tapio K\u00e4rki haluaa rohkaista ihmisi\u00e4, joilla on kehitysvamma. H\u00e4n on tehnyt Marko Tuovisen kanssa laulun, jonka nimi on Samanarvoinen.<\/p>\n<p><strong>Katso Samanarvoinen-video YouTubesta:<\/strong><\/p>\n<p><iframe loading=\"lazy\" title=\"Juha Tapio K\u00e4rki - Samanarvoinen\" width=\"500\" height=\"281\" src=\"https:\/\/www.youtube.com\/embed\/m5RL6LygDT8?wmode=transparent&amp;rel=0&amp;feature=oembed\" frameborder=\"0\" allow=\"accelerometer; autoplay; clipboard-write; encrypted-media; gyroscope; picture-in-picture; web-share\" referrerpolicy=\"strict-origin-when-cross-origin\" allowfullscreen><\/iframe><\/p>\n<h2>Laulu kertoo itsens\u00e4 hyv\u00e4ksymisest\u00e4<\/h2>\n<p>&#8221;Ole rohkeasti oma itsesi. Luota itseesi, sill\u00e4 oma paikka maailmassa l\u00f6ytyy kyll\u00e4&#8221;, Juha Tapio K\u00e4rki sanoo.<\/p>\n<p>Samanarvoinen-laulussa Juha Tapio laulaa n\u00e4in:<\/p>\n<p>\u201dMin\u00e4 tied\u00e4n, kuinka vett\u00e4 sataa,<br \/>\nolen n\u00e4hnyt, kuinka kukkii maa.<br \/>\nMin\u00e4 tied\u00e4n, miten samaa rataa,<br \/>\nkiert\u00e4\u00e4 kuu meid\u00e4n planeettaa.\u201d<\/p>\n<p>\u201dTied\u00e4n paljon, mut tied\u00e4n muutakin.<br \/>\nOlen samanarvoinen kanssa muiden ihmisten,<br \/>\ntahdon kertoa sen sulle yst\u00e4v\u00e4in.<br \/>\nOlet samanarvoinen.<br \/>\nSanon, ett\u00e4 tied\u00e4t sen,<br \/>\ntunnet itsesi paremmin s\u00e4 p\u00e4ivitt\u00e4in.\u201d<\/p>\n<h2>Nuori etsii paikkaansa<\/h2>\n<p>Juha Tapio haluaa rohkaista erityisesti nuoria ihmisi\u00e4, joilla on kehitysvamma:<\/p>\n<p>\u201dHaluan laulaa Samanarvoinen-laulun h\u00e4nelle, joka on kasvamassa nuoresta aikuiseksi ja pohtii n\u00e4it\u00e4 kysymyksi\u00e4. Nuori ihminen miettii viel\u00e4 sinuiksi tulemista oman vammansa kanssa.\u201d<\/p>\n<p>Juha Tapio jatkaa:<\/p>\n<p>&#8221;Nuoruus on etsikkoaikaa, jolloin haetaan vaikutteita. Vaikka v\u00e4lill\u00e4 voi tuntua, ett\u00e4 on jossakin erilainen, niin muista, ett\u00e4 erilaisuus on rikkautta.\u201d<\/p>\n<p>Juha Tapio on nyt itse 30-vuotias. H\u00e4n muistaa hyvin oman nuoruutensa:<\/p>\n<p>&#8221;Nuorena ihminen voi turhaan v\u00e4h\u00e4tell\u00e4 itse\u00e4\u00e4n. Itseens\u00e4 t\u00e4ytyy vain luottaa, sill\u00e4 jokaisella on vahvuuksia. Nuoren on hyv\u00e4 koettaa l\u00f6yt\u00e4\u00e4 omia vahvuuksiaan.&#8221;<\/p>\n<p>Juha Tapio uskoo, ett\u00e4 v\u00e4hitellen i\u00e4n my\u00f6t\u00e4, jokainen l\u00f6yt\u00e4\u00e4 paikkansa maailmassa:<\/p>\n<p>&#8221;Oman paikan l\u00f6yt\u00e4minen voi vied\u00e4 aikaa, mutta jossakin vaiheessa el\u00e4m\u00e4 hymyilee.&#8221;<\/p>\n<p><strong>Teksti:<\/strong> Sirkka Nikulainen ja Jaana Ter\u00e4v\u00e4inen<\/p>\n<p>Juttu on julkaistu alun perin selkolehti Leijan numerossa 3\/2021.<\/p>\n","protected":false},"excerpt":{"rendered":"<p>Laulaja Juha Tapio K\u00e4rki haluaa rohkaista ihmisi\u00e4, joilla on kehitysvamma. H\u00e4n on tehnyt Marko Tuovisen kanssa laulun, jonka nimi on [&hellip;]<\/p>\n","protected":false},"author":1,"featured_media":0,"parent":13,"menu_order":46,"comment_status":"closed","ping_status":"closed","template":"","meta":{"_acf_changed":false,"footnotes":""},"class_list":["post-29","page","type-page","status-publish","hentry"],"acf":[],"_links":{"self":[{"href":"https:\/\/verneri.net\/selko\/wp-json\/wp\/v2\/pages\/29","targetHints":{"allow":["GET"]}}],"collection":[{"href":"https:\/\/verneri.net\/selko\/wp-json\/wp\/v2\/pages"}],"about":[{"href":"https:\/\/verneri.net\/selko\/wp-json\/wp\/v2\/types\/page"}],"author":[{"embeddable":true,"href":"https:\/\/verneri.net\/selko\/wp-json\/wp\/v2\/users\/1"}],"replies":[{"embeddable":true,"href":"https:\/\/verneri.net\/selko\/wp-json\/wp\/v2\/comments?post=29"}],"version-history":[{"count":0,"href":"https:\/\/verneri.net\/selko\/wp-json\/wp\/v2\/pages\/29\/revisions"}],"up":[{"embeddable":true,"href":"https:\/\/verneri.net\/selko\/wp-json\/wp\/v2\/pages\/13"}],"wp:attachment":[{"href":"https:\/\/verneri.net\/selko\/wp-json\/wp\/v2\/media?parent=29"}],"curies":[{"name":"wp","href":"https:\/\/api.w.org\/{rel}","templated":true}]}}