{"id":62,"date":"2019-09-08T15:53:13","date_gmt":"2019-09-08T12:53:13","guid":{"rendered":"http:\/\/localhost\/verneri\/selko-dev\/hyvinvointi\/vammaisten-oikeudet\/tyosta-palkkaa\/"},"modified":"2025-12-11T15:34:08","modified_gmt":"2025-12-11T13:34:08","slug":"oikeus-saada-tyosta-palkkaa","status":"publish","type":"page","link":"https:\/\/verneri.net\/selko\/hyvinvointi\/vammaisten-oikeudet\/oikeus-saada-tyosta-palkkaa\/","title":{"rendered":"Oikeus saada ty\u00f6st\u00e4 palkkaa"},"content":{"rendered":"<p>Vammaissopimuksen mukaan vammaisia ihmisi\u00e4 ei saa syrji\u00e4 ty\u00f6el\u00e4m\u00e4ss\u00e4.<\/p>\n<p>Sinulla on siis oikeus<\/p>\n<ul>\n<li>saada ty\u00f6st\u00e4 palkkaa<\/li>\n<li>samoihin ty\u00f6ehtoihin ja ty\u00f6oloihin kuin muilla<\/li>\n<li>saada tukea ty\u00f6llistymiseen<\/li>\n<li>jatkokoulutukseen<\/li>\n<li>ty\u00f6kokeiluihin.<\/li>\n<\/ul>\n<h2>Palkkaty\u00f6t\u00e4 tavallisella ty\u00f6paikalla<\/h2>\n<p>Sinulla on oikeus ty\u00f6skennell\u00e4 tavallisella ty\u00f6paikalla yhdess\u00e4 muiden kanssa. Sinulla on oikeus saada ty\u00f6st\u00e4 my\u00f6s palkkaa.<\/p>\n<p>Kun olet palkkaty\u00f6ss\u00e4, olet ty\u00f6suhteessa ty\u00f6nantajaan. Olet siis tehnyt ty\u00f6nantajan kanssa ty\u00f6sopimuksen. Ty\u00f6sopimuksessa sovitaan ty\u00f6ehdoista, kuten ty\u00f6ajasta, lomista ja palkasta.<\/p>\n<h2>Ty\u00f6toiminnasta ei makseta palkkaa<\/h2>\n<p>T\u00e4ll\u00e4 hetkell\u00e4 moni vammainen ihminen on ty\u00f6toiminnassa ty\u00f6keskuksessa tai avoty\u00f6ss\u00e4. Ty\u00f6toiminta ja avoty\u00f6toiminta eiv\u00e4t ole vammaissopimuksen tarkoittamaa ty\u00f6t\u00e4.<\/p>\n<p>Jos olet ty\u00f6toiminnassa tai avoty\u00f6toiminnassa, olet sosiaalihuollon asiakas. Et ole ty\u00f6suhteessa ty\u00f6nantajaan. Et saa ty\u00f6st\u00e4 palkkaa, eik\u00e4 sinulla ole muita ty\u00f6suhteeseen kuuluvia etuja.<\/p>\n<p>Ty\u00f6toiminta ja avoty\u00f6toiminta voivat auttaa vammaisia ihmisi\u00e4 p\u00e4\u00e4sem\u00e4\u00e4n palkkaty\u00f6h\u00f6n.<\/p>\n<p>Esimerkiksi avoty\u00f6toiminnassa vammainen ihminen oppii ty\u00f6ss\u00e4 tarvittavia taitoja. Avoty\u00f6n ei kuitenkaan pit\u00e4isi olla pysyv\u00e4 ratkaisu. Avoty\u00f6st\u00e4 pit\u00e4isi p\u00e4\u00e4st\u00e4 palkkaty\u00f6h\u00f6n.<\/p>\n<h2>Tuettu ty\u00f6llistyminen<\/h2>\n<p>Sinulla on oikeus saada tukea ty\u00f6llistymiseen.<\/p>\n<p>Moni vammainen ihminen ty\u00f6llistyy ty\u00f6h\u00f6nvalmentajan tuella.<\/p>\n<p>Ty\u00f6h\u00f6nvalmentaja tukee ty\u00f6nhakijaa<\/p>\n<ul>\n<li>sopivan ty\u00f6paikan etsimisess\u00e4<\/li>\n<li>ty\u00f6paikan hakemisessa<\/li>\n<li>neuvotteluissa ty\u00f6nantajan kanssa<\/li>\n<li>ty\u00f6sopimuksen tekemisess\u00e4<\/li>\n<li>ty\u00f6paikkaan ja ty\u00f6kavereihin tutustumisessa<\/li>\n<li>ty\u00f6teht\u00e4vien oppimisessa<\/li>\n<li>ty\u00f6ss\u00e4 kehittymisess\u00e4.<\/li>\n<\/ul>\n<p>Ty\u00f6h\u00f6nvalmentaja tukee my\u00f6s ty\u00f6nantajaa.<\/p>\n<h2>Millaista ty\u00f6t\u00e4 sin\u00e4 haluat tehd\u00e4?<\/h2>\n<p>Haaveiletko sin\u00e4 palkkaty\u00f6st\u00e4? Tai uudesta ty\u00f6paikasta?<\/p>\n<p>Alla on kysymyksi\u00e4, joiden avulla voit pohtia omia tavoitteitasi.<\/p>\n<p>Voit pohtia kysymyksi\u00e4 itsekseen tai yhdess\u00e4 esimerkiki kaverin, ohjaajan tai tukihenkil\u00f6n kanssa.<\/p>\n<ul>\n<li>Mit\u00e4 ty\u00f6 merkitsee sinulle?<\/li>\n<li>Millaista ty\u00f6t\u00e4 haluat tehd\u00e4?<\/li>\n<li>Mit\u00e4 olet opiskellut?<\/li>\n<li>Millaisia taitoja sinulla on? Miss\u00e4 olet hyv\u00e4?<\/li>\n<li>Tarvitsetko ty\u00f6llistymiseen tukea?<\/li>\n<li>Mist\u00e4 tai kenelt\u00e4 voit saada tukea?<\/li>\n<\/ul>\n<p><em>Kysytt\u00e4v\u00e4\u00e4 vammaisten oikeuksista tai ty\u00f6st\u00e4?<\/em><\/p>\n<p><a href=\"https:\/\/verneri.net\/selko\/verkko-kerttu\/kysy-kertulta\/\">Kysy Kertulta<\/a><\/p>\n<p><strong>Teksti:<\/strong> Jenni Sipil\u00e4, 2023<\/p>\n<p><a href=\"https:\/\/verneri.net\/selko\/hyvinvointi\/palkkatyo\/\">Lue lis\u00e4\u00e4 palkkaty\u00f6st\u00e4 ja ty\u00f6llistymisest\u00e4<\/a><\/p>\n","protected":false},"excerpt":{"rendered":"<p>Vammaissopimuksen mukaan vammaisia ihmisi\u00e4 ei saa syrji\u00e4 ty\u00f6el\u00e4m\u00e4ss\u00e4. Sinulla on siis oikeus saada ty\u00f6st\u00e4 palkkaa samoihin ty\u00f6ehtoihin ja ty\u00f6oloihin kuin [&hellip;]<\/p>\n","protected":false},"author":1,"featured_media":14685,"parent":15,"menu_order":37,"comment_status":"closed","ping_status":"closed","template":"","meta":{"_acf_changed":false,"footnotes":""},"class_list":["post-62","page","type-page","status-publish","has-post-thumbnail","hentry"],"acf":[],"_links":{"self":[{"href":"https:\/\/verneri.net\/selko\/wp-json\/wp\/v2\/pages\/62","targetHints":{"allow":["GET"]}}],"collection":[{"href":"https:\/\/verneri.net\/selko\/wp-json\/wp\/v2\/pages"}],"about":[{"href":"https:\/\/verneri.net\/selko\/wp-json\/wp\/v2\/types\/page"}],"author":[{"embeddable":true,"href":"https:\/\/verneri.net\/selko\/wp-json\/wp\/v2\/users\/1"}],"replies":[{"embeddable":true,"href":"https:\/\/verneri.net\/selko\/wp-json\/wp\/v2\/comments?post=62"}],"version-history":[{"count":0,"href":"https:\/\/verneri.net\/selko\/wp-json\/wp\/v2\/pages\/62\/revisions"}],"up":[{"embeddable":true,"href":"https:\/\/verneri.net\/selko\/wp-json\/wp\/v2\/pages\/15"}],"wp:featuredmedia":[{"embeddable":true,"href":"https:\/\/verneri.net\/selko\/wp-json\/wp\/v2\/media\/14685"}],"wp:attachment":[{"href":"https:\/\/verneri.net\/selko\/wp-json\/wp\/v2\/media?parent=62"}],"curies":[{"name":"wp","href":"https:\/\/api.w.org\/{rel}","templated":true}]}}

Oikeus saada työstä palkkaa

<p>Vammaissopimuksen mukaan vammaisia ihmisiä ei saa syrjiä työelämässä.</p>
<p>Sinulla on siis oikeus</p>
<ul>
<li>saada työstä palkkaa</li>
<li>samoihin työehtoihin ja työoloihin kuin muilla</li>
<li>saada tukea työllistymiseen</li>
<li>jatkokoulutukseen</li>
<li>työkokeiluihin.</li>
</ul>
<h2>Palkkatyötä tavallisella työpaikalla</h2>
<p>Sinulla on oikeus työskennellä tavallisella työpaikalla yhdessä muiden kanssa. Sinulla on oikeus saada työstä myös palkkaa.</p>
<p>Kun olet palkkatyössä, olet työsuhteessa työnantajaan. Olet siis tehnyt työnantajan kanssa työsopimuksen. Työsopimuksessa sovitaan työehdoista, kuten työajasta, lomista ja palkasta.</p>
<h2>Työtoiminnasta ei makseta palkkaa</h2>
<p>Tällä hetkellä moni vammainen ihminen on työtoiminnassa työkeskuksessa tai avotyössä. Työtoiminta ja avotyötoiminta eivät ole vammaissopimuksen tarkoittamaa työtä.</p>
<p>Jos olet työtoiminnassa tai avotyötoiminnassa, olet sosiaalihuollon asiakas. Et ole työsuhteessa työnantajaan. Et saa työstä palkkaa, eikä sinulla ole muita työsuhteeseen kuuluvia etuja.</p>
<p>Työtoiminta ja avotyötoiminta voivat auttaa vammaisia ihmisiä pääsemään palkkatyöhön.</p>
<p>Esimerkiksi avotyötoiminnassa vammainen ihminen oppii työssä tarvittavia taitoja. Avotyön ei kuitenkaan pitäisi olla pysyvä ratkaisu. Avotyöstä pitäisi päästä palkkatyöhön.</p>
<h2>Tuettu työllistyminen</h2>
<p>Sinulla on oikeus saada tukea työllistymiseen.</p>
<p>Moni vammainen ihminen työllistyy työhönvalmentajan tuella.</p>
<p>Työhönvalmentaja tukee työnhakijaa</p>
<ul>
<li>sopivan työpaikan etsimisessä</li>
<li>työpaikan hakemisessa</li>
<li>neuvotteluissa työnantajan kanssa</li>
<li>työsopimuksen tekemisessä</li>
<li>työpaikkaan ja työkavereihin tutustumisessa</li>
<li>työtehtävien oppimisessa</li>
<li>työssä kehittymisessä.</li>
</ul>
<p>Työhönvalmentaja tukee myös työnantajaa.</p>
<h2>Millaista työtä sinä haluat tehdä?</h2>
<p>Haaveiletko sinä palkkatyöstä? Tai uudesta työpaikasta?</p>
<p>Alla on kysymyksiä, joiden avulla voit pohtia omia tavoitteitasi.</p>
<p>Voit pohtia kysymyksiä itsekseen tai yhdessä esimerkiki kaverin, ohjaajan tai tukihenkilön kanssa.</p>
<ul>
<li>Mitä työ merkitsee sinulle?</li>
<li>Millaista työtä haluat tehdä?</li>
<li>Mitä olet opiskellut?</li>
<li>Millaisia taitoja sinulla on? Missä olet hyvä?</li>
<li>Tarvitsetko työllistymiseen tukea?</li>
<li>Mistä tai keneltä voit saada tukea?</li>
</ul>
<p><em>Kysyttävää vammaisten oikeuksista tai työstä?</em></p>
<p><a href="https://verneri.net/selko/verkko-kerttu/kysy-kertulta/">Kysy Kertulta</a></p>
<p><strong>Teksti:</strong> Jenni Sipilä, 2023</p>
<p><a href="https://verneri.net/selko/hyvinvointi/palkkatyo/">Lue lisää palkkatyöstä ja työllistymisestä</a></p>

<p>Vammaissopimuksen mukaan vammaisia ihmisiä ei saa syrjiä työelämässä. Sinulla on siis oikeus saada työstä palkkaa samoihin työehtoihin ja työoloihin kuin [&hellip;]</p>
