{"id":74,"date":"2024-12-02T09:07:22","date_gmt":"2024-12-02T07:07:22","guid":{"rendered":"http:\/\/localhost\/verneri\/selko-dev\/hyvinvointi\/vaikuttaminen\/aanestaminen\/nain-aanestat-eduskuntavaaleissa\/"},"modified":"2025-10-30T13:23:18","modified_gmt":"2025-10-30T11:23:18","slug":"aanesta-eduskuntavaaleissa","status":"publish","type":"page","link":"https:\/\/verneri.net\/selko\/hyvinvointi\/vaikuttaminen\/vaalit-ja-aanestaminen\/aanesta-eduskuntavaaleissa\/","title":{"rendered":"A\u00e4nest\u00e4 eduskuntavaaleissa"},"content":{"rendered":"<p>Eduskuntavaalit pidet\u00e4\u00e4n joka nelj\u00e4s vuosi. Vaaleissa kansa \u00e4\u00e4nest\u00e4\u00e4 eduskuntaan 200 kansanedustajaa. Kansanedustajat p\u00e4\u00e4tt\u00e4v\u00e4t yhteisist\u00e4 asioistamme.<\/p>\n<p>Seuraavat eduskuntavaalit ovat vuonna 2027.<\/p>\n<h2>Eduskunta p\u00e4\u00e4tt\u00e4\u00e4 yhteisist\u00e4 asioista<\/h2>\n<p>Eduskunnan t\u00e4rkein teht\u00e4v\u00e4 on s\u00e4\u00e4t\u00e4\u00e4 lait, joiden mukaan yhteiskunta toimii.<\/p>\n<p>Eduskunta p\u00e4\u00e4tt\u00e4\u00e4 my\u00f6s valtion talousarviosta. Talousarviossa m\u00e4\u00e4ritell\u00e4\u00e4n, mist\u00e4 valtio saa rahaa ja mihin rahat k\u00e4ytet\u00e4\u00e4n.<\/p>\n<p>Eduskunta valitsee hallituksen p\u00e4\u00e4ministerin ja valvoo hallituksen toimintaa.<\/p>\n<p>Lis\u00e4ksi eduskunta p\u00e4\u00e4tt\u00e4\u00e4, mit\u00e4 mielt\u00e4 Suomen valtio on monista Euroopan unionin asioista.<\/p>\n<h2>Saat \u00e4\u00e4nioikeusilmoituksen kotiisi<\/h2>\n<p>Eduskuntavaaleissa voi \u00e4\u00e4nest\u00e4\u00e4 jokainen Suomen kansalainen, joka on t\u00e4ytt\u00e4nyt 18 vuotta.<\/p>\n<p>Jos sinulla on \u00e4\u00e4nioikeus eduskuntavaaleissa, saat siit\u00e4 kotiisi kirjeen. Kirjeess\u00e4 on \u00e4\u00e4nioikeusilmoitus.<\/p>\n<h2>\u00c4\u00e4nest\u00e4 oman vaalipiirisi ehdokasta<\/h2>\n<p>Suomi on jaettu 13 vaalipiiriin. Jokaisessa vaalipiiriss\u00e4 on omat ehdokkaat. Voit \u00e4\u00e4nest\u00e4\u00e4 oman vaalipiirisi ehdokasta. Vaalipiirisi ilmoitetaan \u00e4\u00e4nioikeusilmoituksessa.<\/p>\n<p>Jokaisella ehdokkaalla on oma ehdokasnumeronsa. N\u00e4et ehdokkaiden numerot \u00e4\u00e4nestyspaikoilla ja \u00e4\u00e4nestyskopissa. Numerot n\u00e4kyv\u00e4t yleens\u00e4 my\u00f6s ehdokkaiden vaalimainoksissa.<\/p>\n<p>Saat ehdokkaista tietoa esimerkiksi lehdist\u00e4, televisiosta ja netist\u00e4.<\/p>\n<h2>\u00c4\u00e4nest\u00e4 vaalip\u00e4iv\u00e4n\u00e4 tai ennakkoon<\/h2>\n<p>Vaalip\u00e4iv\u00e4n\u00e4 voit \u00e4\u00e4nest\u00e4\u00e4 siin\u00e4 \u00e4\u00e4nestyspaikassa, joka lukee \u00e4\u00e4nioikeusilmoituksessa.<\/p>\n<p>My\u00f6s ennakko\u00e4\u00e4nestysp\u00e4iv\u00e4t lukevat ilmoituksessa. Voit \u00e4\u00e4nest\u00e4\u00e4 ennakkoon miss\u00e4 tahansa ennakko\u00e4\u00e4nestyspaikassa.<\/p>\n<h2>Vaalivirkailijat auttavat<\/h2>\n<p>\u00c4\u00e4nestyspaikalla on vaalivirkailijoita ja vaaliavustajia. He auttavat ja neuvovat sinua kaikissa tilanteissa.<\/p>\n<p>Vaaliavustajana voi toimia my\u00f6s henkil\u00f6, jonka olet itse valinnut.<\/p>\n<p>Voit pyyt\u00e4\u00e4 vaaliavustajan avuksesi \u00e4\u00e4nestyskoppiin. Vaaliavustaja ei saa kertoa kenellek\u00e4\u00e4n, ket\u00e4 \u00e4\u00e4nestit.<\/p>\n<p><strong>Katso video N\u00e4in \u00e4\u00e4nest\u00e4t ennakkoon:<\/strong><\/p>\n<p><iframe loading=\"lazy\" title=\"Selkokieli: N\u00e4in \u00e4\u00e4nest\u00e4t vaaleissa ennakkoon\" width=\"500\" height=\"281\" src=\"https:\/\/www.youtube.com\/embed\/aKIBp9QYpIY?wmode=transparent&amp;rel=0&amp;feature=oembed\" frameborder=\"0\" allow=\"accelerometer; autoplay; clipboard-write; encrypted-media; gyroscope; picture-in-picture; web-share\" referrerpolicy=\"strict-origin-when-cross-origin\" allowfullscreen><\/iframe><\/p>\n<p><strong>Katso video N\u00e4in \u00e4\u00e4nest\u00e4t vaalip\u00e4iv\u00e4n\u00e4:<\/strong><\/p>\n<p><iframe loading=\"lazy\" title=\"Selkokieli: N\u00e4in \u00e4\u00e4nest\u00e4t vaaleissa vaalip\u00e4iv\u00e4n\u00e4\" width=\"500\" height=\"281\" src=\"https:\/\/www.youtube.com\/embed\/alfATrYwPLA?wmode=transparent&amp;rel=0&amp;feature=oembed\" frameborder=\"0\" allow=\"accelerometer; autoplay; clipboard-write; encrypted-media; gyroscope; picture-in-picture; web-share\" referrerpolicy=\"strict-origin-when-cross-origin\" allowfullscreen><\/iframe><\/p>\n<p><strong>L\u00e4hde:<\/strong> Selkokielinen Eduskuntavaalit 2023 -esite<\/p>\n<p><strong>Lis\u00e4tietoa: <\/strong><a href=\"https:\/\/www.eduskunta.fi\/FI\/selkosuomi\/Sivut\/Eduskunta-valitaan-vaaleilla.aspx\" target=\"_blank\" rel=\"noopener\">Eduskunta selkokielell\u00e4<\/a> (eduskunta.fi)<\/p>\n","protected":false},"excerpt":{"rendered":"<p>Eduskuntavaalit pidet\u00e4\u00e4n joka nelj\u00e4s vuosi. Vaaleissa kansa \u00e4\u00e4nest\u00e4\u00e4 eduskuntaan 200 kansanedustajaa. Kansanedustajat p\u00e4\u00e4tt\u00e4v\u00e4t yhteisist\u00e4 asioistamme. Seuraavat eduskuntavaalit ovat vuonna 2027. [&hellip;]<\/p>\n","protected":false},"author":1,"featured_media":15042,"parent":67,"menu_order":287,"comment_status":"closed","ping_status":"closed","template":"","meta":{"_acf_changed":false,"footnotes":""},"class_list":["post-74","page","type-page","status-publish","has-post-thumbnail","hentry"],"acf":[],"_links":{"self":[{"href":"https:\/\/verneri.net\/selko\/wp-json\/wp\/v2\/pages\/74","targetHints":{"allow":["GET"]}}],"collection":[{"href":"https:\/\/verneri.net\/selko\/wp-json\/wp\/v2\/pages"}],"about":[{"href":"https:\/\/verneri.net\/selko\/wp-json\/wp\/v2\/types\/page"}],"author":[{"embeddable":true,"href":"https:\/\/verneri.net\/selko\/wp-json\/wp\/v2\/users\/1"}],"replies":[{"embeddable":true,"href":"https:\/\/verneri.net\/selko\/wp-json\/wp\/v2\/comments?post=74"}],"version-history":[{"count":0,"href":"https:\/\/verneri.net\/selko\/wp-json\/wp\/v2\/pages\/74\/revisions"}],"up":[{"embeddable":true,"href":"https:\/\/verneri.net\/selko\/wp-json\/wp\/v2\/pages\/67"}],"wp:featuredmedia":[{"embeddable":true,"href":"https:\/\/verneri.net\/selko\/wp-json\/wp\/v2\/media\/15042"}],"wp:attachment":[{"href":"https:\/\/verneri.net\/selko\/wp-json\/wp\/v2\/media?parent=74"}],"curies":[{"name":"wp","href":"https:\/\/api.w.org\/{rel}","templated":true}]}}