{"id":75,"date":"2024-12-02T09:07:22","date_gmt":"2024-12-02T07:07:22","guid":{"rendered":"http:\/\/localhost\/verneri\/selko-dev\/hyvinvointi\/vaikuttaminen\/aanestaminen\/nain-aanestat-presidentinvaaleissa\/"},"modified":"2025-10-30T13:28:58","modified_gmt":"2025-10-30T11:28:58","slug":"aanesta-presidentinvaaleissa","status":"publish","type":"page","link":"https:\/\/verneri.net\/selko\/hyvinvointi\/vaikuttaminen\/vaalit-ja-aanestaminen\/aanesta-presidentinvaaleissa\/","title":{"rendered":"\u00c4\u00e4nest\u00e4 presidentinvaaleissa"},"content":{"rendered":"<p>Suomen kansalaiset valitsevat tasavallan presidentin vaaleissa kuuden vuoden v\u00e4lein.<\/p>\n<p>Seuraavat presidentinvaalit ovat vuonna 2030.<\/p>\n<h2>Presidentin teht\u00e4v\u00e4t<\/h2>\n<p>Presidentti johtaa Suomen ulkopolitiikkaa yhdess\u00e4 hallituksen kanssa.<\/p>\n<p>Presidentti vahvistaa lait, jotka eduskunta on hyv\u00e4ksynyt.<\/p>\n<p>Presidentti nimitt\u00e4\u00e4 p\u00e4\u00e4ministerin ja muut ministerit teht\u00e4v\u00e4\u00e4ns\u00e4. Lis\u00e4ksi h\u00e4n nimitt\u00e4\u00e4 tuomarit ja er\u00e4\u00e4t korkeat virkahenkil\u00f6t.<\/p>\n<p>Presidentti p\u00e4\u00e4tt\u00e4\u00e4 sodasta ja rauhasta. H\u00e4n\u00a0tarvitsee kuitenkin p\u00e4\u00e4t\u00f6kselle eduskunnan suostumuksen.<\/p>\n<h2>Kuka saa \u00e4\u00e4nest\u00e4\u00e4?<\/h2>\n<p>Sin\u00e4 voit \u00e4\u00e4nest\u00e4\u00e4 presidentinvaaleissa,<\/p>\n<ul>\n<li>jos olet Suomen kansalainen ja<\/li>\n<li>jos olet t\u00e4ytt\u00e4nyt 18 vuotta viimeist\u00e4\u00e4n vaalip\u00e4iv\u00e4n\u00e4.<\/li>\n<\/ul>\n<h2>Ket\u00e4 voit \u00e4\u00e4nest\u00e4\u00e4?<\/h2>\n<p>Voit \u00e4\u00e4nest\u00e4\u00e4 ehdokasta, jonka puolueet tai valitsijayhdistykset ovat asettaneet ehdolle.<\/p>\n<p>Presidenttiehdokkaat ovat ehdolla koko maassa, joten voit \u00e4\u00e4nest\u00e4\u00e4 ket\u00e4 ehdokasta haluat.<\/p>\n<p>Jokaisella ehdokkaalla on oma numero. Ehdokkaiden numerot ovat esill\u00e4 \u00e4\u00e4nestyspaikoilla ja \u00e4\u00e4nestyskopissa.<\/p>\n<p>Saat ehdokkaista tietoa esimerkiksi lehdist\u00e4, televisiosta ja netist\u00e4.<\/p>\n<h2>Yksi tai kaksi \u00e4\u00e4nestyst\u00e4<\/h2>\n<p>Presidentinvaalissa voi olla kaksi \u00e4\u00e4nestyst\u00e4.<\/p>\n<p>Jos yksi ehdokas saa ensimm\u00e4isess\u00e4 \u00e4\u00e4nestyksess\u00e4 enemm\u00e4n kuin puolet \u00e4\u00e4nist\u00e4, h\u00e4net valitaan suoraan presidentiksi.<\/p>\n<p>Toinen \u00e4\u00e4nestys j\u00e4rjestet\u00e4\u00e4n, jos kukaan ehdokas ei saa ensimm\u00e4isess\u00e4 \u00e4\u00e4nestyksess\u00e4 yli puolia \u00e4\u00e4nist\u00e4. Toinen \u00e4\u00e4nestys j\u00e4rjestet\u00e4\u00e4n niiden kahden ehdokkaan v\u00e4lill\u00e4, jotka saivat ensimm\u00e4isess\u00e4 \u00e4\u00e4nestyksess\u00e4 eniten \u00e4\u00e4ni\u00e4.<\/p>\n<h2>N\u00e4in \u00e4\u00e4nest\u00e4t<\/h2>\n<p>Kun menet \u00e4\u00e4nest\u00e4m\u00e4\u00e4n, ota mukaasi henkil\u00f6llisyystodistus.<\/p>\n<p>Henkil\u00f6llisyystodistuksia ovat esimerkiksi<\/p>\n<ul>\n<li>passi<\/li>\n<li>henkil\u00f6kortti<\/li>\n<li>ajokortti.<\/li>\n<\/ul>\n<p>\u00c4\u00e4nestyspaikassa sinua odottaa vaalivirkailija. H\u00e4n tarkistaa ensin henkil\u00f6llisyystodistuksesta henkil\u00f6llisyytesi ja antaa sinulle \u00e4\u00e4nestyslipun.<\/p>\n<p>Sen j\u00e4lkeen menet t\u00e4ytt\u00e4m\u00e4\u00e4n \u00e4\u00e4nestyslipun \u00e4\u00e4nestyskoppiin. Kirjoita \u00e4\u00e4nestyslippuun selv\u00e4sti sen ehdokkaan numero, jota \u00e4\u00e4nest\u00e4t.<\/p>\n<p>Palaa sitten \u00e4\u00e4nestyslipun kanssa vaalivirkailijan luo. \u00c4l\u00e4 n\u00e4yt\u00e4 kenellek\u00e4\u00e4n, mink\u00e4 numeron kirjoitit \u00e4\u00e4nestyslippuun.<\/p>\n<p><strong>Katso video N\u00e4in \u00e4\u00e4nest\u00e4t ennakkoon:<\/strong><\/p>\n<p><iframe loading=\"lazy\" title=\"Selkokieli: N\u00e4in \u00e4\u00e4nest\u00e4t vaaleissa ennakkoon\" width=\"500\" height=\"281\" src=\"https:\/\/www.youtube.com\/embed\/aKIBp9QYpIY?wmode=transparent&amp;rel=0&amp;feature=oembed\" frameborder=\"0\" allow=\"accelerometer; autoplay; clipboard-write; encrypted-media; gyroscope; picture-in-picture; web-share\" referrerpolicy=\"strict-origin-when-cross-origin\" allowfullscreen><\/iframe><\/p>\n<p><strong>Katso video N\u00e4in \u00e4\u00e4nest\u00e4t vaalip\u00e4iv\u00e4n\u00e4:<\/strong><\/p>\n<p><iframe loading=\"lazy\" title=\"Selkokieli: N\u00e4in \u00e4\u00e4nest\u00e4t vaaleissa vaalip\u00e4iv\u00e4n\u00e4\" width=\"500\" height=\"281\" src=\"https:\/\/www.youtube.com\/embed\/alfATrYwPLA?wmode=transparent&amp;rel=0&amp;feature=oembed\" frameborder=\"0\" allow=\"accelerometer; autoplay; clipboard-write; encrypted-media; gyroscope; picture-in-picture; web-share\" referrerpolicy=\"strict-origin-when-cross-origin\" allowfullscreen><\/iframe><\/p>\n<p><strong>L\u00e4hde:<\/strong> Tasavallan presidentin vaali 2024 -selkoesite<br \/>\n<strong>Kuva:<\/strong> Istock<\/p>\n","protected":false},"excerpt":{"rendered":"<p>Suomen kansalaiset valitsevat tasavallan presidentin vaaleissa kuuden vuoden v\u00e4lein. Seuraavat presidentinvaalit ovat vuonna 2030. Presidentin teht\u00e4v\u00e4t Presidentti johtaa Suomen ulkopolitiikkaa [&hellip;]<\/p>\n","protected":false},"author":1,"featured_media":14945,"parent":67,"menu_order":305,"comment_status":"closed","ping_status":"closed","template":"","meta":{"_acf_changed":false,"footnotes":""},"class_list":["post-75","page","type-page","status-publish","has-post-thumbnail","hentry"],"acf":[],"_links":{"self":[{"href":"https:\/\/verneri.net\/selko\/wp-json\/wp\/v2\/pages\/75","targetHints":{"allow":["GET"]}}],"collection":[{"href":"https:\/\/verneri.net\/selko\/wp-json\/wp\/v2\/pages"}],"about":[{"href":"https:\/\/verneri.net\/selko\/wp-json\/wp\/v2\/types\/page"}],"author":[{"embeddable":true,"href":"https:\/\/verneri.net\/selko\/wp-json\/wp\/v2\/users\/1"}],"replies":[{"embeddable":true,"href":"https:\/\/verneri.net\/selko\/wp-json\/wp\/v2\/comments?post=75"}],"version-history":[{"count":0,"href":"https:\/\/verneri.net\/selko\/wp-json\/wp\/v2\/pages\/75\/revisions"}],"up":[{"embeddable":true,"href":"https:\/\/verneri.net\/selko\/wp-json\/wp\/v2\/pages\/67"}],"wp:featuredmedia":[{"embeddable":true,"href":"https:\/\/verneri.net\/selko\/wp-json\/wp\/v2\/media\/14945"}],"wp:attachment":[{"href":"https:\/\/verneri.net\/selko\/wp-json\/wp\/v2\/media?parent=75"}],"curies":[{"name":"wp","href":"https:\/\/api.w.org\/{rel}","templated":true}]}}