{"id":77,"date":"2024-12-02T09:24:31","date_gmt":"2024-12-02T07:24:31","guid":{"rendered":"http:\/\/localhost\/verneri\/selko-dev\/hyvinvointi\/ihmissuhteet\/hyva-parisuhde\/"},"modified":"2026-02-03T09:49:59","modified_gmt":"2026-02-03T07:49:59","slug":"toimiva-parisuhde","status":"publish","type":"page","link":"https:\/\/verneri.net\/selko\/hyvinvointi\/ihmissuhteet\/toimiva-parisuhde\/","title":{"rendered":"Toimiva parisuhde"},"content":{"rendered":"<p>T\u00e4ll\u00e4 sivulla on tietoa parisuhteesta ja vinkkej\u00e4 tutustumiseen sek\u00e4 seurusteluun.<\/p>\n<h2>Kaipaatko kumppania?<\/h2>\n<p>Seurustelukumppanit viett\u00e4v\u00e4t yleens\u00e4 aikaa yhdess\u00e4.<\/p>\n<p>Kumppanin kanssa voi k\u00e4yd\u00e4 esimerkiksi ravintolassa, kuunnella musiikkia ja olla l\u00e4hekk\u00e4in. Kumppanin kanssa voi my\u00f6s jutella ja jakaa t\u00e4rkeit\u00e4 asioita.<\/p>\n<p>Jos etsit seurustelukumppania, pohdi seuraavia asioita:<\/p>\n<ul>\n<li>Millaista kumppania etsit?<\/li>\n<li>Mit\u00e4 haluaisit tehd\u00e4 kumppanin kanssa?<\/li>\n<li>Kuinka usein haluaisit tavata?<\/li>\n<\/ul>\n<h2>Tutustuminen vaatii rohkeutta<\/h2>\n<p>Seurustelukumppanin voi l\u00f6yt\u00e4\u00e4 monista eri paikoista. Usein ihmisiin tutustuu paikoissa, joissa viett\u00e4\u00e4 itse paljon aikaa.<\/p>\n<p>Voit tutustua ihmisiin esimerkiksi<\/p>\n<ul>\n<li>harrastuksissa<\/li>\n<li>tapahtumissa<\/li>\n<li>opiskelupaikassa<\/li>\n<li>j\u00e4rjest\u00f6iss\u00e4<\/li>\n<li>ty\u00f6paikalla<\/li>\n<li>ravintolassa ja kahvilassa<\/li>\n<li>netiss\u00e4.<\/li>\n<\/ul>\n<p>Tutustuminen vaatii usein rohkeutta menn\u00e4 juttelemaan. Jos tutustuminen j\u00e4nnitt\u00e4\u00e4 sinua, ota mukaan vaikka kaveri tai tukihenkil\u00f6.<\/p>\n<p>Pohdi, miss\u00e4 voit tavata ihmisi\u00e4:<\/p>\n<ul>\n<li>Millaisissa paikoissa tykk\u00e4\u00e4t k\u00e4yd\u00e4?<\/li>\n<li>Mit\u00e4 haluat tehd\u00e4 vapaa-ajalla?<\/li>\n<li>Millaiseen toimintaan tai tapahtumiin haluat osallistua?<\/li>\n<\/ul>\n<h2>N\u00e4in tutustut netiss\u00e4<\/h2>\n<p>Nykyisin moni l\u00f6yt\u00e4\u00e4 seurustelukumppanin netist\u00e4.<\/p>\n<p>Vernerin kirjepalstalta voit l\u00f6yt\u00e4\u00e4 kaverin kirjoittelemaan, soittelemaan tai tapailemaan.<\/p>\n<p>Tinderiss\u00e4 voit etsi\u00e4 seuraa treffeille. Tinderiin kannattaa pyyt\u00e4\u00e4 apua luotettavalta ihmiselt\u00e4.<\/p>\n<h2>Muista turvallisuus<\/h2>\n<p>Jos etsit seurustelukumppania netiss\u00e4, muista turvallisuus.<\/p>\n<p>Netiss\u00e4 kohtaamasi ihminen ei v\u00e4ltt\u00e4m\u00e4tt\u00e4 ole se, joka v\u00e4itt\u00e4\u00e4 olevansa. Netiss\u00e4 on helppo valehdella esimerkiksi nimi, ik\u00e4 ja sukupuoli. My\u00f6s valokuva voi olla v\u00e4\u00e4r\u00e4.<\/p>\n<p>\u00c4l\u00e4 ikin\u00e4 l\u00e4het\u00e4 henkil\u00f6tietoja tai rahaa nettitutulle. Jos nettituttu pyyt\u00e4\u00e4 sinulta henkil\u00f6tietoja tai rahaa, kerro asiasta luotettavalle ihmiselle.<\/p>\n<p>Jos p\u00e4\u00e4t\u00e4t tavata nettitutun, tutustukaa ensin kirjoittelemalla ja soittelemalla.<\/p>\n<p>Ennen tapaamista voitte my\u00f6s mietti\u00e4, onko teill\u00e4 yhteisi\u00e4 tuttuja. Yhteiset tutut ovat hyv\u00e4 tapa varmistaa toisen henkil\u00f6llisyys.<\/p>\n<p>Jos p\u00e4\u00e4t\u00e4t tavata nettitutun:<\/p>\n<ul>\n<li>Kerro tapaamisesta etuk\u00e4teen luotettavalle ihmisille.<\/li>\n<li>Sovi tapaaminen julkiselle paikalle, kuten kahvilaan.<\/li>\n<li>Ota ensimm\u00e4iseen tapaamiseen mukaan luotettava henkil\u00f6.<\/li>\n<li>Poistu paikalta heti, jos tapaamasi henkil\u00f6 tai tilanne ep\u00e4ilytt\u00e4\u00e4 sinua.<\/li>\n<li>Jos uusi nettituttu ehdottaa tapaamista salaisesti, \u00e4l\u00e4 suostu.<\/li>\n<\/ul>\n<h2>Ihmisiin tutustuu juttelemalla<\/h2>\n<p>Kun tapaat kiinnostavan ihmisen, voitte tutustua toisiinne juttelemalla.<\/p>\n<p>Voit aloittaa juttelun jostain yleisest\u00e4 aiheesta, kuten s\u00e4\u00e4st\u00e4 tai paikasta, jossa olette. Voit my\u00f6s sanoa jotain yst\u00e4v\u00e4llist\u00e4 tai kohteliasta.<\/p>\n<p>Jos viihdyt uuden tutun kanssa ja haluat tutustua h\u00e4neen paremmin, voit ehdottaa h\u00e4nelle uutta tapaamista. Ehdota tapaamista paikkaan, jossa sinun on mukava olla.<\/p>\n<p>Kun tapaatte uudestaan, voitte jutella lis\u00e4\u00e4 ja tutustua toisiinne paremmin.<\/p>\n<p>Voitte jutella vaikkapa siit\u00e4,<\/p>\n<ul>\n<li>millaiset asiat teit\u00e4 kiinnostavat<\/li>\n<li>mit\u00e4 tykk\u00e4\u00e4tte tehd\u00e4<\/li>\n<li>mik\u00e4 teill\u00e4 on el\u00e4m\u00e4ss\u00e4 t\u00e4rke\u00e4\u00e4<\/li>\n<li>millaisista asioista unelmoitte.<\/li>\n<\/ul>\n<p>Jos viihdytte hyvin toistenne seurassa, voit ehdottaa seurustelua.<\/p>\n<h2>Sopikaa s\u00e4\u00e4nn\u00f6ist\u00e4<\/h2>\n<p>Ihmiset kaipaavat seurustelulta eri asioista.<\/p>\n<p>Jos aloitat seurustelun, juttele kumppanisi kanssa siit\u00e4, mit\u00e4 toivotte seurustelulta. Voitte my\u00f6s sopia yhdess\u00e4 seurustelun s\u00e4\u00e4nn\u00f6ist\u00e4.<\/p>\n<p>Voitte sopia esimerkiksi<\/p>\n<ul>\n<li>kuinka usein tapaatte<\/li>\n<li>mit\u00e4 teette yhdess\u00e4<\/li>\n<li>mit\u00e4 suhteessa ei saa tehd\u00e4.<\/li>\n<\/ul>\n<p>Seurustellessa on t\u00e4rke\u00e4 kunnioittaa kumppania. Toista ihmist\u00e4 ei voi m\u00e4\u00e4r\u00e4ill\u00e4 tai omistaa. Toiselle pit\u00e4\u00e4 antaa my\u00f6s tilaa tehd\u00e4 omia asioita ja tavata muita ihmisi\u00e4.<\/p>\n<h2>Seurusteluun liittyy usein l\u00e4heisyys<\/h2>\n<p>Seurusteluun liittyy usein hellyys ja l\u00e4heisyys. Toisiinsa ihastuneet ihmiset voivat suukotella ja pit\u00e4\u00e4 toisiaan k\u00e4dest\u00e4 kiinni.<\/p>\n<p>Kumppanin kanssa kannattaa jutella siit\u00e4, harrastetaanko yhdess\u00e4 seksi\u00e4 vai ei.<\/p>\n<p>Seksi voi olla monenlaisia asioita. Se voi olla suutelua, koskettelua ja hyv\u00e4ily\u00e4. Seksi voi olla my\u00f6s yhdynt\u00e4\u00e4 ja rakastelua.<\/p>\n<p>Jokainen kokee seksin omalla tavallaan. T\u00e4rkeint\u00e4 on, ett\u00e4 kumppanit kuuntelevat omia ja toisen tunteita. Seksiss\u00e4 ei saa tehd\u00e4 mit\u00e4\u00e4n sellaista, mit\u00e4 toinen ei halua.<\/p>\n<p>Seurusteluun ei tarvitse kuulua seksi\u00e4, eik\u00e4 kumppania saa painostaa seksiin.<\/p>\n<h2>Ratkaise riidat puhumalla<\/h2>\n<p>Riidat kuuluvat l\u00e4heisiin ihmissuhteisiin, kuten seurusteluun.<\/p>\n<p>Riitely her\u00e4tt\u00e4\u00e4 monenlaisia tunteita, kuten vihaa, surua ja pelkoa. Kaikille tunteilla kannattaa antaa aikaa, ne menev\u00e4t aina ohi.<\/p>\n<p>Riitely ei ole v\u00e4\u00e4rin, mutta on t\u00e4rke\u00e4\u00e4 riidell\u00e4 reilusti. Riidat ratkaistaan puhumalla ja kuuntelemalla.<\/p>\n<p>Jos riitely on jatkuvaa, kannattaa pyyt\u00e4\u00e4 apua luotettavalta ihmiselt\u00e4. T\u00e4llainen voi olla esimerkiksi ohjaaja, tukihenkil\u00f6 tai perheenj\u00e4sen.<\/p>\n<h3>Esimerkki riidasta<\/h3>\n<p>Matti ja Minna seurustelevat. Matti haluaa olla Minnan kanssa joka p\u00e4iv\u00e4. Minna haluaa tavata Mattia vain kerran viikossa. Matti ja Minna riitelev\u00e4t siit\u00e4, kuinka paljon he viett\u00e4v\u00e4t aikaa yhdess\u00e4.<\/p>\n<p>Jotta Matin ja Minnan parisuhde voi jatkua, heid\u00e4n pit\u00e4\u00e4 etsi\u00e4 tilanteeseen yhteinen ratkaisu.<\/p>\n<p><strong>Pohdi ja keskustele:<\/strong> Miten Matti ja Minna voivat ratkaista riidan?<\/p>\n<h2>Seurustelun taitoja voi oppia<\/h2>\n<p>Seurustelu ei ole aina helppoa. Onneksi seurustelun taitoja voi oppia.<\/p>\n<p>N\u00e4in olet hyv\u00e4 kumppani:<\/p>\n<ul>\n<li>Hyv\u00e4ksy kumppanisi sellaisena kuin h\u00e4n on.<\/li>\n<li>Ole rehellinen ja luotettava.<\/li>\n<li>Noudata yhdess\u00e4 sovittuja s\u00e4\u00e4nt\u00f6j\u00e4.<\/li>\n<li>Anna kumppanille omaa tilaa ja aikaa.<\/li>\n<li>Kuuntele kumppaniasi.<\/li>\n<li>Kerro omista tunteistasi.<\/li>\n<li>Anna kumppanille huomiota.<\/li>\n<li>Ratkaise riidat puhumalla.<\/li>\n<li>Pyyd\u00e4 ja anna anteeksi.<\/li>\n<\/ul>\n<h2>Seurustelu voi p\u00e4\u00e4tty\u00e4<\/h2>\n<p>Seurustelu voi p\u00e4\u00e4tty\u00e4, jos se ei tunnu en\u00e4\u00e4 hyv\u00e4lt\u00e4. Kenenk\u00e4\u00e4n ei tarvitse seurustella, jos ei halua.<\/p>\n<p>Jos haluat lopettaa seurustelun, kerro se toiselle kohteliaasti kahden kesken.<\/p>\n<p>Seurustelun p\u00e4\u00e4ttyminen voi her\u00e4tt\u00e4\u00e4 monenlaisia tunteita, kuten surua, helpotusta, suuttumusta ja h\u00e4pe\u00e4\u00e4.<\/p>\n<p>Kaikki tunteet ovat sallittuja ja niille kannattaa antaa aikaa. Kaikki tunteet menev\u00e4t lopulta ohi.<\/p>\n<p>Molemmat voivat l\u00f6yt\u00e4\u00e4 aikanaan uuden seurustelukumppanin.<\/p>\n<h2>Kumppaniin sitoutuminen<\/h2>\n<p>Seurustelevat ihmiset voivat sitoutua toisiinsa. Sitoutuminen tarkoittaa sit\u00e4, ett\u00e4 lupaa olla toisen kanssa.<\/p>\n<p>Seurustelukumppanit voivat esimerkiksi muuttaa asumaan yhteiseen kotiin. Kun pari asuu yhdess\u00e4, puhutaan avoliitosta.<\/p>\n<p>Jotkut haluavat menn\u00e4 my\u00f6s kihloihin ja hankkia sormukset merkiksi kihlauksesta. Kihlaus on lupaus naimisiinmenosta.<\/p>\n<p>Naimisiinmeno tarkoittaa avioliittoa. Kun ihmiset menev\u00e4t naimisiin, he lupaavat pit\u00e4\u00e4 toisistaan huolta ja rakastaa toisiaan.<\/p>\n<p>Jotkut avioparit hankkivat lapsia. Kaikki parit eiv\u00e4t halua tai saa lapsia.<\/p>\n<p><em>Kysytt\u00e4v\u00e4\u00e4 seurustelusta tai parisuhteesta?<\/em><\/p>\n<p><a href=\"https:\/\/verneri.net\/selko\/verkko-kerttu\/kysy-kertulta\/\">Kysy Kertulta<\/a><\/p>\n<p><strong>Teksti:<\/strong> Jenni Sipil\u00e4, 2023<br \/>\n<strong>Kuvat:<\/strong> Istock<\/p>\n<p><strong>Lue my\u00f6s:<\/strong><\/p>\n<ul>\n<li><a href=\"https:\/\/verneri.net\/selko\/hyvinvointi\/terveys-ja-liikunta\/hyvalla-mielella\/yhdessa-muiden-kanssa\/\">Yhdess\u00e4 muiden kanssa<\/a><\/li>\n<li><a href=\"https:\/\/verneri.net\/selko\/hyvinvointi\/ihmissuhteet\/vinkit-tutustumiseen\/\">Vinkit tutustumiseen<\/a><\/li>\n<li><a href=\"https:\/\/verneri.net\/selko\/hyvinvointi\/ihmissuhteet\/ratkaise-riidat\/\">Ratkaise riidat<\/a><\/li>\n<li><a href=\"https:\/\/verneri.net\/selko\/hyvinvointi\/digipalvelut\/turvallisesti-netissa\/\">Turvallisesti netiss\u00e4<\/a><\/li>\n<li><a href=\"https:\/\/www.tukiliitto.fi\/wp-content\/uploads\/2023\/01\/563ab97d-parisuhde.pdf\" target=\"_blank\" rel=\"noopener\">Selko-opas parisuhteesta<\/a> (tukiliitto.fi)<\/li>\n<\/ul>\n","protected":false},"excerpt":{"rendered":"<p>T\u00e4ll\u00e4 sivulla on tietoa parisuhteesta ja vinkkej\u00e4 tutustumiseen sek\u00e4 seurusteluun. Kaipaatko kumppania? Seurustelukumppanit viett\u00e4v\u00e4t yleens\u00e4 aikaa yhdess\u00e4. Kumppanin kanssa voi [&hellip;]<\/p>\n","protected":false},"author":1,"featured_media":16990,"parent":17,"menu_order":78,"comment_status":"closed","ping_status":"closed","template":"","meta":{"_acf_changed":false,"footnotes":""},"class_list":["post-77","page","type-page","status-publish","has-post-thumbnail","hentry"],"acf":[],"_links":{"self":[{"href":"https:\/\/verneri.net\/selko\/wp-json\/wp\/v2\/pages\/77","targetHints":{"allow":["GET"]}}],"collection":[{"href":"https:\/\/verneri.net\/selko\/wp-json\/wp\/v2\/pages"}],"about":[{"href":"https:\/\/verneri.net\/selko\/wp-json\/wp\/v2\/types\/page"}],"author":[{"embeddable":true,"href":"https:\/\/verneri.net\/selko\/wp-json\/wp\/v2\/users\/1"}],"replies":[{"embeddable":true,"href":"https:\/\/verneri.net\/selko\/wp-json\/wp\/v2\/comments?post=77"}],"version-history":[{"count":0,"href":"https:\/\/verneri.net\/selko\/wp-json\/wp\/v2\/pages\/77\/revisions"}],"up":[{"embeddable":true,"href":"https:\/\/verneri.net\/selko\/wp-json\/wp\/v2\/pages\/17"}],"wp:featuredmedia":[{"embeddable":true,"href":"https:\/\/verneri.net\/selko\/wp-json\/wp\/v2\/media\/16990"}],"wp:attachment":[{"href":"https:\/\/verneri.net\/selko\/wp-json\/wp\/v2\/media?parent=77"}],"curies":[{"name":"wp","href":"https:\/\/api.w.org\/{rel}","templated":true}]}}