{"id":82,"date":"2014-10-23T12:05:16","date_gmt":"2014-10-23T09:05:16","guid":{"rendered":"http:\/\/localhost\/verneri\/selko-dev\/hyvinvointi\/ihmissuhteet\/vauvahaaveita\/"},"modified":"2025-05-21T14:45:44","modified_gmt":"2025-05-21T11:45:44","slug":"vauvahaaveita","status":"publish","type":"page","link":"https:\/\/verneri.net\/selko\/hyvinvointi\/ihmissuhteet\/vauvahaaveita\/","title":{"rendered":"Vauvahaaveita"},"content":{"rendered":"<p>Haaveiletko omasta vauvasta?<\/p>\n<p>Vauva tuo mukanaan paljon iloa, mutta\u00a0vanhemmuus on my\u00f6s vaativaa.\u00a0Vauva tarvitsee paljon hoivaa\u00a0ja huolenpitoa, jotta h\u00e4n kehittyy ja voi hyvin.<\/p>\n<p>Omista vauvahaaveista kannattaa jutella<\/p>\n<ul>\n<li>kumppanin kanssa<\/li>\n<li>l\u00e4heisten ihmisten kanssa<\/li>\n<li>l\u00e4\u00e4k\u00e4rin kanssa<\/li>\n<li>perhesuunnitteluneuvolassa.<\/li>\n<\/ul>\n<h2>Vauva tarvitsee huolenpitoa koko ajan<\/h2>\n<p>Vauva tarvitsee paljon hoivaa\u00a0ja huolenpitoa, jotta h\u00e4n voi hyvin.\u00a0Vauva tarvitsee huolenpitoa koko ajan.<\/p>\n<p>Vauva tarvitsee esimerkiksi ruokaa ja puhtaan vaipan monta kertaa p\u00e4iv\u00e4ss\u00e4.<\/p>\n<p>Vauva tarvitsee my\u00f6s paljon hellyytt\u00e4 ja huomiota. Vauva haluaa seurustella ja leikki\u00e4.<\/p>\n<p>Kun vauva itkee, h\u00e4nt\u00e4 pit\u00e4\u00e4 lohduttaa. Jotkut vauvat itkev\u00e4t paljon my\u00f6s y\u00f6ll\u00e4.<\/p>\n<p>Vauva tuo siis mukanaan paljon iloa, mutta vauvan hoitaminen on my\u00f6s raskasta.<\/p>\n<h2>Vauva on pieni vain v\u00e4h\u00e4n aikaa<\/h2>\n<p>Vauva kasvaa ja kehittyy nopeasti. Vauvasta tulee pian leikki-ik\u00e4inen lapsi ja sitten koululainen. Koululaisesta tulee murrosik\u00e4inen ja lopulta nuori aikuinen.<\/p>\n<p>Lapsi tarvitsee vanhemman hoivaa ja huolenpitoa aikuiseksi asti.<\/p>\n<p>Koululainen tarvitsee vanhemmiltaan apua esimerkiksi l\u00e4ksyjen tekemisess\u00e4. Murrosik\u00e4inen tarvitsee tukea itsen\u00e4istymiseen ja ihmissuhteisiin.<\/p>\n<h2>Vauvahaaveet koskevat my\u00f6s kumppania<\/h2>\n<p>Vauvahaaveista kannattaa jutella mahdollisen kumppanin kanssa. Vaikka h\u00e4n ei haaveilisikaan vauvasta, asia koskee my\u00f6s h\u00e4nt\u00e4.<\/p>\n<p>Pariskunnan pit\u00e4\u00e4 pohtia ja p\u00e4\u00e4tt\u00e4\u00e4 yhdess\u00e4, haluavatko he vauvan.<\/p>\n<h2>Jokainen vanhempi tarvitsee apua<\/h2>\n<p>Jokainen vanhempi tarvitsee apua lapsesta huolehtimiseen.<\/p>\n<p>Monet vanhemmat saavat lapsen hoitamiseen apua omilta vanhemmiltaan ja muilta l\u00e4heisilt\u00e4 ihmisilt\u00e4. Vauvahaaveista kannattaa siis jutella my\u00f6s heid\u00e4n kanssa.<\/p>\n<h2>Vauvahaaveista kannattaa jutella l\u00e4\u00e4k\u00e4rin kanssa<\/h2>\n<p>Jotkut vammat ja sairaudet voivat periyty\u00e4 vauvalle. Jos is\u00e4ll\u00e4 tai \u00e4idill\u00e4 on jokin periytyv\u00e4 vamma tai sairaus, my\u00f6s vauva voi saada sen.<\/p>\n<p>Jotkut l\u00e4\u00e4kkeet voivat vaikuttaa vauvaan jo kohdussa.<\/p>\n<p>T\u00e4m\u00e4n takia vauvahaaveista kannattaa jutella my\u00f6s l\u00e4\u00e4k\u00e4rin kanssa.<\/p>\n<h2>Vauvahaaveista voi puhua perhesuunnitteluneuvolassa<\/h2>\n<p>Perhesuunnitteluneuvolassa voi pohtia yhdess\u00e4 esimerkiksi terveydenhoitajan kanssa, miten vauva sopisi\u00a0omaan el\u00e4m\u00e4\u00e4n.<\/p>\n<p>Perhesuunnittelu on luottamuksellista, eik\u00e4 se maksa mit\u00e4\u00e4n.<\/p>\n<p>Perhesuunnitteluneuvolaan voi varata ajan omasta terveyskeskuksesta.<\/p>\n<p><em>Teksti perustuu Kehitysvammaisten Tukiliiton Vauvahaaveita-oppaaseen. Oppaan ovat kirjoittaneet Mia Suomalainen ja Tuula Puranen.<\/em><\/p>\n<p><a title=\"Vauvahaaveita\" href=\"https:\/\/www.tukiliitto.fi\/wp-content\/uploads\/2017\/10\/vauvahaaveita.pdf\" target=\"_blank\" rel=\"noopener noreferrer\">Lataa Vauvahaaveita-opas<\/a>\u00a0(pdf)<\/p>\n<p><strong>Kuva:<\/strong> Istock<\/p>\n","protected":false},"excerpt":{"rendered":"<p>Haaveiletko omasta vauvasta? Vauva tuo mukanaan paljon iloa, mutta\u00a0vanhemmuus on my\u00f6s vaativaa.\u00a0Vauva tarvitsee paljon hoivaa\u00a0ja huolenpitoa, jotta h\u00e4n kehittyy ja [&hellip;]<\/p>\n","protected":false},"author":1,"featured_media":14873,"parent":17,"menu_order":91,"comment_status":"open","ping_status":"closed","template":"","meta":{"_acf_changed":false,"footnotes":""},"class_list":["post-82","page","type-page","status-publish","has-post-thumbnail","hentry"],"acf":[],"_links":{"self":[{"href":"https:\/\/verneri.net\/selko\/wp-json\/wp\/v2\/pages\/82","targetHints":{"allow":["GET"]}}],"collection":[{"href":"https:\/\/verneri.net\/selko\/wp-json\/wp\/v2\/pages"}],"about":[{"href":"https:\/\/verneri.net\/selko\/wp-json\/wp\/v2\/types\/page"}],"author":[{"embeddable":true,"href":"https:\/\/verneri.net\/selko\/wp-json\/wp\/v2\/users\/1"}],"replies":[{"embeddable":true,"href":"https:\/\/verneri.net\/selko\/wp-json\/wp\/v2\/comments?post=82"}],"version-history":[{"count":0,"href":"https:\/\/verneri.net\/selko\/wp-json\/wp\/v2\/pages\/82\/revisions"}],"up":[{"embeddable":true,"href":"https:\/\/verneri.net\/selko\/wp-json\/wp\/v2\/pages\/17"}],"wp:featuredmedia":[{"embeddable":true,"href":"https:\/\/verneri.net\/selko\/wp-json\/wp\/v2\/media\/14873"}],"wp:attachment":[{"href":"https:\/\/verneri.net\/selko\/wp-json\/wp\/v2\/media?parent=82"}],"curies":[{"name":"wp","href":"https:\/\/api.w.org\/{rel}","templated":true}]}}