{"id":84,"date":"2023-09-11T08:34:26","date_gmt":"2023-09-11T05:34:26","guid":{"rendered":"http:\/\/localhost\/verneri\/selko-dev\/hyvinvointi\/ihmissuhteet\/sukupuolia-on-monia\/"},"modified":"2025-12-15T13:00:54","modified_gmt":"2025-12-15T11:00:54","slug":"sukupuolia-on-monia","status":"publish","type":"page","link":"https:\/\/verneri.net\/selko\/hyvinvointi\/seksuaalisuus\/sukupuolia-on-monia\/","title":{"rendered":"Sukupuolia on monia"},"content":{"rendered":"<p>Yleens\u00e4 olemme selke\u00e4sti joko miehi\u00e4 tai naisia. N\u00e4in ei kuitenkaan ole aina.<\/p>\n<p>Sukupuolten moninaisuus tarkoittaa sit\u00e4, ett\u00e4 on olemassa muitakin sukupuolia kuin nainen ja mies.<\/p>\n<h2>Sukupuolta voi ilmaista monin tavoin<\/h2>\n<p>Sukupuolen moninaisuus tarkoittaa my\u00f6s sit\u00e4, ett\u00e4 ihminen voi ilmaista omaa sukupuoltaan monella tavalla.<\/p>\n<p>Omaa sukupuolta voi ilmaista esimerkiksi pukeutumalla tietyll\u00e4 tavalla.<\/p>\n<p>Sukupuolen ilmaisu voi tarkoittaa my\u00f6s<\/p>\n<ul>\n<li>hiustyyli\u00e4<\/li>\n<li>meikki\u00e4<\/li>\n<li>karvoitusta<\/li>\n<li>k\u00e4ytt\u00e4ytymist\u00e4.<\/li>\n<\/ul>\n<p>Ei ole vain yht\u00e4 tapaa olla nainen tai mies tai jotain muuta sukupuolta.<\/p>\n<h2>Sukupuoli m\u00e4\u00e4ritell\u00e4\u00e4n syntyess\u00e4<\/h2>\n<p>Kun ihminen syntyy, h\u00e4net m\u00e4\u00e4ritell\u00e4\u00e4n yleens\u00e4 tyt\u00f6ksi tai pojaksi sen perusteella, millaiset sukuelimet h\u00e4nell\u00e4 on.<\/p>\n<p>Kaikkia ihmisi\u00e4 ei voi m\u00e4\u00e4ritt\u00e4\u00e4 tyt\u00f6ksi tai pojaksi. Osa ihmisist\u00e4 saa syntym\u00e4ss\u00e4 sukuelimet, jotka ovat yhdistelm\u00e4 tyt\u00f6n ja pojan sukuelimi\u00e4. Heist\u00e4 k\u00e4ytet\u00e4\u00e4n sanaa intersukupuolinen.<\/p>\n<p>Jotkut ihmiset ovat intersukupuolisia ilman, ett\u00e4 he tiet\u00e4v\u00e4t sit\u00e4 itse. On my\u00f6s mahdollista, ett\u00e4 intersukupuolisuus selvi\u00e4\u00e4 vasta my\u00f6hemmin murrosi\u00e4ss\u00e4.<\/p>\n<h2>Kromosomit m\u00e4\u00e4r\u00e4\u00e4v\u00e4t sukupuolen<\/h2>\n<p>Ihmisen sukupuolen m\u00e4\u00e4r\u00e4\u00e4v\u00e4t sukupuolikromosomit. Sukupuolikromosomeja on kahdenlaisia. Niit\u00e4 merkit\u00e4\u00e4n kirjaimilla X ja Y.<\/p>\n<p>Jos lapsi saa kromosomit XX, h\u00e4nest\u00e4 tulee tytt\u00f6.<\/p>\n<p>Jos lapsi saa kromosomit XY, h\u00e4nest\u00e4 tulee poika.<\/p>\n<p>Joillain naisilla voi kuitenkin olla kromosomit XY. Ja joillain miehill\u00e4 voi olla kromosomit XX.<\/p>\n<p>Joillain ihmisill\u00e4 voi olla jotkut muut kromosomit. He ovat intersukupuolisia.<\/p>\n<p>Kromosomit eiv\u00e4t voi vaihtua, vaan ne pysyv\u00e4t samoina koko el\u00e4m\u00e4n.<\/p>\n<p>Useimmat ihmiset eiv\u00e4t tied\u00e4, mitk\u00e4 kromosomit heill\u00e4 on.<\/p>\n<h2>Sukupuolen voi kokea eri tavoin<\/h2>\n<p>Sukupuoli-identiteetti tarkoittaa sit\u00e4, miten ihminen kokee oman sukupuolensa.<\/p>\n<p>Suurin osa ihmisist\u00e4 kokee, ett\u00e4 he ovat sit\u00e4 sukupuolta, joksi heid\u00e4t on m\u00e4\u00e4ritelty. Mies kokee, ett\u00e4 h\u00e4n on mies. Ja nainen kokee, ett\u00e4 h\u00e4n nainen.<\/p>\n<p>Sukupuolen voi kuitenkin kokea my\u00f6s muulla tavalla.<\/p>\n<p>Vaikka henkil\u00f6ll\u00e4 on miehen sukuelimet, h\u00e4n voi kokea, ett\u00e4 h\u00e4n on nainen.<\/p>\n<p>Vaikka henkil\u00f6ll\u00e4 on naisen sukuelimet, h\u00e4n voi kokea, ett\u00e4 h\u00e4n on mies.<\/p>\n<p>Ihminen voi my\u00f6s kokea, ett\u00e4 h\u00e4n on nainen ja mies tai ettei h\u00e4n ole selke\u00e4sti kumpikaan. Silloin ihminen on transsukupuolinen tai transihminen.<\/p>\n<p>Jos ihminen kokee, ett\u00e4 h\u00e4n on jotain muuta kuin nainen tai mies, h\u00e4n voi k\u00e4ytt\u00e4\u00e4 sukupuolestaan my\u00f6s sanaa muunsukupuolinen.<\/p>\n<p>Aina sopivaa sanaa ei ole helppo l\u00f6yt\u00e4\u00e4 tai se ei ole edes tarpeen. Tunne sukupuolesta voi my\u00f6s vaihdella. Trans-sana k\u00e4y hyvin.<\/p>\n<h2>Sukupuolen voi korjata<\/h2>\n<p>Moni transihminen haluaa vaihtaa nimens\u00e4 tai muuttaa virallisen sukupuolimerkint\u00e4ns\u00e4.<\/p>\n<p>Kehoa voidaan my\u00f6s muuttaa l\u00e4\u00e4kkeiden ja leikkausten avulla niin, ett\u00e4 keho sopii ihmisen omaan kokemukseen sukupuolesta.<\/p>\n<p>Osalle riitt\u00e4\u00e4 nimen muutos tai sukupuolen ilmaisun muuttaminen. Kehoa ei ole pakko muuttaa.<\/p>\n<p>On my\u00f6s sallittua pukeutua v\u00e4lill\u00e4 mieheksi tai naiseksi, jos tahtoo.<\/p>\n<h2>Mist\u00e4 saat tukea?<\/h2>\n<p>Jos mietit omaa sukupuoltasi, juttele asiasta luotettavan tai l\u00e4heisen ihmisen kanssa.<\/p>\n<p>Jotkut ihmiset ehk\u00e4 sanovat, ett\u00e4 oma kokemuksesi tai omat tunteesi eiv\u00e4t ole totta. Syyn\u00e4 on usein se, ett\u00e4 heill\u00e4 ei ole tarpeeksi tietoa asioista.<\/p>\n<p>Voit ottaa yhteytt\u00e4 my\u00f6s Sukupuolen moninaisuuden osaamiskeskukseen tai Setaan.<\/p>\n<p><strong>Teksti:<\/strong> Nita Halonen, 2023<br \/>\n<strong>Kuva: <\/strong>Unsplash<\/p>\n<p><strong>Lis\u00e4tietoa:<\/strong><\/p>\n<ul>\n<li><a href=\"https:\/\/papunet.net\/wp-content\/uploads\/2025\/01\/Sukupuolen-ja-seksuaalisen-suuntautumisen-moninaisuus.pdf\" target=\"_blank\" rel=\"noopener\">Sukupuolen ja seksuaalisen suuntautumisen moninaisuus<\/a> (papunet.net)<\/li>\n<li><a href=\"https:\/\/sukupuolenosaamiskeskus.fi\/\" target=\"_blank\" rel=\"noopener\">Sukupuolen osaamiskeskus<\/a> (sukupuolenosaamiskeskus.fi)<\/li>\n<li><a href=\"https:\/\/seta.fi\/\" target=\"_blank\" rel=\"noopener\">Seta<\/a> (seta.fi)<\/li>\n<li><a href=\"https:\/\/www.sinuiksi.fi\/tuki\/\" target=\"_blank\" rel=\"noopener\">Setan tuki ja neuvontapalvelu<\/a> (sinuiksi.fi)<\/li>\n<\/ul>\n","protected":false},"excerpt":{"rendered":"<p>Yleens\u00e4 olemme selke\u00e4sti joko miehi\u00e4 tai naisia. N\u00e4in ei kuitenkaan ole aina. Sukupuolten moninaisuus tarkoittaa sit\u00e4, ett\u00e4 on olemassa muitakin [&hellip;]<\/p>\n","protected":false},"author":1,"featured_media":14921,"parent":18,"menu_order":76,"comment_status":"closed","ping_status":"closed","template":"","meta":{"_acf_changed":false,"footnotes":""},"class_list":["post-84","page","type-page","status-publish","has-post-thumbnail","hentry"],"acf":[],"_links":{"self":[{"href":"https:\/\/verneri.net\/selko\/wp-json\/wp\/v2\/pages\/84","targetHints":{"allow":["GET"]}}],"collection":[{"href":"https:\/\/verneri.net\/selko\/wp-json\/wp\/v2\/pages"}],"about":[{"href":"https:\/\/verneri.net\/selko\/wp-json\/wp\/v2\/types\/page"}],"author":[{"embeddable":true,"href":"https:\/\/verneri.net\/selko\/wp-json\/wp\/v2\/users\/1"}],"replies":[{"embeddable":true,"href":"https:\/\/verneri.net\/selko\/wp-json\/wp\/v2\/comments?post=84"}],"version-history":[{"count":0,"href":"https:\/\/verneri.net\/selko\/wp-json\/wp\/v2\/pages\/84\/revisions"}],"up":[{"embeddable":true,"href":"https:\/\/verneri.net\/selko\/wp-json\/wp\/v2\/pages\/18"}],"wp:featuredmedia":[{"embeddable":true,"href":"https:\/\/verneri.net\/selko\/wp-json\/wp\/v2\/media\/14921"}],"wp:attachment":[{"href":"https:\/\/verneri.net\/selko\/wp-json\/wp\/v2\/media?parent=84"}],"curies":[{"name":"wp","href":"https:\/\/api.w.org\/{rel}","templated":true}]}}